{"id":1405,"date":"2025-06-04T17:58:40","date_gmt":"2025-06-04T15:58:40","guid":{"rendered":"https:\/\/caf-rapport-activite.fr\/caf86-2024\/?post_type=temp-fort&#038;p=1405"},"modified":"2025-06-04T18:04:07","modified_gmt":"2025-06-04T16:04:07","slug":"la-caf-en-commission-territoriale-a-la-mjc-claude-nougaro","status":"publish","type":"temp-fort","link":"https:\/\/caf-rapport-activite.fr\/caf86-2024\/temp-fort\/la-caf-en-commission-territoriale-a-la-mjc-claude-nougaro\/","title":{"rendered":"La Caf au forum logement \u00e0 Loudun"},"content":{"rendered":"\n<div class=\"is-layout-flex wp-container-3 wp-block-columns\">\n<div class=\"is-layout-flow wp-block-column is-vertically-aligned-center\">\n<p>La Caf et\u00a0<a href=\"http:\/\/www.pays-loudunais.fr\/module-Contenus-viewpub-tid-3-pid-139.html\" target=\"_blank\" rel=\"noreferrer noopener\">l\u2019ensemble des partenaires logement du pays Loudunais<\/a>* ont particip\u00e9 \u00e0 la 3\u00e8me \u00e9dition du forum logement \u2018\u2019Bien sous mon toit, des cl\u00e9s pour bien se loger\u2019\u2019,\u00a0\u00e0 l\u2019espace culturel Ren\u00e9 Monory.<\/p>\n\n\n\n<p>Outre les animations (stands interactifs, mini-conf\u00e9rences, escape game) pr\u00e9vues tout au long de la journ\u00e9e, une vingtaine d\u2019exposants seront pr\u00e9sents pour r\u00e9pondre \u00e0 toutes les questions que l&rsquo;on se pose en mati\u00e8re d\u2019habitat (\u00e9conomies d\u2019\u00e9nergie, sant\u00e9 et accessibilit\u00e9, aides \u00e0 la r\u00e9novation, financement du premier&nbsp;loyer, caution, impay\u00e9s\u2026).<\/p>\n\n\n\n<p>Rapha\u00eblle, charg\u00e9e d\u2019intervention sociale, \u00e9tait sur le stand avec Katia, conseill\u00e8re de service \u00e0 l&rsquo;usager\u00a0pour pr\u00e9senter les offres de service de la Caf et r\u00e9pondre aux questions du public.\u00a0<\/p>\n\n\n\n<h5>*D\u00e9partement de la Vienne, Fonds de Solidarit\u00e9 Logement de la Vienne, communaut\u00e9 de communes du Pays Loudunais, Ccas de Loudun, Mission Locale Rurale Centre et Nord Vienne et la Maison Relais de Loudun.<\/h5>\n<\/div>\n\n\n\n<div class=\"is-layout-flow wp-block-column\"><div class=\"wp-block-image is-style-default\">\n<figure class=\"alignright size-large\"><img decoding=\"async\" loading=\"lazy\" width=\"722\" height=\"1024\" src=\"https:\/\/caf-rapport-activite.fr\/caf86-2024\/wp-content\/uploads\/sites\/25\/2025\/06\/18887577-Flyer-forum-logement_Page_2-722x1024.png\" alt=\"\" class=\"wp-image-1806\" srcset=\"https:\/\/caf-rapport-activite.fr\/caf86-2024\/wp-content\/uploads\/sites\/25\/2025\/06\/18887577-Flyer-forum-logement_Page_2-722x1024.png 722w, https:\/\/caf-rapport-activite.fr\/caf86-2024\/wp-content\/uploads\/sites\/25\/2025\/06\/18887577-Flyer-forum-logement_Page_2-211x300.png 211w, https:\/\/caf-rapport-activite.fr\/caf86-2024\/wp-content\/uploads\/sites\/25\/2025\/06\/18887577-Flyer-forum-logement_Page_2-768x1089.png 768w, https:\/\/caf-rapport-activite.fr\/caf86-2024\/wp-content\/uploads\/sites\/25\/2025\/06\/18887577-Flyer-forum-logement_Page_2-1083x1536.png 1083w, https:\/\/caf-rapport-activite.fr\/caf86-2024\/wp-content\/uploads\/sites\/25\/2025\/06\/18887577-Flyer-forum-logement_Page_2.png 1166w\" sizes=\"(max-width: 722px) 100vw, 722px\" \/><\/figure><\/div><\/div>\n<\/div>\n","protected":false},"excerpt":{"rendered":"<p>La Caf et\u00a0l\u2019ensemble des partenaires logement du pays Loudunais* ont particip\u00e9 \u00e0 la 3\u00e8me \u00e9dition du forum logement \u2018\u2019Bien sous [&hellip;]<\/p>\n","protected":false},"featured_media":1805,"parent":0,"menu_order":15,"template":"","activite":[16],"yoast_head":"<!-- This site is optimized with the Yoast SEO plugin v19.11 - https:\/\/yoast.com\/wordpress\/plugins\/seo\/ -->\n<title>La Caf au forum logement \u00e0 Loudun - Caf 86 - 2024<\/title>\n<meta name=\"robots\" content=\"index, follow, max-snippet:-1, max-image-preview:large, max-video-preview:-1\" \/>\n<link rel=\"canonical\" href=\"https:\/\/caf-rapport-activite.fr\/caf86-2024\/temp-fort\/la-caf-en-commission-territoriale-a-la-mjc-claude-nougaro\/\" \/>\n<meta property=\"og:locale\" content=\"fr_FR\" \/>\n<meta property=\"og:type\" content=\"article\" \/>\n<meta property=\"og:title\" content=\"La Caf au forum logement \u00e0 Loudun - Caf 86 - 2024\" \/>\n<meta property=\"og:description\" content=\"La Caf et\u00a0l\u2019ensemble des partenaires logement du pays Loudunais* ont particip\u00e9 \u00e0 la 3\u00e8me \u00e9dition du forum logement \u2018\u2019Bien sous [&hellip;]\" \/>\n<meta property=\"og:url\" content=\"https:\/\/caf-rapport-activite.fr\/caf86-2024\/temp-fort\/la-caf-en-commission-territoriale-a-la-mjc-claude-nougaro\/\" \/>\n<meta property=\"og:site_name\" content=\"Caf 86 - 2024\" \/>\n<meta property=\"article:modified_time\" content=\"2025-06-04T16:04:07+00:00\" \/>\n<meta property=\"og:image\" content=\"https:\/\/caf-rapport-activite.fr\/caf86-2024\/wp-content\/uploads\/sites\/25\/2024\/06\/Bien-sous-mon-toit.2024.1.jpg\" \/>\n\t<meta property=\"og:image:width\" content=\"2628\" \/>\n\t<meta property=\"og:image:height\" content=\"2084\" \/>\n\t<meta property=\"og:image:type\" content=\"image\/jpeg\" \/>\n<meta name=\"twitter:card\" content=\"summary_large_image\" \/>\n<meta name=\"twitter:label1\" content=\"Dur\u00e9e de lecture estim\u00e9e\" \/>\n\t<meta name=\"twitter:data1\" content=\"1 minute\" \/>\n<script type=\"application\/ld+json\" class=\"yoast-schema-graph\">{\"@context\":\"https:\/\/schema.org\",\"@graph\":[{\"@type\":\"WebPage\",\"@id\":\"https:\/\/caf-rapport-activite.fr\/caf86-2024\/temp-fort\/la-caf-en-commission-territoriale-a-la-mjc-claude-nougaro\/\",\"url\":\"https:\/\/caf-rapport-activite.fr\/caf86-2024\/temp-fort\/la-caf-en-commission-territoriale-a-la-mjc-claude-nougaro\/\",\"name\":\"La Caf au forum logement \u00e0 Loudun - Caf 86 - 2024\",\"isPartOf\":{\"@id\":\"https:\/\/caf-rapport-activite.fr\/caf86-2024\/#website\"},\"datePublished\":\"2025-06-04T15:58:40+00:00\",\"dateModified\":\"2025-06-04T16:04:07+00:00\",\"breadcrumb\":{\"@id\":\"https:\/\/caf-rapport-activite.fr\/caf86-2024\/temp-fort\/la-caf-en-commission-territoriale-a-la-mjc-claude-nougaro\/#breadcrumb\"},\"inLanguage\":\"fr-FR\",\"potentialAction\":[{\"@type\":\"ReadAction\",\"target\":[\"https:\/\/caf-rapport-activite.fr\/caf86-2024\/temp-fort\/la-caf-en-commission-territoriale-a-la-mjc-claude-nougaro\/\"]}]},{\"@type\":\"BreadcrumbList\",\"@id\":\"https:\/\/caf-rapport-activite.fr\/caf86-2024\/temp-fort\/la-caf-en-commission-territoriale-a-la-mjc-claude-nougaro\/#breadcrumb\",\"itemListElement\":[{\"@type\":\"ListItem\",\"position\":1,\"name\":\"Accueil\",\"item\":\"https:\/\/caf-rapport-activite.fr\/caf86-2024\/\"},{\"@type\":\"ListItem\",\"position\":2,\"name\":\"Temps forts\",\"item\":\"https:\/\/caf-rapport-activite.fr\/caf86-2024\/temp-fort\/\"},{\"@type\":\"ListItem\",\"position\":3,\"name\":\"La Caf au forum logement \u00e0 Loudun\"}]},{\"@type\":\"WebSite\",\"@id\":\"https:\/\/caf-rapport-activite.fr\/caf86-2024\/#website\",\"url\":\"https:\/\/caf-rapport-activite.fr\/caf86-2024\/\",\"name\":\"Caf 86 - 2024\",\"description\":\"\",\"potentialAction\":[{\"@type\":\"SearchAction\",\"target\":{\"@type\":\"EntryPoint\",\"urlTemplate\":\"https:\/\/caf-rapport-activite.fr\/caf86-2024\/?s={search_term_string}\"},\"query-input\":\"required name=search_term_string\"}],\"inLanguage\":\"fr-FR\"}]}<\/script>\n<!-- \/ Yoast SEO plugin. -->","yoast_head_json":{"title":"La Caf au forum logement \u00e0 Loudun - Caf 86 - 2024","robots":{"index":"index","follow":"follow","max-snippet":"max-snippet:-1","max-image-preview":"max-image-preview:large","max-video-preview":"max-video-preview:-1"},"canonical":"https:\/\/caf-rapport-activite.fr\/caf86-2024\/temp-fort\/la-caf-en-commission-territoriale-a-la-mjc-claude-nougaro\/","og_locale":"fr_FR","og_type":"article","og_title":"La Caf au forum logement \u00e0 Loudun - Caf 86 - 2024","og_description":"La Caf et\u00a0l\u2019ensemble des partenaires logement du pays Loudunais* ont particip\u00e9 \u00e0 la 3\u00e8me \u00e9dition du forum logement \u2018\u2019Bien sous [&hellip;]","og_url":"https:\/\/caf-rapport-activite.fr\/caf86-2024\/temp-fort\/la-caf-en-commission-territoriale-a-la-mjc-claude-nougaro\/","og_site_name":"Caf 86 - 2024","article_modified_time":"2025-06-04T16:04:07+00:00","og_image":[{"width":2628,"height":2084,"url":"https:\/\/caf-rapport-activite.fr\/caf86-2024\/wp-content\/uploads\/sites\/25\/2024\/06\/Bien-sous-mon-toit.2024.1.jpg","type":"image\/jpeg"}],"twitter_card":"summary_large_image","twitter_misc":{"Dur\u00e9e de lecture estim\u00e9e":"1 minute"},"schema":{"@context":"https:\/\/schema.org","@graph":[{"@type":"WebPage","@id":"https:\/\/caf-rapport-activite.fr\/caf86-2024\/temp-fort\/la-caf-en-commission-territoriale-a-la-mjc-claude-nougaro\/","url":"https:\/\/caf-rapport-activite.fr\/caf86-2024\/temp-fort\/la-caf-en-commission-territoriale-a-la-mjc-claude-nougaro\/","name":"La Caf au forum logement \u00e0 Loudun - Caf 86 - 2024","isPartOf":{"@id":"https:\/\/caf-rapport-activite.fr\/caf86-2024\/#website"},"datePublished":"2025-06-04T15:58:40+00:00","dateModified":"2025-06-04T16:04:07+00:00","breadcrumb":{"@id":"https:\/\/caf-rapport-activite.fr\/caf86-2024\/temp-fort\/la-caf-en-commission-territoriale-a-la-mjc-claude-nougaro\/#breadcrumb"},"inLanguage":"fr-FR","potentialAction":[{"@type":"ReadAction","target":["https:\/\/caf-rapport-activite.fr\/caf86-2024\/temp-fort\/la-caf-en-commission-territoriale-a-la-mjc-claude-nougaro\/"]}]},{"@type":"BreadcrumbList","@id":"https:\/\/caf-rapport-activite.fr\/caf86-2024\/temp-fort\/la-caf-en-commission-territoriale-a-la-mjc-claude-nougaro\/#breadcrumb","itemListElement":[{"@type":"ListItem","position":1,"name":"Accueil","item":"https:\/\/caf-rapport-activite.fr\/caf86-2024\/"},{"@type":"ListItem","position":2,"name":"Temps forts","item":"https:\/\/caf-rapport-activite.fr\/caf86-2024\/temp-fort\/"},{"@type":"ListItem","position":3,"name":"La Caf au forum logement \u00e0 Loudun"}]},{"@type":"WebSite","@id":"https:\/\/caf-rapport-activite.fr\/caf86-2024\/#website","url":"https:\/\/caf-rapport-activite.fr\/caf86-2024\/","name":"Caf 86 - 2024","description":"","potentialAction":[{"@type":"SearchAction","target":{"@type":"EntryPoint","urlTemplate":"https:\/\/caf-rapport-activite.fr\/caf86-2024\/?s={search_term_string}"},"query-input":"required name=search_term_string"}],"inLanguage":"fr-FR"}]}},"_links":{"self":[{"href":"https:\/\/caf-rapport-activite.fr\/caf86-2024\/wp-json\/wp\/v2\/temp-fort\/1405"}],"collection":[{"href":"https:\/\/caf-rapport-activite.fr\/caf86-2024\/wp-json\/wp\/v2\/temp-fort"}],"about":[{"href":"https:\/\/caf-rapport-activite.fr\/caf86-2024\/wp-json\/wp\/v2\/types\/temp-fort"}],"wp:featuredmedia":[{"embeddable":true,"href":"https:\/\/caf-rapport-activite.fr\/caf86-2024\/wp-json\/wp\/v2\/media\/1805"}],"wp:attachment":[{"href":"https:\/\/caf-rapport-activite.fr\/caf86-2024\/wp-json\/wp\/v2\/media?parent=1405"}],"wp:term":[{"taxonomy":"activite","embeddable":true,"href":"https:\/\/caf-rapport-activite.fr\/caf86-2024\/wp-json\/wp\/v2\/activite?post=1405"}],"curies":[{"name":"wp","href":"https:\/\/api.w.org\/{rel}","templated":true}]}}

La Caf au forum logement à Loudun

<div class="is-layout-flex wp-container-3 wp-block-columns">
<div class="is-layout-flow wp-block-column is-vertically-aligned-center">
<p>La Caf et <a href="http://www.pays-loudunais.fr/module-Contenus-viewpub-tid-3-pid-139.html" target="_blank" rel="noreferrer noopener">l’ensemble des partenaires logement du pays Loudunais</a>* ont participé à la 3ème édition du forum logement ‘’Bien sous mon toit, des clés pour bien se loger’’, à l’espace culturel René Monory.</p>



<p>Outre les animations (stands interactifs, mini-conférences, escape game) prévues tout au long de la journée, une vingtaine d’exposants seront présents pour répondre à toutes les questions que l&rsquo;on se pose en matière d’habitat (économies d’énergie, santé et accessibilité, aides à la rénovation, financement du premier&nbsp;loyer, caution, impayés…).</p>



<p>Raphaëlle, chargée d’intervention sociale, était sur le stand avec Katia, conseillère de service à l&rsquo;usager pour présenter les offres de service de la Caf et répondre aux questions du public. </p>



<h5>*Département de la Vienne, Fonds de Solidarité Logement de la Vienne, communauté de communes du Pays Loudunais, Ccas de Loudun, Mission Locale Rurale Centre et Nord Vienne et la Maison Relais de Loudun.</h5>
</div>



<div class="is-layout-flow wp-block-column"><div class="wp-block-image is-style-default">
<figure class="alignright size-large"><img decoding="async" loading="lazy" width="722" height="1024" src="https://caf-rapport-activite.fr/caf86-2024/wp-content/uploads/sites/25/2025/06/18887577-Flyer-forum-logement_Page_2-722x1024.png" alt="" class="wp-image-1806" srcset="https://caf-rapport-activite.fr/caf86-2024/wp-content/uploads/sites/25/2025/06/18887577-Flyer-forum-logement_Page_2-722x1024.png 722w, https://caf-rapport-activite.fr/caf86-2024/wp-content/uploads/sites/25/2025/06/18887577-Flyer-forum-logement_Page_2-211x300.png 211w, https://caf-rapport-activite.fr/caf86-2024/wp-content/uploads/sites/25/2025/06/18887577-Flyer-forum-logement_Page_2-768x1089.png 768w, https://caf-rapport-activite.fr/caf86-2024/wp-content/uploads/sites/25/2025/06/18887577-Flyer-forum-logement_Page_2-1083x1536.png 1083w, https://caf-rapport-activite.fr/caf86-2024/wp-content/uploads/sites/25/2025/06/18887577-Flyer-forum-logement_Page_2.png 1166w" sizes="(max-width: 722px) 100vw, 722px" /></figure></div></div>
</div>

<p>La Caf et l’ensemble des partenaires logement du pays Loudunais* ont participé à la 3ème édition du forum logement ‘’Bien sous [&hellip;]</p>

<!-- This site is optimized with the Yoast SEO plugin v19.11 - https://yoast.com/wordpress/plugins/seo/ -->
<title>La Caf au forum logement à Loudun - Caf 86 - 2024</title>
<meta name="robots" content="index, follow, max-snippet:-1, max-image-preview:large, max-video-preview:-1" />
<link rel="canonical" href="https://caf-rapport-activite.fr/caf86-2024/temp-fort/la-caf-en-commission-territoriale-a-la-mjc-claude-nougaro/" />
<meta property="og:locale" content="fr_FR" />
<meta property="og:type" content="article" />
<meta property="og:title" content="La Caf au forum logement à Loudun - Caf 86 - 2024" />
<meta property="og:description" content="La Caf et l’ensemble des partenaires logement du pays Loudunais* ont participé à la 3ème édition du forum logement ‘’Bien sous [&hellip;]" />
<meta property="og:url" content="https://caf-rapport-activite.fr/caf86-2024/temp-fort/la-caf-en-commission-territoriale-a-la-mjc-claude-nougaro/" />
<meta property="og:site_name" content="Caf 86 - 2024" />
<meta property="article:modified_time" content="2025-06-04T16:04:07+00:00" />
<meta property="og:image" content="https://caf-rapport-activite.fr/caf86-2024/wp-content/uploads/sites/25/2024/06/Bien-sous-mon-toit.2024.1.jpg" />
	<meta property="og:image:width" content="2628" />
	<meta property="og:image:height" content="2084" />
	<meta property="og:image:type" content="image/jpeg" />
<meta name="twitter:card" content="summary_large_image" />
<meta name="twitter:label1" content="Durée de lecture estimée" />
	<meta name="twitter:data1" content="1 minute" />
<script type="application/ld+json" class="yoast-schema-graph">{"@context":"https://schema.org","@graph":[{"@type":"WebPage","@id":"https://caf-rapport-activite.fr/caf86-2024/temp-fort/la-caf-en-commission-territoriale-a-la-mjc-claude-nougaro/","url":"https://caf-rapport-activite.fr/caf86-2024/temp-fort/la-caf-en-commission-territoriale-a-la-mjc-claude-nougaro/","name":"La Caf au forum logement à Loudun - Caf 86 - 2024","isPartOf":{"@id":"https://caf-rapport-activite.fr/caf86-2024/#website"},"datePublished":"2025-06-04T15:58:40+00:00","dateModified":"2025-06-04T16:04:07+00:00","breadcrumb":{"@id":"https://caf-rapport-activite.fr/caf86-2024/temp-fort/la-caf-en-commission-territoriale-a-la-mjc-claude-nougaro/#breadcrumb"},"inLanguage":"fr-FR","potentialAction":[{"@type":"ReadAction","target":["https://caf-rapport-activite.fr/caf86-2024/temp-fort/la-caf-en-commission-territoriale-a-la-mjc-claude-nougaro/"]}]},{"@type":"BreadcrumbList","@id":"https://caf-rapport-activite.fr/caf86-2024/temp-fort/la-caf-en-commission-territoriale-a-la-mjc-claude-nougaro/#breadcrumb","itemListElement":[{"@type":"ListItem","position":1,"name":"Accueil","item":"https://caf-rapport-activite.fr/caf86-2024/"},{"@type":"ListItem","position":2,"name":"Temps forts","item":"https://caf-rapport-activite.fr/caf86-2024/temp-fort/"},{"@type":"ListItem","position":3,"name":"La Caf au forum logement à Loudun"}]},{"@type":"WebSite","@id":"https://caf-rapport-activite.fr/caf86-2024/#website","url":"https://caf-rapport-activite.fr/caf86-2024/","name":"Caf 86 - 2024","description":"","potentialAction":[{"@type":"SearchAction","target":{"@type":"EntryPoint","urlTemplate":"https://caf-rapport-activite.fr/caf86-2024/?s={search_term_string}"},"query-input":"required name=search_term_string"}],"inLanguage":"fr-FR"}]}</script>
<!-- / Yoast SEO plugin. -->

La Caf au forum logement à Loudun - Caf 86 - 2024

La Caf et l’ensemble des partenaires logement du pays Loudunais* ont participé à la 3ème édition du forum logement ‘’Bien sous [&hellip;]
