{"id":88,"date":"2022-12-27T15:18:01","date_gmt":"2022-12-27T14:18:01","guid":{"rendered":"http:\/\/localhost\/caf\/?post_type=temp-fort&#038;p=88"},"modified":"2023-06-05T14:50:53","modified_gmt":"2023-06-05T12:50:53","slug":"temps-fort-6","status":"publish","type":"temp-fort","link":"https:\/\/caf-rapport-activite.fr\/caf86-2022\/temp-fort\/temps-fort-6\/","title":{"rendered":"Un nouveau conseil d&rsquo;administration"},"content":{"rendered":"\n<p>L&rsquo;installation du nouveau conseil d&rsquo;administration de la Caf pour la p\u00e9riode 2022-2025, a eu lieu le 8 mars en pr\u00e9sence de la Mnc (Mission nationale de contr\u00f4le).<\/p>\n\n\n\n<p>M. Omar Mbaye a \u00e9t\u00e9 \u00e9lu pr\u00e9sident (Cgpme-employeurs) du conseil d&rsquo;administration. Il sera entour\u00e9 d&rsquo;un 1er vice-pr\u00e9sident : M. Jacquelin Courtois (Cfdt) et de 2 vices-pr\u00e9sidentes, Mme Val\u00e9rie Philippi (Cftc) et Mme Sophie Bouilleau (Udaf).<\/p>\n\n\n\n<p>D\u00e9sign\u00e9 par arr\u00eat\u00e9 pr\u00e9fectoral pour une p\u00e9riode de 4 ans, et bas\u00e9 sur le paritarisme, le conseil d&rsquo;administration de la Caf de la Vienne comprend 24 membres titulaires regroupant 8 repr\u00e9sentants salari\u00e9s, 8 repr\u00e9sentants employeurs et travailleurs ind\u00e9pendants, 4 repr\u00e9sentants Udaf et 4 personnes d\u00e9sign\u00e9es par l&rsquo;Etat.<\/p>\n\n\n\n<p><\/p>\n","protected":false},"excerpt":{"rendered":"<p> M. Omar Mbaye a \u00e9t\u00e9 \u00e9lu pr\u00e9sident (Cgpme-employeurs) du conseil d&rsquo;administration.<\/p>\n","protected":false},"featured_media":451,"parent":0,"menu_order":5,"template":"","activite":[],"yoast_head":"<!-- This site is optimized with the Yoast SEO plugin v19.11 - https:\/\/yoast.com\/wordpress\/plugins\/seo\/ -->\n<title>Un nouveau conseil d&#039;administration - Caf86 - 2022<\/title>\n<meta name=\"robots\" content=\"index, follow, max-snippet:-1, max-image-preview:large, max-video-preview:-1\" \/>\n<link rel=\"canonical\" href=\"https:\/\/caf-rapport-activite.fr\/caf86-2022\/temp-fort\/temps-fort-6\/\" \/>\n<meta property=\"og:locale\" content=\"fr_FR\" \/>\n<meta property=\"og:type\" content=\"article\" \/>\n<meta property=\"og:title\" content=\"Un nouveau conseil d&#039;administration - Caf86 - 2022\" \/>\n<meta property=\"og:description\" content=\"M. Omar Mbaye a \u00e9t\u00e9 \u00e9lu pr\u00e9sident (Cgpme-employeurs) du conseil d&#039;administration.\" \/>\n<meta property=\"og:url\" content=\"https:\/\/caf-rapport-activite.fr\/caf86-2022\/temp-fort\/temps-fort-6\/\" \/>\n<meta property=\"og:site_name\" content=\"Caf86 - 2022\" \/>\n<meta property=\"article:modified_time\" content=\"2023-06-05T12:50:53+00:00\" \/>\n<meta property=\"og:image\" content=\"https:\/\/caf-rapport-activite.fr\/caf86-2022\/wp-content\/uploads\/sites\/10\/2022\/12\/Photo-President-VP-CA.png\" \/>\n\t<meta property=\"og:image:width\" content=\"537\" \/>\n\t<meta property=\"og:image:height\" content=\"324\" \/>\n\t<meta property=\"og:image:type\" content=\"image\/png\" \/>\n<meta name=\"twitter:card\" content=\"summary_large_image\" \/>\n<meta name=\"twitter:label1\" content=\"Dur\u00e9e de lecture estim\u00e9e\" \/>\n\t<meta name=\"twitter:data1\" content=\"1 minute\" \/>\n<script type=\"application\/ld+json\" class=\"yoast-schema-graph\">{\"@context\":\"https:\/\/schema.org\",\"@graph\":[{\"@type\":\"WebPage\",\"@id\":\"https:\/\/caf-rapport-activite.fr\/caf86-2022\/temp-fort\/temps-fort-6\/\",\"url\":\"https:\/\/caf-rapport-activite.fr\/caf86-2022\/temp-fort\/temps-fort-6\/\",\"name\":\"Un nouveau conseil d'administration - Caf86 - 2022\",\"isPartOf\":{\"@id\":\"https:\/\/caf-rapport-activite.fr\/caf86-2022\/#website\"},\"datePublished\":\"2022-12-27T14:18:01+00:00\",\"dateModified\":\"2023-06-05T12:50:53+00:00\",\"breadcrumb\":{\"@id\":\"https:\/\/caf-rapport-activite.fr\/caf86-2022\/temp-fort\/temps-fort-6\/#breadcrumb\"},\"inLanguage\":\"fr-FR\",\"potentialAction\":[{\"@type\":\"ReadAction\",\"target\":[\"https:\/\/caf-rapport-activite.fr\/caf86-2022\/temp-fort\/temps-fort-6\/\"]}]},{\"@type\":\"BreadcrumbList\",\"@id\":\"https:\/\/caf-rapport-activite.fr\/caf86-2022\/temp-fort\/temps-fort-6\/#breadcrumb\",\"itemListElement\":[{\"@type\":\"ListItem\",\"position\":1,\"name\":\"Accueil\",\"item\":\"https:\/\/caf-rapport-activite.fr\/caf86-2022\/\"},{\"@type\":\"ListItem\",\"position\":2,\"name\":\"Temps forts\",\"item\":\"https:\/\/caf-rapport-activite.fr\/caf86-2022\/temp-fort\/\"},{\"@type\":\"ListItem\",\"position\":3,\"name\":\"Un nouveau conseil d&rsquo;administration\"}]},{\"@type\":\"WebSite\",\"@id\":\"https:\/\/caf-rapport-activite.fr\/caf86-2022\/#website\",\"url\":\"https:\/\/caf-rapport-activite.fr\/caf86-2022\/\",\"name\":\"Caf86 - 2022\",\"description\":\"\",\"potentialAction\":[{\"@type\":\"SearchAction\",\"target\":{\"@type\":\"EntryPoint\",\"urlTemplate\":\"https:\/\/caf-rapport-activite.fr\/caf86-2022\/?s={search_term_string}\"},\"query-input\":\"required name=search_term_string\"}],\"inLanguage\":\"fr-FR\"}]}<\/script>\n<!-- \/ Yoast SEO plugin. -->","yoast_head_json":{"title":"Un nouveau conseil d'administration - Caf86 - 2022","robots":{"index":"index","follow":"follow","max-snippet":"max-snippet:-1","max-image-preview":"max-image-preview:large","max-video-preview":"max-video-preview:-1"},"canonical":"https:\/\/caf-rapport-activite.fr\/caf86-2022\/temp-fort\/temps-fort-6\/","og_locale":"fr_FR","og_type":"article","og_title":"Un nouveau conseil d'administration - Caf86 - 2022","og_description":"M. Omar Mbaye a \u00e9t\u00e9 \u00e9lu pr\u00e9sident (Cgpme-employeurs) du conseil d'administration.","og_url":"https:\/\/caf-rapport-activite.fr\/caf86-2022\/temp-fort\/temps-fort-6\/","og_site_name":"Caf86 - 2022","article_modified_time":"2023-06-05T12:50:53+00:00","og_image":[{"width":537,"height":324,"url":"https:\/\/caf-rapport-activite.fr\/caf86-2022\/wp-content\/uploads\/sites\/10\/2022\/12\/Photo-President-VP-CA.png","type":"image\/png"}],"twitter_card":"summary_large_image","twitter_misc":{"Dur\u00e9e de lecture estim\u00e9e":"1 minute"},"schema":{"@context":"https:\/\/schema.org","@graph":[{"@type":"WebPage","@id":"https:\/\/caf-rapport-activite.fr\/caf86-2022\/temp-fort\/temps-fort-6\/","url":"https:\/\/caf-rapport-activite.fr\/caf86-2022\/temp-fort\/temps-fort-6\/","name":"Un nouveau conseil d'administration - Caf86 - 2022","isPartOf":{"@id":"https:\/\/caf-rapport-activite.fr\/caf86-2022\/#website"},"datePublished":"2022-12-27T14:18:01+00:00","dateModified":"2023-06-05T12:50:53+00:00","breadcrumb":{"@id":"https:\/\/caf-rapport-activite.fr\/caf86-2022\/temp-fort\/temps-fort-6\/#breadcrumb"},"inLanguage":"fr-FR","potentialAction":[{"@type":"ReadAction","target":["https:\/\/caf-rapport-activite.fr\/caf86-2022\/temp-fort\/temps-fort-6\/"]}]},{"@type":"BreadcrumbList","@id":"https:\/\/caf-rapport-activite.fr\/caf86-2022\/temp-fort\/temps-fort-6\/#breadcrumb","itemListElement":[{"@type":"ListItem","position":1,"name":"Accueil","item":"https:\/\/caf-rapport-activite.fr\/caf86-2022\/"},{"@type":"ListItem","position":2,"name":"Temps forts","item":"https:\/\/caf-rapport-activite.fr\/caf86-2022\/temp-fort\/"},{"@type":"ListItem","position":3,"name":"Un nouveau conseil d&rsquo;administration"}]},{"@type":"WebSite","@id":"https:\/\/caf-rapport-activite.fr\/caf86-2022\/#website","url":"https:\/\/caf-rapport-activite.fr\/caf86-2022\/","name":"Caf86 - 2022","description":"","potentialAction":[{"@type":"SearchAction","target":{"@type":"EntryPoint","urlTemplate":"https:\/\/caf-rapport-activite.fr\/caf86-2022\/?s={search_term_string}"},"query-input":"required name=search_term_string"}],"inLanguage":"fr-FR"}]}},"_links":{"self":[{"href":"https:\/\/caf-rapport-activite.fr\/caf86-2022\/wp-json\/wp\/v2\/temp-fort\/88"}],"collection":[{"href":"https:\/\/caf-rapport-activite.fr\/caf86-2022\/wp-json\/wp\/v2\/temp-fort"}],"about":[{"href":"https:\/\/caf-rapport-activite.fr\/caf86-2022\/wp-json\/wp\/v2\/types\/temp-fort"}],"wp:featuredmedia":[{"embeddable":true,"href":"https:\/\/caf-rapport-activite.fr\/caf86-2022\/wp-json\/wp\/v2\/media\/451"}],"wp:attachment":[{"href":"https:\/\/caf-rapport-activite.fr\/caf86-2022\/wp-json\/wp\/v2\/media?parent=88"}],"wp:term":[{"taxonomy":"activite","embeddable":true,"href":"https:\/\/caf-rapport-activite.fr\/caf86-2022\/wp-json\/wp\/v2\/activite?post=88"}],"curies":[{"name":"wp","href":"https:\/\/api.w.org\/{rel}","templated":true}]}}

<p>L&rsquo;installation du nouveau conseil d&rsquo;administration de la Caf pour la période 2022-2025, a eu lieu le 8 mars en présence de la Mnc (Mission nationale de contrôle).</p>



<p>M. Omar Mbaye a été élu président (Cgpme-employeurs) du conseil d&rsquo;administration. Il sera entouré d&rsquo;un 1er vice-président : M. Jacquelin Courtois (Cfdt) et de 2 vices-présidentes, Mme Valérie Philippi (Cftc) et Mme Sophie Bouilleau (Udaf).</p>



<p>Désigné par arrêté préfectoral pour une période de 4 ans, et basé sur le paritarisme, le conseil d&rsquo;administration de la Caf de la Vienne comprend 24 membres titulaires regroupant 8 représentants salariés, 8 représentants employeurs et travailleurs indépendants, 4 représentants Udaf et 4 personnes désignées par l&rsquo;Etat.</p>



<p></p>

<p> M. Omar Mbaye a été élu président (Cgpme-employeurs) du conseil d&rsquo;administration.</p>

<!-- This site is optimized with the Yoast SEO plugin v19.11 - https://yoast.com/wordpress/plugins/seo/ -->
<title>Un nouveau conseil d&#039;administration - Caf86 - 2022</title>
<meta name="robots" content="index, follow, max-snippet:-1, max-image-preview:large, max-video-preview:-1" />
<link rel="canonical" href="https://caf-rapport-activite.fr/caf86-2022/temp-fort/temps-fort-6/" />
<meta property="og:locale" content="fr_FR" />
<meta property="og:type" content="article" />
<meta property="og:title" content="Un nouveau conseil d&#039;administration - Caf86 - 2022" />
<meta property="og:description" content="M. Omar Mbaye a été élu président (Cgpme-employeurs) du conseil d&#039;administration." />
<meta property="og:url" content="https://caf-rapport-activite.fr/caf86-2022/temp-fort/temps-fort-6/" />
<meta property="og:site_name" content="Caf86 - 2022" />
<meta property="article:modified_time" content="2023-06-05T12:50:53+00:00" />
<meta property="og:image" content="https://caf-rapport-activite.fr/caf86-2022/wp-content/uploads/sites/10/2022/12/Photo-President-VP-CA.png" />
	<meta property="og:image:width" content="537" />
	<meta property="og:image:height" content="324" />
	<meta property="og:image:type" content="image/png" />
<meta name="twitter:card" content="summary_large_image" />
<meta name="twitter:label1" content="Durée de lecture estimée" />
	<meta name="twitter:data1" content="1 minute" />
<script type="application/ld+json" class="yoast-schema-graph">{"@context":"https://schema.org","@graph":[{"@type":"WebPage","@id":"https://caf-rapport-activite.fr/caf86-2022/temp-fort/temps-fort-6/","url":"https://caf-rapport-activite.fr/caf86-2022/temp-fort/temps-fort-6/","name":"Un nouveau conseil d'administration - Caf86 - 2022","isPartOf":{"@id":"https://caf-rapport-activite.fr/caf86-2022/#website"},"datePublished":"2022-12-27T14:18:01+00:00","dateModified":"2023-06-05T12:50:53+00:00","breadcrumb":{"@id":"https://caf-rapport-activite.fr/caf86-2022/temp-fort/temps-fort-6/#breadcrumb"},"inLanguage":"fr-FR","potentialAction":[{"@type":"ReadAction","target":["https://caf-rapport-activite.fr/caf86-2022/temp-fort/temps-fort-6/"]}]},{"@type":"BreadcrumbList","@id":"https://caf-rapport-activite.fr/caf86-2022/temp-fort/temps-fort-6/#breadcrumb","itemListElement":[{"@type":"ListItem","position":1,"name":"Accueil","item":"https://caf-rapport-activite.fr/caf86-2022/"},{"@type":"ListItem","position":2,"name":"Temps forts","item":"https://caf-rapport-activite.fr/caf86-2022/temp-fort/"},{"@type":"ListItem","position":3,"name":"Un nouveau conseil d&rsquo;administration"}]},{"@type":"WebSite","@id":"https://caf-rapport-activite.fr/caf86-2022/#website","url":"https://caf-rapport-activite.fr/caf86-2022/","name":"Caf86 - 2022","description":"","potentialAction":[{"@type":"SearchAction","target":{"@type":"EntryPoint","urlTemplate":"https://caf-rapport-activite.fr/caf86-2022/?s={search_term_string}"},"query-input":"required name=search_term_string"}],"inLanguage":"fr-FR"}]}</script>
<!-- / Yoast SEO plugin. -->

M. Omar Mbaye a été élu président (Cgpme-employeurs) du conseil d'administration.
