{"id":1142,"date":"2023-06-28T16:03:17","date_gmt":"2023-06-28T14:03:17","guid":{"rendered":"https:\/\/caf-rapport-activite.fr\/caf86-2022\/?post_type=temp-fort&#038;p=1142"},"modified":"2023-06-28T16:17:24","modified_gmt":"2023-06-28T14:17:24","slug":"atelier-recherche-logement-pour-les-jeunes","status":"publish","type":"temp-fort","link":"https:\/\/caf-rapport-activite.fr\/caf86-2022\/temp-fort\/atelier-recherche-logement-pour-les-jeunes\/","title":{"rendered":"Atelier \u00ab\u00a0recherche logement\u00a0\u00bb pour les jeunes"},"content":{"rendered":"\n<p>Dans le cadre de notre partenariat avec la Maison des Adolescents (Mda), deux charg\u00e9es d&rsquo;intervention sociale ont construit un atelier avec un \u00e9ducateur de Picta&rsquo;Dom, \u00e0 partir des besoins identifi\u00e9s des jeunes.&nbsp;&nbsp;<\/p>\n\n\n\n<p>Le premier atelier a eu lieu le 9 juin \u00e0 la Mda&nbsp;\u00e0 Poitiers. Il \u00e9tait&nbsp;anim\u00e9 par un professionnel de la Caf et de la Mda et a port\u00e9 sur&nbsp;toutes les \u00e9tapes de la recherche \u00e0 la sortie du logement, en pointant les pi\u00e8ges \u00e0 \u00e9viter et en \u00e9voquant les diff\u00e9rentes aides. Cet atelier, interactif, a commenc\u00e9&nbsp;:&nbsp;<\/p>\n\n\n\n<ul>\n<li>par un temps participatif autour de photos (annonces d\u2019offres de logement, \u00e9tat des lieux compl\u00e9t\u00e9, bail, logement&nbsp;d\u00e9grad\u00e9) afin d&rsquo;\u00e9voquer les pi\u00e8ges \u00e0 \u00e9viter, les d\u00e9marches essentielles \u00e0 effectuer, les obligations&#8230;&nbsp;<\/li>\n\n\n\n<li>puis s&rsquo;est poursuivi par des \u00e9changes&nbsp;sur le budget mensuel et les frais ponctuels li\u00e9s \u00e0 la location.&nbsp;<\/li>\n<\/ul>\n\n\n\n<p>Enfin,&nbsp;les diff\u00e9rentes aides financi\u00e8res,&nbsp;sans oublier le&nbsp;<a href=\"http:\/\/www.caf.fr\/\">www.caf.fr<\/a>,&nbsp;ont \u00e9t\u00e9 abord\u00e9es.<\/p>\n","protected":false},"excerpt":{"rendered":"<p>Dans le cadre de notre partenariat avec la Maison des Adolescents (Mda), deux charg\u00e9es d&rsquo;intervention sociale ont construit un atelier [&hellip;]<\/p>\n","protected":false},"featured_media":1147,"parent":0,"menu_order":11,"template":"","activite":[16],"yoast_head":"<!-- This site is optimized with the Yoast SEO plugin v19.11 - https:\/\/yoast.com\/wordpress\/plugins\/seo\/ -->\n<title>Atelier &quot;recherche logement&quot; pour les jeunes - Caf86 - 2022<\/title>\n<meta name=\"robots\" content=\"index, follow, max-snippet:-1, max-image-preview:large, max-video-preview:-1\" \/>\n<link rel=\"canonical\" href=\"https:\/\/caf-rapport-activite.fr\/caf86-2022\/temp-fort\/atelier-recherche-logement-pour-les-jeunes\/\" \/>\n<meta property=\"og:locale\" content=\"fr_FR\" \/>\n<meta property=\"og:type\" content=\"article\" \/>\n<meta property=\"og:title\" content=\"Atelier &quot;recherche logement&quot; pour les jeunes - Caf86 - 2022\" \/>\n<meta property=\"og:description\" content=\"Dans le cadre de notre partenariat avec la Maison des Adolescents (Mda), deux charg\u00e9es d&rsquo;intervention sociale ont construit un atelier [&hellip;]\" \/>\n<meta property=\"og:url\" content=\"https:\/\/caf-rapport-activite.fr\/caf86-2022\/temp-fort\/atelier-recherche-logement-pour-les-jeunes\/\" \/>\n<meta property=\"og:site_name\" content=\"Caf86 - 2022\" \/>\n<meta property=\"article:modified_time\" content=\"2023-06-28T14:17:24+00:00\" \/>\n<meta property=\"og:image\" content=\"https:\/\/caf-rapport-activite.fr\/caf86-2022\/wp-content\/uploads\/sites\/10\/2023\/06\/2-Atelier-logement-Caf-Mda-r.png\" \/>\n\t<meta property=\"og:image:width\" content=\"1166\" \/>\n\t<meta property=\"og:image:height\" content=\"934\" \/>\n\t<meta property=\"og:image:type\" content=\"image\/png\" \/>\n<meta name=\"twitter:card\" content=\"summary_large_image\" \/>\n<meta name=\"twitter:label1\" content=\"Dur\u00e9e de lecture estim\u00e9e\" \/>\n\t<meta name=\"twitter:data1\" content=\"1 minute\" \/>\n<script type=\"application\/ld+json\" class=\"yoast-schema-graph\">{\"@context\":\"https:\/\/schema.org\",\"@graph\":[{\"@type\":\"WebPage\",\"@id\":\"https:\/\/caf-rapport-activite.fr\/caf86-2022\/temp-fort\/atelier-recherche-logement-pour-les-jeunes\/\",\"url\":\"https:\/\/caf-rapport-activite.fr\/caf86-2022\/temp-fort\/atelier-recherche-logement-pour-les-jeunes\/\",\"name\":\"Atelier \\\"recherche logement\\\" pour les jeunes - Caf86 - 2022\",\"isPartOf\":{\"@id\":\"https:\/\/caf-rapport-activite.fr\/caf86-2022\/#website\"},\"datePublished\":\"2023-06-28T14:03:17+00:00\",\"dateModified\":\"2023-06-28T14:17:24+00:00\",\"breadcrumb\":{\"@id\":\"https:\/\/caf-rapport-activite.fr\/caf86-2022\/temp-fort\/atelier-recherche-logement-pour-les-jeunes\/#breadcrumb\"},\"inLanguage\":\"fr-FR\",\"potentialAction\":[{\"@type\":\"ReadAction\",\"target\":[\"https:\/\/caf-rapport-activite.fr\/caf86-2022\/temp-fort\/atelier-recherche-logement-pour-les-jeunes\/\"]}]},{\"@type\":\"BreadcrumbList\",\"@id\":\"https:\/\/caf-rapport-activite.fr\/caf86-2022\/temp-fort\/atelier-recherche-logement-pour-les-jeunes\/#breadcrumb\",\"itemListElement\":[{\"@type\":\"ListItem\",\"position\":1,\"name\":\"Accueil\",\"item\":\"https:\/\/caf-rapport-activite.fr\/caf86-2022\/\"},{\"@type\":\"ListItem\",\"position\":2,\"name\":\"Temps forts\",\"item\":\"https:\/\/caf-rapport-activite.fr\/caf86-2022\/temp-fort\/\"},{\"@type\":\"ListItem\",\"position\":3,\"name\":\"Atelier \u00ab\u00a0recherche logement\u00a0\u00bb pour les jeunes\"}]},{\"@type\":\"WebSite\",\"@id\":\"https:\/\/caf-rapport-activite.fr\/caf86-2022\/#website\",\"url\":\"https:\/\/caf-rapport-activite.fr\/caf86-2022\/\",\"name\":\"Caf86 - 2022\",\"description\":\"\",\"potentialAction\":[{\"@type\":\"SearchAction\",\"target\":{\"@type\":\"EntryPoint\",\"urlTemplate\":\"https:\/\/caf-rapport-activite.fr\/caf86-2022\/?s={search_term_string}\"},\"query-input\":\"required name=search_term_string\"}],\"inLanguage\":\"fr-FR\"}]}<\/script>\n<!-- \/ Yoast SEO plugin. -->","yoast_head_json":{"title":"Atelier \"recherche logement\" pour les jeunes - Caf86 - 2022","robots":{"index":"index","follow":"follow","max-snippet":"max-snippet:-1","max-image-preview":"max-image-preview:large","max-video-preview":"max-video-preview:-1"},"canonical":"https:\/\/caf-rapport-activite.fr\/caf86-2022\/temp-fort\/atelier-recherche-logement-pour-les-jeunes\/","og_locale":"fr_FR","og_type":"article","og_title":"Atelier \"recherche logement\" pour les jeunes - Caf86 - 2022","og_description":"Dans le cadre de notre partenariat avec la Maison des Adolescents (Mda), deux charg\u00e9es d&rsquo;intervention sociale ont construit un atelier [&hellip;]","og_url":"https:\/\/caf-rapport-activite.fr\/caf86-2022\/temp-fort\/atelier-recherche-logement-pour-les-jeunes\/","og_site_name":"Caf86 - 2022","article_modified_time":"2023-06-28T14:17:24+00:00","og_image":[{"width":1166,"height":934,"url":"https:\/\/caf-rapport-activite.fr\/caf86-2022\/wp-content\/uploads\/sites\/10\/2023\/06\/2-Atelier-logement-Caf-Mda-r.png","type":"image\/png"}],"twitter_card":"summary_large_image","twitter_misc":{"Dur\u00e9e de lecture estim\u00e9e":"1 minute"},"schema":{"@context":"https:\/\/schema.org","@graph":[{"@type":"WebPage","@id":"https:\/\/caf-rapport-activite.fr\/caf86-2022\/temp-fort\/atelier-recherche-logement-pour-les-jeunes\/","url":"https:\/\/caf-rapport-activite.fr\/caf86-2022\/temp-fort\/atelier-recherche-logement-pour-les-jeunes\/","name":"Atelier \"recherche logement\" pour les jeunes - Caf86 - 2022","isPartOf":{"@id":"https:\/\/caf-rapport-activite.fr\/caf86-2022\/#website"},"datePublished":"2023-06-28T14:03:17+00:00","dateModified":"2023-06-28T14:17:24+00:00","breadcrumb":{"@id":"https:\/\/caf-rapport-activite.fr\/caf86-2022\/temp-fort\/atelier-recherche-logement-pour-les-jeunes\/#breadcrumb"},"inLanguage":"fr-FR","potentialAction":[{"@type":"ReadAction","target":["https:\/\/caf-rapport-activite.fr\/caf86-2022\/temp-fort\/atelier-recherche-logement-pour-les-jeunes\/"]}]},{"@type":"BreadcrumbList","@id":"https:\/\/caf-rapport-activite.fr\/caf86-2022\/temp-fort\/atelier-recherche-logement-pour-les-jeunes\/#breadcrumb","itemListElement":[{"@type":"ListItem","position":1,"name":"Accueil","item":"https:\/\/caf-rapport-activite.fr\/caf86-2022\/"},{"@type":"ListItem","position":2,"name":"Temps forts","item":"https:\/\/caf-rapport-activite.fr\/caf86-2022\/temp-fort\/"},{"@type":"ListItem","position":3,"name":"Atelier \u00ab\u00a0recherche logement\u00a0\u00bb pour les jeunes"}]},{"@type":"WebSite","@id":"https:\/\/caf-rapport-activite.fr\/caf86-2022\/#website","url":"https:\/\/caf-rapport-activite.fr\/caf86-2022\/","name":"Caf86 - 2022","description":"","potentialAction":[{"@type":"SearchAction","target":{"@type":"EntryPoint","urlTemplate":"https:\/\/caf-rapport-activite.fr\/caf86-2022\/?s={search_term_string}"},"query-input":"required name=search_term_string"}],"inLanguage":"fr-FR"}]}},"_links":{"self":[{"href":"https:\/\/caf-rapport-activite.fr\/caf86-2022\/wp-json\/wp\/v2\/temp-fort\/1142"}],"collection":[{"href":"https:\/\/caf-rapport-activite.fr\/caf86-2022\/wp-json\/wp\/v2\/temp-fort"}],"about":[{"href":"https:\/\/caf-rapport-activite.fr\/caf86-2022\/wp-json\/wp\/v2\/types\/temp-fort"}],"wp:featuredmedia":[{"embeddable":true,"href":"https:\/\/caf-rapport-activite.fr\/caf86-2022\/wp-json\/wp\/v2\/media\/1147"}],"wp:attachment":[{"href":"https:\/\/caf-rapport-activite.fr\/caf86-2022\/wp-json\/wp\/v2\/media?parent=1142"}],"wp:term":[{"taxonomy":"activite","embeddable":true,"href":"https:\/\/caf-rapport-activite.fr\/caf86-2022\/wp-json\/wp\/v2\/activite?post=1142"}],"curies":[{"name":"wp","href":"https:\/\/api.w.org\/{rel}","templated":true}]}}

<p>Dans le cadre de notre partenariat avec la Maison des Adolescents (Mda), deux chargées d&rsquo;intervention sociale ont construit un atelier avec un éducateur de Picta&rsquo;Dom, à partir des besoins identifiés des jeunes.&nbsp;&nbsp;</p>



<p>Le premier atelier a eu lieu le 9 juin à la Mda&nbsp;à Poitiers. Il était&nbsp;animé par un professionnel de la Caf et de la Mda et a porté sur&nbsp;toutes les étapes de la recherche à la sortie du logement, en pointant les pièges à éviter et en évoquant les différentes aides. Cet atelier, interactif, a commencé&nbsp;:&nbsp;</p>



<ul>
<li>par un temps participatif autour de photos (annonces d’offres de logement, état des lieux complété, bail, logement&nbsp;dégradé) afin d&rsquo;évoquer les pièges à éviter, les démarches essentielles à effectuer, les obligations&#8230;&nbsp;</li>



<li>puis s&rsquo;est poursuivi par des échanges&nbsp;sur le budget mensuel et les frais ponctuels liés à la location.&nbsp;</li>
</ul>



<p>Enfin,&nbsp;les différentes aides financières,&nbsp;sans oublier le&nbsp;<a href="http://www.caf.fr/">www.caf.fr</a>,&nbsp;ont été abordées.</p>

<p>Dans le cadre de notre partenariat avec la Maison des Adolescents (Mda), deux chargées d&rsquo;intervention sociale ont construit un atelier [&hellip;]</p>

<!-- This site is optimized with the Yoast SEO plugin v19.11 - https://yoast.com/wordpress/plugins/seo/ -->
<title>Atelier &quot;recherche logement&quot; pour les jeunes - Caf86 - 2022</title>
<meta name="robots" content="index, follow, max-snippet:-1, max-image-preview:large, max-video-preview:-1" />
<link rel="canonical" href="https://caf-rapport-activite.fr/caf86-2022/temp-fort/atelier-recherche-logement-pour-les-jeunes/" />
<meta property="og:locale" content="fr_FR" />
<meta property="og:type" content="article" />
<meta property="og:title" content="Atelier &quot;recherche logement&quot; pour les jeunes - Caf86 - 2022" />
<meta property="og:description" content="Dans le cadre de notre partenariat avec la Maison des Adolescents (Mda), deux chargées d&rsquo;intervention sociale ont construit un atelier [&hellip;]" />
<meta property="og:url" content="https://caf-rapport-activite.fr/caf86-2022/temp-fort/atelier-recherche-logement-pour-les-jeunes/" />
<meta property="og:site_name" content="Caf86 - 2022" />
<meta property="article:modified_time" content="2023-06-28T14:17:24+00:00" />
<meta property="og:image" content="https://caf-rapport-activite.fr/caf86-2022/wp-content/uploads/sites/10/2023/06/2-Atelier-logement-Caf-Mda-r.png" />
	<meta property="og:image:width" content="1166" />
	<meta property="og:image:height" content="934" />
	<meta property="og:image:type" content="image/png" />
<meta name="twitter:card" content="summary_large_image" />
<meta name="twitter:label1" content="Durée de lecture estimée" />
	<meta name="twitter:data1" content="1 minute" />
<script type="application/ld+json" class="yoast-schema-graph">{"@context":"https://schema.org","@graph":[{"@type":"WebPage","@id":"https://caf-rapport-activite.fr/caf86-2022/temp-fort/atelier-recherche-logement-pour-les-jeunes/","url":"https://caf-rapport-activite.fr/caf86-2022/temp-fort/atelier-recherche-logement-pour-les-jeunes/","name":"Atelier \"recherche logement\" pour les jeunes - Caf86 - 2022","isPartOf":{"@id":"https://caf-rapport-activite.fr/caf86-2022/#website"},"datePublished":"2023-06-28T14:03:17+00:00","dateModified":"2023-06-28T14:17:24+00:00","breadcrumb":{"@id":"https://caf-rapport-activite.fr/caf86-2022/temp-fort/atelier-recherche-logement-pour-les-jeunes/#breadcrumb"},"inLanguage":"fr-FR","potentialAction":[{"@type":"ReadAction","target":["https://caf-rapport-activite.fr/caf86-2022/temp-fort/atelier-recherche-logement-pour-les-jeunes/"]}]},{"@type":"BreadcrumbList","@id":"https://caf-rapport-activite.fr/caf86-2022/temp-fort/atelier-recherche-logement-pour-les-jeunes/#breadcrumb","itemListElement":[{"@type":"ListItem","position":1,"name":"Accueil","item":"https://caf-rapport-activite.fr/caf86-2022/"},{"@type":"ListItem","position":2,"name":"Temps forts","item":"https://caf-rapport-activite.fr/caf86-2022/temp-fort/"},{"@type":"ListItem","position":3,"name":"Atelier « recherche logement » pour les jeunes"}]},{"@type":"WebSite","@id":"https://caf-rapport-activite.fr/caf86-2022/#website","url":"https://caf-rapport-activite.fr/caf86-2022/","name":"Caf86 - 2022","description":"","potentialAction":[{"@type":"SearchAction","target":{"@type":"EntryPoint","urlTemplate":"https://caf-rapport-activite.fr/caf86-2022/?s={search_term_string}"},"query-input":"required name=search_term_string"}],"inLanguage":"fr-FR"}]}</script>
<!-- / Yoast SEO plugin. -->

Dans le cadre de notre partenariat avec la Maison des Adolescents (Mda), deux chargées d&rsquo;intervention sociale ont construit un atelier [&hellip;]
