{"id":1104,"date":"2023-06-27T18:06:56","date_gmt":"2023-06-27T16:06:56","guid":{"rendered":"https:\/\/caf-rapport-activite.fr\/caf86-2022\/?post_type=temp-fort&#038;p=1104"},"modified":"2023-06-27T18:08:39","modified_gmt":"2023-06-27T16:08:39","slug":"une-enquete-a-destination-des-familles","status":"publish","type":"temp-fort","link":"https:\/\/caf-rapport-activite.fr\/caf86-2022\/temp-fort\/une-enquete-a-destination-des-familles\/","title":{"rendered":"Une enqu\u00eate aupr\u00e8s des familles de la Vienne"},"content":{"rendered":"\n<p>Afin de construire le futur Sch\u00e9ma d\u00e9partemental des services aux familles (Sdsf), la Caf de la Vienne a adress\u00e9 durant le mois de juin 2022, un questionnaire aupr\u00e8s des familles allocataires avec enfants de moins de 25 ans afin de conna\u00eetre&nbsp;:<\/p>\n\n\n\n<ul>\n<li>la situation des parents et les choix effectu\u00e9s pour leurs enfants,<\/li>\n\n\n\n<li>leur satisfaction vis-\u00e0-vis de ces choix et vis-\u00e0-vis des actions et services propos\u00e9s,<\/li>\n\n\n\n<li>leur niveau d\u2019information, ce dont ils ont besoin et ce qu\u2019il leur manque.<\/li>\n<\/ul>\n\n\n\n<p>Au total, ce sont <strong>2 622<\/strong> questionnaires exploitables qui ont \u00e9t\u00e9 re\u00e7us.<\/p>\n","protected":false},"excerpt":{"rendered":"<p>Afin de construire le futur Sch\u00e9ma d\u00e9partemental des services aux familles (Sdsf), la Caf de la Vienne a adress\u00e9 durant [&hellip;]<\/p>\n","protected":false},"featured_media":1105,"parent":0,"menu_order":17,"template":"","activite":[11,15],"yoast_head":"<!-- This site is optimized with the Yoast SEO plugin v19.11 - https:\/\/yoast.com\/wordpress\/plugins\/seo\/ -->\n<title>Une enqu\u00eate aupr\u00e8s des familles de la Vienne - Caf86 - 2022<\/title>\n<meta name=\"robots\" content=\"index, follow, max-snippet:-1, max-image-preview:large, max-video-preview:-1\" \/>\n<link rel=\"canonical\" href=\"https:\/\/caf-rapport-activite.fr\/caf86-2022\/temp-fort\/une-enquete-a-destination-des-familles\/\" \/>\n<meta property=\"og:locale\" content=\"fr_FR\" \/>\n<meta property=\"og:type\" content=\"article\" \/>\n<meta property=\"og:title\" content=\"Une enqu\u00eate aupr\u00e8s des familles de la Vienne - Caf86 - 2022\" \/>\n<meta property=\"og:description\" content=\"Afin de construire le futur Sch\u00e9ma d\u00e9partemental des services aux familles (Sdsf), la Caf de la Vienne a adress\u00e9 durant [&hellip;]\" \/>\n<meta property=\"og:url\" content=\"https:\/\/caf-rapport-activite.fr\/caf86-2022\/temp-fort\/une-enquete-a-destination-des-familles\/\" \/>\n<meta property=\"og:site_name\" content=\"Caf86 - 2022\" \/>\n<meta property=\"article:modified_time\" content=\"2023-06-27T16:08:39+00:00\" \/>\n<meta property=\"og:image\" content=\"https:\/\/caf-rapport-activite.fr\/caf86-2022\/wp-content\/uploads\/sites\/10\/2023\/06\/Enquete-familles-r-1024x999.png\" \/>\n\t<meta property=\"og:image:width\" content=\"1024\" \/>\n\t<meta property=\"og:image:height\" content=\"999\" \/>\n\t<meta property=\"og:image:type\" content=\"image\/png\" \/>\n<meta name=\"twitter:card\" content=\"summary_large_image\" \/>\n<meta name=\"twitter:label1\" content=\"Dur\u00e9e de lecture estim\u00e9e\" \/>\n\t<meta name=\"twitter:data1\" content=\"1 minute\" \/>\n<script type=\"application\/ld+json\" class=\"yoast-schema-graph\">{\"@context\":\"https:\/\/schema.org\",\"@graph\":[{\"@type\":\"WebPage\",\"@id\":\"https:\/\/caf-rapport-activite.fr\/caf86-2022\/temp-fort\/une-enquete-a-destination-des-familles\/\",\"url\":\"https:\/\/caf-rapport-activite.fr\/caf86-2022\/temp-fort\/une-enquete-a-destination-des-familles\/\",\"name\":\"Une enqu\u00eate aupr\u00e8s des familles de la Vienne - Caf86 - 2022\",\"isPartOf\":{\"@id\":\"https:\/\/caf-rapport-activite.fr\/caf86-2022\/#website\"},\"datePublished\":\"2023-06-27T16:06:56+00:00\",\"dateModified\":\"2023-06-27T16:08:39+00:00\",\"breadcrumb\":{\"@id\":\"https:\/\/caf-rapport-activite.fr\/caf86-2022\/temp-fort\/une-enquete-a-destination-des-familles\/#breadcrumb\"},\"inLanguage\":\"fr-FR\",\"potentialAction\":[{\"@type\":\"ReadAction\",\"target\":[\"https:\/\/caf-rapport-activite.fr\/caf86-2022\/temp-fort\/une-enquete-a-destination-des-familles\/\"]}]},{\"@type\":\"BreadcrumbList\",\"@id\":\"https:\/\/caf-rapport-activite.fr\/caf86-2022\/temp-fort\/une-enquete-a-destination-des-familles\/#breadcrumb\",\"itemListElement\":[{\"@type\":\"ListItem\",\"position\":1,\"name\":\"Accueil\",\"item\":\"https:\/\/caf-rapport-activite.fr\/caf86-2022\/\"},{\"@type\":\"ListItem\",\"position\":2,\"name\":\"Temps forts\",\"item\":\"https:\/\/caf-rapport-activite.fr\/caf86-2022\/temp-fort\/\"},{\"@type\":\"ListItem\",\"position\":3,\"name\":\"Une enqu\u00eate aupr\u00e8s des familles de la Vienne\"}]},{\"@type\":\"WebSite\",\"@id\":\"https:\/\/caf-rapport-activite.fr\/caf86-2022\/#website\",\"url\":\"https:\/\/caf-rapport-activite.fr\/caf86-2022\/\",\"name\":\"Caf86 - 2022\",\"description\":\"\",\"potentialAction\":[{\"@type\":\"SearchAction\",\"target\":{\"@type\":\"EntryPoint\",\"urlTemplate\":\"https:\/\/caf-rapport-activite.fr\/caf86-2022\/?s={search_term_string}\"},\"query-input\":\"required name=search_term_string\"}],\"inLanguage\":\"fr-FR\"}]}<\/script>\n<!-- \/ Yoast SEO plugin. -->","yoast_head_json":{"title":"Une enqu\u00eate aupr\u00e8s des familles de la Vienne - Caf86 - 2022","robots":{"index":"index","follow":"follow","max-snippet":"max-snippet:-1","max-image-preview":"max-image-preview:large","max-video-preview":"max-video-preview:-1"},"canonical":"https:\/\/caf-rapport-activite.fr\/caf86-2022\/temp-fort\/une-enquete-a-destination-des-familles\/","og_locale":"fr_FR","og_type":"article","og_title":"Une enqu\u00eate aupr\u00e8s des familles de la Vienne - Caf86 - 2022","og_description":"Afin de construire le futur Sch\u00e9ma d\u00e9partemental des services aux familles (Sdsf), la Caf de la Vienne a adress\u00e9 durant [&hellip;]","og_url":"https:\/\/caf-rapport-activite.fr\/caf86-2022\/temp-fort\/une-enquete-a-destination-des-familles\/","og_site_name":"Caf86 - 2022","article_modified_time":"2023-06-27T16:08:39+00:00","og_image":[{"width":1024,"height":999,"url":"https:\/\/caf-rapport-activite.fr\/caf86-2022\/wp-content\/uploads\/sites\/10\/2023\/06\/Enquete-familles-r-1024x999.png","type":"image\/png"}],"twitter_card":"summary_large_image","twitter_misc":{"Dur\u00e9e de lecture estim\u00e9e":"1 minute"},"schema":{"@context":"https:\/\/schema.org","@graph":[{"@type":"WebPage","@id":"https:\/\/caf-rapport-activite.fr\/caf86-2022\/temp-fort\/une-enquete-a-destination-des-familles\/","url":"https:\/\/caf-rapport-activite.fr\/caf86-2022\/temp-fort\/une-enquete-a-destination-des-familles\/","name":"Une enqu\u00eate aupr\u00e8s des familles de la Vienne - Caf86 - 2022","isPartOf":{"@id":"https:\/\/caf-rapport-activite.fr\/caf86-2022\/#website"},"datePublished":"2023-06-27T16:06:56+00:00","dateModified":"2023-06-27T16:08:39+00:00","breadcrumb":{"@id":"https:\/\/caf-rapport-activite.fr\/caf86-2022\/temp-fort\/une-enquete-a-destination-des-familles\/#breadcrumb"},"inLanguage":"fr-FR","potentialAction":[{"@type":"ReadAction","target":["https:\/\/caf-rapport-activite.fr\/caf86-2022\/temp-fort\/une-enquete-a-destination-des-familles\/"]}]},{"@type":"BreadcrumbList","@id":"https:\/\/caf-rapport-activite.fr\/caf86-2022\/temp-fort\/une-enquete-a-destination-des-familles\/#breadcrumb","itemListElement":[{"@type":"ListItem","position":1,"name":"Accueil","item":"https:\/\/caf-rapport-activite.fr\/caf86-2022\/"},{"@type":"ListItem","position":2,"name":"Temps forts","item":"https:\/\/caf-rapport-activite.fr\/caf86-2022\/temp-fort\/"},{"@type":"ListItem","position":3,"name":"Une enqu\u00eate aupr\u00e8s des familles de la Vienne"}]},{"@type":"WebSite","@id":"https:\/\/caf-rapport-activite.fr\/caf86-2022\/#website","url":"https:\/\/caf-rapport-activite.fr\/caf86-2022\/","name":"Caf86 - 2022","description":"","potentialAction":[{"@type":"SearchAction","target":{"@type":"EntryPoint","urlTemplate":"https:\/\/caf-rapport-activite.fr\/caf86-2022\/?s={search_term_string}"},"query-input":"required name=search_term_string"}],"inLanguage":"fr-FR"}]}},"_links":{"self":[{"href":"https:\/\/caf-rapport-activite.fr\/caf86-2022\/wp-json\/wp\/v2\/temp-fort\/1104"}],"collection":[{"href":"https:\/\/caf-rapport-activite.fr\/caf86-2022\/wp-json\/wp\/v2\/temp-fort"}],"about":[{"href":"https:\/\/caf-rapport-activite.fr\/caf86-2022\/wp-json\/wp\/v2\/types\/temp-fort"}],"wp:featuredmedia":[{"embeddable":true,"href":"https:\/\/caf-rapport-activite.fr\/caf86-2022\/wp-json\/wp\/v2\/media\/1105"}],"wp:attachment":[{"href":"https:\/\/caf-rapport-activite.fr\/caf86-2022\/wp-json\/wp\/v2\/media?parent=1104"}],"wp:term":[{"taxonomy":"activite","embeddable":true,"href":"https:\/\/caf-rapport-activite.fr\/caf86-2022\/wp-json\/wp\/v2\/activite?post=1104"}],"curies":[{"name":"wp","href":"https:\/\/api.w.org\/{rel}","templated":true}]}}

Une enquête auprès des familles de la Vienne

<p>Afin de construire le futur Schéma départemental des services aux familles (Sdsf), la Caf de la Vienne a adressé durant le mois de juin 2022, un questionnaire auprès des familles allocataires avec enfants de moins de 25 ans afin de connaître&nbsp;:</p>



<ul>
<li>la situation des parents et les choix effectués pour leurs enfants,</li>



<li>leur satisfaction vis-à-vis de ces choix et vis-à-vis des actions et services proposés,</li>



<li>leur niveau d’information, ce dont ils ont besoin et ce qu’il leur manque.</li>
</ul>



<p>Au total, ce sont <strong>2 622</strong> questionnaires exploitables qui ont été reçus.</p>

<p>Afin de construire le futur Schéma départemental des services aux familles (Sdsf), la Caf de la Vienne a adressé durant [&hellip;]</p>

<!-- This site is optimized with the Yoast SEO plugin v19.11 - https://yoast.com/wordpress/plugins/seo/ -->
<title>Une enquête auprès des familles de la Vienne - Caf86 - 2022</title>
<meta name="robots" content="index, follow, max-snippet:-1, max-image-preview:large, max-video-preview:-1" />
<link rel="canonical" href="https://caf-rapport-activite.fr/caf86-2022/temp-fort/une-enquete-a-destination-des-familles/" />
<meta property="og:locale" content="fr_FR" />
<meta property="og:type" content="article" />
<meta property="og:title" content="Une enquête auprès des familles de la Vienne - Caf86 - 2022" />
<meta property="og:description" content="Afin de construire le futur Schéma départemental des services aux familles (Sdsf), la Caf de la Vienne a adressé durant [&hellip;]" />
<meta property="og:url" content="https://caf-rapport-activite.fr/caf86-2022/temp-fort/une-enquete-a-destination-des-familles/" />
<meta property="og:site_name" content="Caf86 - 2022" />
<meta property="article:modified_time" content="2023-06-27T16:08:39+00:00" />
<meta property="og:image" content="https://caf-rapport-activite.fr/caf86-2022/wp-content/uploads/sites/10/2023/06/Enquete-familles-r-1024x999.png" />
	<meta property="og:image:width" content="1024" />
	<meta property="og:image:height" content="999" />
	<meta property="og:image:type" content="image/png" />
<meta name="twitter:card" content="summary_large_image" />
<meta name="twitter:label1" content="Durée de lecture estimée" />
	<meta name="twitter:data1" content="1 minute" />
<script type="application/ld+json" class="yoast-schema-graph">{"@context":"https://schema.org","@graph":[{"@type":"WebPage","@id":"https://caf-rapport-activite.fr/caf86-2022/temp-fort/une-enquete-a-destination-des-familles/","url":"https://caf-rapport-activite.fr/caf86-2022/temp-fort/une-enquete-a-destination-des-familles/","name":"Une enquête auprès des familles de la Vienne - Caf86 - 2022","isPartOf":{"@id":"https://caf-rapport-activite.fr/caf86-2022/#website"},"datePublished":"2023-06-27T16:06:56+00:00","dateModified":"2023-06-27T16:08:39+00:00","breadcrumb":{"@id":"https://caf-rapport-activite.fr/caf86-2022/temp-fort/une-enquete-a-destination-des-familles/#breadcrumb"},"inLanguage":"fr-FR","potentialAction":[{"@type":"ReadAction","target":["https://caf-rapport-activite.fr/caf86-2022/temp-fort/une-enquete-a-destination-des-familles/"]}]},{"@type":"BreadcrumbList","@id":"https://caf-rapport-activite.fr/caf86-2022/temp-fort/une-enquete-a-destination-des-familles/#breadcrumb","itemListElement":[{"@type":"ListItem","position":1,"name":"Accueil","item":"https://caf-rapport-activite.fr/caf86-2022/"},{"@type":"ListItem","position":2,"name":"Temps forts","item":"https://caf-rapport-activite.fr/caf86-2022/temp-fort/"},{"@type":"ListItem","position":3,"name":"Une enquête auprès des familles de la Vienne"}]},{"@type":"WebSite","@id":"https://caf-rapport-activite.fr/caf86-2022/#website","url":"https://caf-rapport-activite.fr/caf86-2022/","name":"Caf86 - 2022","description":"","potentialAction":[{"@type":"SearchAction","target":{"@type":"EntryPoint","urlTemplate":"https://caf-rapport-activite.fr/caf86-2022/?s={search_term_string}"},"query-input":"required name=search_term_string"}],"inLanguage":"fr-FR"}]}</script>
<!-- / Yoast SEO plugin. -->

Une enquête auprès des familles de la Vienne - Caf86 - 2022

Afin de construire le futur Schéma départemental des services aux familles (Sdsf), la Caf de la Vienne a adressé durant [&hellip;]
