{"id":13,"date":"2022-12-09T16:09:05","date_gmt":"2022-12-09T15:09:05","guid":{"rendered":"http:\/\/localhost\/caf\/?page_id=13"},"modified":"2025-09-26T08:48:23","modified_gmt":"2025-09-26T06:48:23","slug":"notre-organisme","status":"publish","type":"page","link":"https:\/\/caf-rapport-activite.fr\/caf23-2024\/notre-organisme\/","title":{"rendered":"Notre organisme"},"content":{"rendered":"\n<h2>Le mot de la Directrice<\/h2>\n\n\n\n<div style=\"height:34px\" aria-hidden=\"true\" class=\"wp-block-spacer\"><\/div>\n\n\n\n<div class=\"is-layout-flex wp-container-5 wp-block-columns\">\n<div class=\"is-layout-flow wp-block-column\" style=\"flex-basis:100%\">\n<div class=\"is-layout-flex wp-container-3 wp-block-columns\">\n<div class=\"is-layout-flow wp-block-column\" style=\"flex-basis:33.33%\">\n<figure class=\"wp-block-image size-full is-resized\"><img decoding=\"async\" loading=\"lazy\" src=\"https:\/\/caf-rapport-activite.fr\/caf23-2024\/wp-content\/uploads\/sites\/23\/2025\/09\/CAF23_Beatrice_MOLEON.jpg\" alt=\"\" class=\"wp-image-1431\" width=\"267\" height=\"356\" srcset=\"https:\/\/caf-rapport-activite.fr\/caf23-2024\/wp-content\/uploads\/sites\/23\/2025\/09\/CAF23_Beatrice_MOLEON.jpg 480w, https:\/\/caf-rapport-activite.fr\/caf23-2024\/wp-content\/uploads\/sites\/23\/2025\/09\/CAF23_Beatrice_MOLEON-225x300.jpg 225w\" sizes=\"(max-width: 267px) 100vw, 267px\" \/><\/figure>\n\n\n\n<p>B\u00e9atrice MOLEON,<\/p>\n\n\n\n<p>Directrice de la Caf de la Creuse<\/p>\n<\/div>\n\n\n\n<div class=\"is-layout-flow wp-block-column\" style=\"flex-basis:66.66%\">\n<p>Ce rapport d&rsquo;activit\u00e9 de la Caf de la Creuse est le reflet de l&rsquo;activit\u00e9 port\u00e9e par l&rsquo;ensemble des collaborateurs que je remercie pour leur conscience professionnelle et leur engagement \u00e0 porter les sujets institutionnels pour le territoire et ses allocataires ou au profit du r\u00e9seau de la branche Famille \u00e0 travers les missions confi\u00e9es ou d\u00e9l\u00e9gu\u00e9es.<\/p>\n\n\n\n<p>L&rsquo;ann\u00e9e 2024, comme les ann\u00e9es ant\u00e9rieures, se traduit par une ann\u00e9e partenariale riche (Pr\u00e9fecture et services de l&rsquo;Etat, Conseil d\u00e9partemental,&#8230;) dans un collectif construit qui nous permet d&rsquo;\u00eatre \u00e0 l&rsquo;\u00e9coute des besoins et d&rsquo;y r\u00e9pondre au mieux.<\/p>\n\n\n\n<p>Mais 2024 c&rsquo;est surtout pour la Creuse des travaux de rapprochement port\u00e9s par les Pr\u00e9sidents de la Caf et de la CPAM et les membres des conseil et conseil d&rsquo;administration avec la direction et les \u00e9quipes afin que ce beau projet de CCSS voit le jour.<\/p>\n\n\n\n<p><em>A l&rsquo;heure o\u00f9 j&rsquo;\u00e9cris cet \u00e9dito c&rsquo;est chose faite, l&rsquo;arr\u00eat\u00e9 de cr\u00e9ation est publi\u00e9 et cette CCSS de la Creuse verra le jour en date du 1er mars 2026.<\/em><\/p>\n\n\n\n<p>Cet \u00e9v\u00e8nement majeur pour tous les acteurs de la gouvernance n&rsquo;est et ne sera en aucun cas un frein \u00e0 porter les engagements de chacune des branches Famille et Maladie, nous avons l&rsquo;espoir de permettre au contraire de mieux conduire nos missions en ayant une vision \u00e0 360 des besoins des ressortissants de chacun de nos deux organismes.<\/p>\n\n\n\n<p>Je terminerai cet \u00e9dito en pr\u00e9cisant que l&rsquo;engagement des collaborateurs creusois est reconnu par chacun de nos organismes nationaux et nos pairs puisque nous avons pu cette ann\u00e9e 2024 cr\u00e9er des postes dans le cadre de la relation de service et de la production.<\/p>\n<\/div>\n<\/div>\n<\/div>\n<\/div>\n","protected":false},"excerpt":{"rendered":"<p>Le mot de la Directrice B\u00e9atrice MOLEON, Directrice de la Caf de la Creuse Ce rapport d&rsquo;activit\u00e9 de la Caf [&hellip;]<\/p>\n","protected":false},"author":1,"featured_media":0,"parent":0,"menu_order":3,"comment_status":"closed","ping_status":"closed","template":"page-templates\/notre-organisme.php","meta":[],"yoast_head":"<!-- This site is optimized with the Yoast SEO plugin v19.11 - https:\/\/yoast.com\/wordpress\/plugins\/seo\/ -->\n<title>Notre organisme - Caf 23 - 2024<\/title>\n<meta name=\"robots\" content=\"index, follow, max-snippet:-1, max-image-preview:large, max-video-preview:-1\" \/>\n<link rel=\"canonical\" href=\"https:\/\/caf-rapport-activite.fr\/caf23-2024\/notre-organisme\/\" \/>\n<meta property=\"og:locale\" content=\"fr_FR\" \/>\n<meta property=\"og:type\" content=\"article\" \/>\n<meta property=\"og:title\" content=\"Notre organisme - Caf 23 - 2024\" \/>\n<meta property=\"og:description\" content=\"Le mot de la Directrice B\u00e9atrice MOLEON, Directrice de la Caf de la Creuse Ce rapport d&rsquo;activit\u00e9 de la Caf [&hellip;]\" \/>\n<meta property=\"og:url\" content=\"https:\/\/caf-rapport-activite.fr\/caf23-2024\/notre-organisme\/\" \/>\n<meta property=\"og:site_name\" content=\"Caf 23 - 2024\" \/>\n<meta property=\"article:modified_time\" content=\"2025-09-26T06:48:23+00:00\" \/>\n<meta property=\"og:image\" content=\"https:\/\/caf-rapport-activite.fr\/caf23-2024\/wp-content\/uploads\/sites\/23\/2025\/09\/CAF23_Beatrice_MOLEON.jpg\" \/>\n<meta name=\"twitter:card\" content=\"summary_large_image\" \/>\n<meta name=\"twitter:label1\" content=\"Dur\u00e9e de lecture estim\u00e9e\" \/>\n\t<meta name=\"twitter:data1\" content=\"2 minutes\" \/>\n<script type=\"application\/ld+json\" class=\"yoast-schema-graph\">{\"@context\":\"https:\/\/schema.org\",\"@graph\":[{\"@type\":\"WebPage\",\"@id\":\"https:\/\/caf-rapport-activite.fr\/caf23-2024\/notre-organisme\/\",\"url\":\"https:\/\/caf-rapport-activite.fr\/caf23-2024\/notre-organisme\/\",\"name\":\"Notre organisme - Caf 23 - 2024\",\"isPartOf\":{\"@id\":\"https:\/\/caf-rapport-activite.fr\/caf23-2024\/#website\"},\"datePublished\":\"2022-12-09T15:09:05+00:00\",\"dateModified\":\"2025-09-26T06:48:23+00:00\",\"breadcrumb\":{\"@id\":\"https:\/\/caf-rapport-activite.fr\/caf23-2024\/notre-organisme\/#breadcrumb\"},\"inLanguage\":\"fr-FR\",\"potentialAction\":[{\"@type\":\"ReadAction\",\"target\":[\"https:\/\/caf-rapport-activite.fr\/caf23-2024\/notre-organisme\/\"]}]},{\"@type\":\"BreadcrumbList\",\"@id\":\"https:\/\/caf-rapport-activite.fr\/caf23-2024\/notre-organisme\/#breadcrumb\",\"itemListElement\":[{\"@type\":\"ListItem\",\"position\":1,\"name\":\"Accueil\",\"item\":\"https:\/\/caf-rapport-activite.fr\/caf23-2024\/\"},{\"@type\":\"ListItem\",\"position\":2,\"name\":\"Notre organisme\"}]},{\"@type\":\"WebSite\",\"@id\":\"https:\/\/caf-rapport-activite.fr\/caf23-2024\/#website\",\"url\":\"https:\/\/caf-rapport-activite.fr\/caf23-2024\/\",\"name\":\"Caf 23 - 2024\",\"description\":\"\",\"potentialAction\":[{\"@type\":\"SearchAction\",\"target\":{\"@type\":\"EntryPoint\",\"urlTemplate\":\"https:\/\/caf-rapport-activite.fr\/caf23-2024\/?s={search_term_string}\"},\"query-input\":\"required name=search_term_string\"}],\"inLanguage\":\"fr-FR\"}]}<\/script>\n<!-- \/ Yoast SEO plugin. -->","yoast_head_json":{"title":"Notre organisme - Caf 23 - 2024","robots":{"index":"index","follow":"follow","max-snippet":"max-snippet:-1","max-image-preview":"max-image-preview:large","max-video-preview":"max-video-preview:-1"},"canonical":"https:\/\/caf-rapport-activite.fr\/caf23-2024\/notre-organisme\/","og_locale":"fr_FR","og_type":"article","og_title":"Notre organisme - Caf 23 - 2024","og_description":"Le mot de la Directrice B\u00e9atrice MOLEON, Directrice de la Caf de la Creuse Ce rapport d&rsquo;activit\u00e9 de la Caf [&hellip;]","og_url":"https:\/\/caf-rapport-activite.fr\/caf23-2024\/notre-organisme\/","og_site_name":"Caf 23 - 2024","article_modified_time":"2025-09-26T06:48:23+00:00","og_image":[{"url":"https:\/\/caf-rapport-activite.fr\/caf23-2024\/wp-content\/uploads\/sites\/23\/2025\/09\/CAF23_Beatrice_MOLEON.jpg"}],"twitter_card":"summary_large_image","twitter_misc":{"Dur\u00e9e de lecture estim\u00e9e":"2 minutes"},"schema":{"@context":"https:\/\/schema.org","@graph":[{"@type":"WebPage","@id":"https:\/\/caf-rapport-activite.fr\/caf23-2024\/notre-organisme\/","url":"https:\/\/caf-rapport-activite.fr\/caf23-2024\/notre-organisme\/","name":"Notre organisme - Caf 23 - 2024","isPartOf":{"@id":"https:\/\/caf-rapport-activite.fr\/caf23-2024\/#website"},"datePublished":"2022-12-09T15:09:05+00:00","dateModified":"2025-09-26T06:48:23+00:00","breadcrumb":{"@id":"https:\/\/caf-rapport-activite.fr\/caf23-2024\/notre-organisme\/#breadcrumb"},"inLanguage":"fr-FR","potentialAction":[{"@type":"ReadAction","target":["https:\/\/caf-rapport-activite.fr\/caf23-2024\/notre-organisme\/"]}]},{"@type":"BreadcrumbList","@id":"https:\/\/caf-rapport-activite.fr\/caf23-2024\/notre-organisme\/#breadcrumb","itemListElement":[{"@type":"ListItem","position":1,"name":"Accueil","item":"https:\/\/caf-rapport-activite.fr\/caf23-2024\/"},{"@type":"ListItem","position":2,"name":"Notre organisme"}]},{"@type":"WebSite","@id":"https:\/\/caf-rapport-activite.fr\/caf23-2024\/#website","url":"https:\/\/caf-rapport-activite.fr\/caf23-2024\/","name":"Caf 23 - 2024","description":"","potentialAction":[{"@type":"SearchAction","target":{"@type":"EntryPoint","urlTemplate":"https:\/\/caf-rapport-activite.fr\/caf23-2024\/?s={search_term_string}"},"query-input":"required name=search_term_string"}],"inLanguage":"fr-FR"}]}},"_links":{"self":[{"href":"https:\/\/caf-rapport-activite.fr\/caf23-2024\/wp-json\/wp\/v2\/pages\/13"}],"collection":[{"href":"https:\/\/caf-rapport-activite.fr\/caf23-2024\/wp-json\/wp\/v2\/pages"}],"about":[{"href":"https:\/\/caf-rapport-activite.fr\/caf23-2024\/wp-json\/wp\/v2\/types\/page"}],"author":[{"embeddable":true,"href":"https:\/\/caf-rapport-activite.fr\/caf23-2024\/wp-json\/wp\/v2\/users\/1"}],"replies":[{"embeddable":true,"href":"https:\/\/caf-rapport-activite.fr\/caf23-2024\/wp-json\/wp\/v2\/comments?post=13"}],"version-history":[{"count":28,"href":"https:\/\/caf-rapport-activite.fr\/caf23-2024\/wp-json\/wp\/v2\/pages\/13\/revisions"}],"predecessor-version":[{"id":1444,"href":"https:\/\/caf-rapport-activite.fr\/caf23-2024\/wp-json\/wp\/v2\/pages\/13\/revisions\/1444"}],"wp:attachment":[{"href":"https:\/\/caf-rapport-activite.fr\/caf23-2024\/wp-json\/wp\/v2\/media?parent=13"}],"curies":[{"name":"wp","href":"https:\/\/api.w.org\/{rel}","templated":true}]}}

<h2>Le mot de la Directrice</h2>



<div style="height:34px" aria-hidden="true" class="wp-block-spacer"></div>



<div class="is-layout-flex wp-container-5 wp-block-columns">
<div class="is-layout-flow wp-block-column" style="flex-basis:100%">
<div class="is-layout-flex wp-container-3 wp-block-columns">
<div class="is-layout-flow wp-block-column" style="flex-basis:33.33%">
<figure class="wp-block-image size-full is-resized"><img decoding="async" loading="lazy" src="https://caf-rapport-activite.fr/caf23-2024/wp-content/uploads/sites/23/2025/09/CAF23_Beatrice_MOLEON.jpg" alt="" class="wp-image-1431" width="267" height="356" srcset="https://caf-rapport-activite.fr/caf23-2024/wp-content/uploads/sites/23/2025/09/CAF23_Beatrice_MOLEON.jpg 480w, https://caf-rapport-activite.fr/caf23-2024/wp-content/uploads/sites/23/2025/09/CAF23_Beatrice_MOLEON-225x300.jpg 225w" sizes="(max-width: 267px) 100vw, 267px" /></figure>



<p>Béatrice MOLEON,</p>



<p>Directrice de la Caf de la Creuse</p>
</div>



<div class="is-layout-flow wp-block-column" style="flex-basis:66.66%">
<p>Ce rapport d&rsquo;activité de la Caf de la Creuse est le reflet de l&rsquo;activité portée par l&rsquo;ensemble des collaborateurs que je remercie pour leur conscience professionnelle et leur engagement à porter les sujets institutionnels pour le territoire et ses allocataires ou au profit du réseau de la branche Famille à travers les missions confiées ou déléguées.</p>



<p>L&rsquo;année 2024, comme les années antérieures, se traduit par une année partenariale riche (Préfecture et services de l&rsquo;Etat, Conseil départemental,&#8230;) dans un collectif construit qui nous permet d&rsquo;être à l&rsquo;écoute des besoins et d&rsquo;y répondre au mieux.</p>



<p>Mais 2024 c&rsquo;est surtout pour la Creuse des travaux de rapprochement portés par les Présidents de la Caf et de la CPAM et les membres des conseil et conseil d&rsquo;administration avec la direction et les équipes afin que ce beau projet de CCSS voit le jour.</p>



<p><em>A l&rsquo;heure où j&rsquo;écris cet édito c&rsquo;est chose faite, l&rsquo;arrêté de création est publié et cette CCSS de la Creuse verra le jour en date du 1er mars 2026.</em></p>



<p>Cet évènement majeur pour tous les acteurs de la gouvernance n&rsquo;est et ne sera en aucun cas un frein à porter les engagements de chacune des branches Famille et Maladie, nous avons l&rsquo;espoir de permettre au contraire de mieux conduire nos missions en ayant une vision à 360 des besoins des ressortissants de chacun de nos deux organismes.</p>



<p>Je terminerai cet édito en précisant que l&rsquo;engagement des collaborateurs creusois est reconnu par chacun de nos organismes nationaux et nos pairs puisque nous avons pu cette année 2024 créer des postes dans le cadre de la relation de service et de la production.</p>
</div>
</div>
</div>
</div>

<p>Le mot de la Directrice Béatrice MOLEON, Directrice de la Caf de la Creuse Ce rapport d&rsquo;activité de la Caf [&hellip;]</p>

<!-- This site is optimized with the Yoast SEO plugin v19.11 - https://yoast.com/wordpress/plugins/seo/ -->
<title>Notre organisme - Caf 23 - 2024</title>
<meta name="robots" content="index, follow, max-snippet:-1, max-image-preview:large, max-video-preview:-1" />
<link rel="canonical" href="https://caf-rapport-activite.fr/caf23-2024/notre-organisme/" />
<meta property="og:locale" content="fr_FR" />
<meta property="og:type" content="article" />
<meta property="og:title" content="Notre organisme - Caf 23 - 2024" />
<meta property="og:description" content="Le mot de la Directrice Béatrice MOLEON, Directrice de la Caf de la Creuse Ce rapport d&rsquo;activité de la Caf [&hellip;]" />
<meta property="og:url" content="https://caf-rapport-activite.fr/caf23-2024/notre-organisme/" />
<meta property="og:site_name" content="Caf 23 - 2024" />
<meta property="article:modified_time" content="2025-09-26T06:48:23+00:00" />
<meta property="og:image" content="https://caf-rapport-activite.fr/caf23-2024/wp-content/uploads/sites/23/2025/09/CAF23_Beatrice_MOLEON.jpg" />
<meta name="twitter:card" content="summary_large_image" />
<meta name="twitter:label1" content="Durée de lecture estimée" />
	<meta name="twitter:data1" content="2 minutes" />
<script type="application/ld+json" class="yoast-schema-graph">{"@context":"https://schema.org","@graph":[{"@type":"WebPage","@id":"https://caf-rapport-activite.fr/caf23-2024/notre-organisme/","url":"https://caf-rapport-activite.fr/caf23-2024/notre-organisme/","name":"Notre organisme - Caf 23 - 2024","isPartOf":{"@id":"https://caf-rapport-activite.fr/caf23-2024/#website"},"datePublished":"2022-12-09T15:09:05+00:00","dateModified":"2025-09-26T06:48:23+00:00","breadcrumb":{"@id":"https://caf-rapport-activite.fr/caf23-2024/notre-organisme/#breadcrumb"},"inLanguage":"fr-FR","potentialAction":[{"@type":"ReadAction","target":["https://caf-rapport-activite.fr/caf23-2024/notre-organisme/"]}]},{"@type":"BreadcrumbList","@id":"https://caf-rapport-activite.fr/caf23-2024/notre-organisme/#breadcrumb","itemListElement":[{"@type":"ListItem","position":1,"name":"Accueil","item":"https://caf-rapport-activite.fr/caf23-2024/"},{"@type":"ListItem","position":2,"name":"Notre organisme"}]},{"@type":"WebSite","@id":"https://caf-rapport-activite.fr/caf23-2024/#website","url":"https://caf-rapport-activite.fr/caf23-2024/","name":"Caf 23 - 2024","description":"","potentialAction":[{"@type":"SearchAction","target":{"@type":"EntryPoint","urlTemplate":"https://caf-rapport-activite.fr/caf23-2024/?s={search_term_string}"},"query-input":"required name=search_term_string"}],"inLanguage":"fr-FR"}]}</script>
<!-- / Yoast SEO plugin. -->

Le mot de la Directrice Béatrice MOLEON, Directrice de la Caf de la Creuse Ce rapport d&rsquo;activité de la Caf [&hellip;]
