{"id":509,"date":"2023-08-10T12:20:40","date_gmt":"2023-08-10T10:20:40","guid":{"rendered":"https:\/\/caf-rapport-activite.fr\/caf23-2022\/?post_type=temp-fort&#038;p=509"},"modified":"2023-08-25T11:28:06","modified_gmt":"2023-08-25T09:28:06","slug":"mesures-bas-salaire","status":"publish","type":"temp-fort","link":"https:\/\/caf-rapport-activite.fr\/caf23-2022\/temp-fort\/mesures-bas-salaire\/","title":{"rendered":"Mesures bas salaire"},"content":{"rendered":"\n<p>Le contexte \u00e9conomique rencontr\u00e9 en 2022 a entrain\u00e9 la mise en place de mesures salariales exceptionnelles dans le but de lutter contre l\u2019inflation. Ainsi, les salaires les plus bas ont \u00e9t\u00e9 rehauss\u00e9s par l\u2019obtention de points suppl\u00e9mentaires. En parall\u00e8le, le point a \u00e9t\u00e9 revaloris\u00e9 de 3.5% en passant \u00e0 7.49694 \u20ac \u00e0 compter du 1<sup>er<\/sup> octobre 2022.\u00a0<\/p>\n","protected":false},"excerpt":{"rendered":"<p>Le contexte \u00e9conomique rencontr\u00e9 en 2022 a entrain\u00e9 la mise en place de mesures salariales exceptionnelles dans le but de [&hellip;]<\/p>\n","protected":false},"featured_media":510,"parent":0,"menu_order":13,"template":"","activite":[],"yoast_head":"<!-- This site is optimized with the Yoast SEO plugin v19.11 - https:\/\/yoast.com\/wordpress\/plugins\/seo\/ -->\n<title>Mesures bas salaire - Caf23 - 2022<\/title>\n<meta name=\"robots\" content=\"index, follow, max-snippet:-1, max-image-preview:large, max-video-preview:-1\" \/>\n<link rel=\"canonical\" href=\"https:\/\/caf-rapport-activite.fr\/caf23-2022\/temp-fort\/mesures-bas-salaire\/\" \/>\n<meta property=\"og:locale\" content=\"fr_FR\" \/>\n<meta property=\"og:type\" content=\"article\" \/>\n<meta property=\"og:title\" content=\"Mesures bas salaire - Caf23 - 2022\" \/>\n<meta property=\"og:description\" content=\"Le contexte \u00e9conomique rencontr\u00e9 en 2022 a entrain\u00e9 la mise en place de mesures salariales exceptionnelles dans le but de [&hellip;]\" \/>\n<meta property=\"og:url\" content=\"https:\/\/caf-rapport-activite.fr\/caf23-2022\/temp-fort\/mesures-bas-salaire\/\" \/>\n<meta property=\"og:site_name\" content=\"Caf23 - 2022\" \/>\n<meta property=\"article:modified_time\" content=\"2023-08-25T09:28:06+00:00\" \/>\n<meta property=\"og:image\" content=\"https:\/\/caf-rapport-activite.fr\/caf23-2022\/wp-content\/uploads\/sites\/8\/2023\/08\/mesure-bas-salaire.jpg\" \/>\n\t<meta property=\"og:image:width\" content=\"1280\" \/>\n\t<meta property=\"og:image:height\" content=\"825\" \/>\n\t<meta property=\"og:image:type\" content=\"image\/jpeg\" \/>\n<meta name=\"twitter:card\" content=\"summary_large_image\" \/>\n<meta name=\"twitter:label1\" content=\"Dur\u00e9e de lecture estim\u00e9e\" \/>\n\t<meta name=\"twitter:data1\" content=\"1 minute\" \/>\n<script type=\"application\/ld+json\" class=\"yoast-schema-graph\">{\"@context\":\"https:\/\/schema.org\",\"@graph\":[{\"@type\":\"WebPage\",\"@id\":\"https:\/\/caf-rapport-activite.fr\/caf23-2022\/temp-fort\/mesures-bas-salaire\/\",\"url\":\"https:\/\/caf-rapport-activite.fr\/caf23-2022\/temp-fort\/mesures-bas-salaire\/\",\"name\":\"Mesures bas salaire - Caf23 - 2022\",\"isPartOf\":{\"@id\":\"https:\/\/caf-rapport-activite.fr\/caf23-2022\/#website\"},\"datePublished\":\"2023-08-10T10:20:40+00:00\",\"dateModified\":\"2023-08-25T09:28:06+00:00\",\"breadcrumb\":{\"@id\":\"https:\/\/caf-rapport-activite.fr\/caf23-2022\/temp-fort\/mesures-bas-salaire\/#breadcrumb\"},\"inLanguage\":\"fr-FR\",\"potentialAction\":[{\"@type\":\"ReadAction\",\"target\":[\"https:\/\/caf-rapport-activite.fr\/caf23-2022\/temp-fort\/mesures-bas-salaire\/\"]}]},{\"@type\":\"BreadcrumbList\",\"@id\":\"https:\/\/caf-rapport-activite.fr\/caf23-2022\/temp-fort\/mesures-bas-salaire\/#breadcrumb\",\"itemListElement\":[{\"@type\":\"ListItem\",\"position\":1,\"name\":\"Accueil\",\"item\":\"https:\/\/caf-rapport-activite.fr\/caf23-2022\/\"},{\"@type\":\"ListItem\",\"position\":2,\"name\":\"Temps forts\",\"item\":\"https:\/\/caf-rapport-activite.fr\/caf23-2022\/temp-fort\/\"},{\"@type\":\"ListItem\",\"position\":3,\"name\":\"Mesures bas salaire\"}]},{\"@type\":\"WebSite\",\"@id\":\"https:\/\/caf-rapport-activite.fr\/caf23-2022\/#website\",\"url\":\"https:\/\/caf-rapport-activite.fr\/caf23-2022\/\",\"name\":\"Caf23 - 2022\",\"description\":\"\",\"potentialAction\":[{\"@type\":\"SearchAction\",\"target\":{\"@type\":\"EntryPoint\",\"urlTemplate\":\"https:\/\/caf-rapport-activite.fr\/caf23-2022\/?s={search_term_string}\"},\"query-input\":\"required name=search_term_string\"}],\"inLanguage\":\"fr-FR\"}]}<\/script>\n<!-- \/ Yoast SEO plugin. -->","yoast_head_json":{"title":"Mesures bas salaire - Caf23 - 2022","robots":{"index":"index","follow":"follow","max-snippet":"max-snippet:-1","max-image-preview":"max-image-preview:large","max-video-preview":"max-video-preview:-1"},"canonical":"https:\/\/caf-rapport-activite.fr\/caf23-2022\/temp-fort\/mesures-bas-salaire\/","og_locale":"fr_FR","og_type":"article","og_title":"Mesures bas salaire - Caf23 - 2022","og_description":"Le contexte \u00e9conomique rencontr\u00e9 en 2022 a entrain\u00e9 la mise en place de mesures salariales exceptionnelles dans le but de [&hellip;]","og_url":"https:\/\/caf-rapport-activite.fr\/caf23-2022\/temp-fort\/mesures-bas-salaire\/","og_site_name":"Caf23 - 2022","article_modified_time":"2023-08-25T09:28:06+00:00","og_image":[{"width":1280,"height":825,"url":"https:\/\/caf-rapport-activite.fr\/caf23-2022\/wp-content\/uploads\/sites\/8\/2023\/08\/mesure-bas-salaire.jpg","type":"image\/jpeg"}],"twitter_card":"summary_large_image","twitter_misc":{"Dur\u00e9e de lecture estim\u00e9e":"1 minute"},"schema":{"@context":"https:\/\/schema.org","@graph":[{"@type":"WebPage","@id":"https:\/\/caf-rapport-activite.fr\/caf23-2022\/temp-fort\/mesures-bas-salaire\/","url":"https:\/\/caf-rapport-activite.fr\/caf23-2022\/temp-fort\/mesures-bas-salaire\/","name":"Mesures bas salaire - Caf23 - 2022","isPartOf":{"@id":"https:\/\/caf-rapport-activite.fr\/caf23-2022\/#website"},"datePublished":"2023-08-10T10:20:40+00:00","dateModified":"2023-08-25T09:28:06+00:00","breadcrumb":{"@id":"https:\/\/caf-rapport-activite.fr\/caf23-2022\/temp-fort\/mesures-bas-salaire\/#breadcrumb"},"inLanguage":"fr-FR","potentialAction":[{"@type":"ReadAction","target":["https:\/\/caf-rapport-activite.fr\/caf23-2022\/temp-fort\/mesures-bas-salaire\/"]}]},{"@type":"BreadcrumbList","@id":"https:\/\/caf-rapport-activite.fr\/caf23-2022\/temp-fort\/mesures-bas-salaire\/#breadcrumb","itemListElement":[{"@type":"ListItem","position":1,"name":"Accueil","item":"https:\/\/caf-rapport-activite.fr\/caf23-2022\/"},{"@type":"ListItem","position":2,"name":"Temps forts","item":"https:\/\/caf-rapport-activite.fr\/caf23-2022\/temp-fort\/"},{"@type":"ListItem","position":3,"name":"Mesures bas salaire"}]},{"@type":"WebSite","@id":"https:\/\/caf-rapport-activite.fr\/caf23-2022\/#website","url":"https:\/\/caf-rapport-activite.fr\/caf23-2022\/","name":"Caf23 - 2022","description":"","potentialAction":[{"@type":"SearchAction","target":{"@type":"EntryPoint","urlTemplate":"https:\/\/caf-rapport-activite.fr\/caf23-2022\/?s={search_term_string}"},"query-input":"required name=search_term_string"}],"inLanguage":"fr-FR"}]}},"_links":{"self":[{"href":"https:\/\/caf-rapport-activite.fr\/caf23-2022\/wp-json\/wp\/v2\/temp-fort\/509"}],"collection":[{"href":"https:\/\/caf-rapport-activite.fr\/caf23-2022\/wp-json\/wp\/v2\/temp-fort"}],"about":[{"href":"https:\/\/caf-rapport-activite.fr\/caf23-2022\/wp-json\/wp\/v2\/types\/temp-fort"}],"wp:featuredmedia":[{"embeddable":true,"href":"https:\/\/caf-rapport-activite.fr\/caf23-2022\/wp-json\/wp\/v2\/media\/510"}],"wp:attachment":[{"href":"https:\/\/caf-rapport-activite.fr\/caf23-2022\/wp-json\/wp\/v2\/media?parent=509"}],"wp:term":[{"taxonomy":"activite","embeddable":true,"href":"https:\/\/caf-rapport-activite.fr\/caf23-2022\/wp-json\/wp\/v2\/activite?post=509"}],"curies":[{"name":"wp","href":"https:\/\/api.w.org\/{rel}","templated":true}]}}

<p>Le contexte économique rencontré en 2022 a entrainé la mise en place de mesures salariales exceptionnelles dans le but de lutter contre l’inflation. Ainsi, les salaires les plus bas ont été rehaussés par l’obtention de points supplémentaires. En parallèle, le point a été revalorisé de 3.5% en passant à 7.49694 € à compter du 1<sup>er</sup> octobre 2022. </p>

<p>Le contexte économique rencontré en 2022 a entrainé la mise en place de mesures salariales exceptionnelles dans le but de [&hellip;]</p>

<!-- This site is optimized with the Yoast SEO plugin v19.11 - https://yoast.com/wordpress/plugins/seo/ -->
<title>Mesures bas salaire - Caf23 - 2022</title>
<meta name="robots" content="index, follow, max-snippet:-1, max-image-preview:large, max-video-preview:-1" />
<link rel="canonical" href="https://caf-rapport-activite.fr/caf23-2022/temp-fort/mesures-bas-salaire/" />
<meta property="og:locale" content="fr_FR" />
<meta property="og:type" content="article" />
<meta property="og:title" content="Mesures bas salaire - Caf23 - 2022" />
<meta property="og:description" content="Le contexte économique rencontré en 2022 a entrainé la mise en place de mesures salariales exceptionnelles dans le but de [&hellip;]" />
<meta property="og:url" content="https://caf-rapport-activite.fr/caf23-2022/temp-fort/mesures-bas-salaire/" />
<meta property="og:site_name" content="Caf23 - 2022" />
<meta property="article:modified_time" content="2023-08-25T09:28:06+00:00" />
<meta property="og:image" content="https://caf-rapport-activite.fr/caf23-2022/wp-content/uploads/sites/8/2023/08/mesure-bas-salaire.jpg" />
	<meta property="og:image:width" content="1280" />
	<meta property="og:image:height" content="825" />
	<meta property="og:image:type" content="image/jpeg" />
<meta name="twitter:card" content="summary_large_image" />
<meta name="twitter:label1" content="Durée de lecture estimée" />
	<meta name="twitter:data1" content="1 minute" />
<script type="application/ld+json" class="yoast-schema-graph">{"@context":"https://schema.org","@graph":[{"@type":"WebPage","@id":"https://caf-rapport-activite.fr/caf23-2022/temp-fort/mesures-bas-salaire/","url":"https://caf-rapport-activite.fr/caf23-2022/temp-fort/mesures-bas-salaire/","name":"Mesures bas salaire - Caf23 - 2022","isPartOf":{"@id":"https://caf-rapport-activite.fr/caf23-2022/#website"},"datePublished":"2023-08-10T10:20:40+00:00","dateModified":"2023-08-25T09:28:06+00:00","breadcrumb":{"@id":"https://caf-rapport-activite.fr/caf23-2022/temp-fort/mesures-bas-salaire/#breadcrumb"},"inLanguage":"fr-FR","potentialAction":[{"@type":"ReadAction","target":["https://caf-rapport-activite.fr/caf23-2022/temp-fort/mesures-bas-salaire/"]}]},{"@type":"BreadcrumbList","@id":"https://caf-rapport-activite.fr/caf23-2022/temp-fort/mesures-bas-salaire/#breadcrumb","itemListElement":[{"@type":"ListItem","position":1,"name":"Accueil","item":"https://caf-rapport-activite.fr/caf23-2022/"},{"@type":"ListItem","position":2,"name":"Temps forts","item":"https://caf-rapport-activite.fr/caf23-2022/temp-fort/"},{"@type":"ListItem","position":3,"name":"Mesures bas salaire"}]},{"@type":"WebSite","@id":"https://caf-rapport-activite.fr/caf23-2022/#website","url":"https://caf-rapport-activite.fr/caf23-2022/","name":"Caf23 - 2022","description":"","potentialAction":[{"@type":"SearchAction","target":{"@type":"EntryPoint","urlTemplate":"https://caf-rapport-activite.fr/caf23-2022/?s={search_term_string}"},"query-input":"required name=search_term_string"}],"inLanguage":"fr-FR"}]}</script>
<!-- / Yoast SEO plugin. -->

Le contexte économique rencontré en 2022 a entrainé la mise en place de mesures salariales exceptionnelles dans le but de [&hellip;]
