{"id":2067,"date":"2026-04-23T12:19:58","date_gmt":"2026-04-23T10:19:58","guid":{"rendered":"https:\/\/caf-rapport-activite.fr\/caf17-2025\/?post_type=temp-fort&#038;p=2067"},"modified":"2026-04-23T12:22:36","modified_gmt":"2026-04-23T10:22:36","slug":"un-parcours-attentionne-pour-les-travailleurs-independants","status":"publish","type":"temp-fort","link":"https:\/\/caf-rapport-activite.fr\/caf17-2025\/temp-fort\/un-parcours-attentionne-pour-les-travailleurs-independants\/","title":{"rendered":"Un parcours attentionn\u00e9 pour les travailleurs ind\u00e9pendants"},"content":{"rendered":"\n<p>Travailleur ind\u00e9pendant, auto-entrepreneur, travailleur non salari\u00e9 &#8230; Pour aider ces usagers dans leur parcours professionnel comme personnel, nous proposons un accompagnement personnalis\u00e9 et adapt\u00e9 \u00e0 leur statut et \u00e0 leurs attentes.<\/p>\n\n\n\n<p>En compl\u00e9ment \u00e0 ces informations en ligne<strong>, le nouveau p\u00f4le d\u00e9di\u00e9 du service prestations a organis\u00e9 un webinaire sp\u00e9cifique, en partenariat avec nos coll\u00e8gues des organismes de S\u00e9curit\u00e9 sociale.<\/strong><\/p>\n\n\n\n<p>Ainsi, le 15 d\u00e9cembre 2025 a \u00e9t\u00e9 diffus\u00e9 un&nbsp;<strong>webinaire&nbsp;<\/strong>sp\u00e9cifique Travailleur ind\u00e9pendant (micro entrepreneur) pr\u00e9-enregistr\u00e9. Pour le pr\u00e9senter plusieurs coll\u00e8gues de la S\u00e9curit\u00e9 sociale se sont prises au jeu. L&rsquo;Urssaf, la Cpam et la Caf. Elles ont pr\u00e9sent\u00e9 \u00e0 nos allocataires les dispositifs d&rsquo;aides auxquels ils ont droit et l&rsquo;\u00e9volution de leurs modalit\u00e9s de d\u00e9claration de ressources.&nbsp;<\/p>\n\n\n\n<p>Le dispositif \u00ab\u00a0<strong>Help !\u00a0\u00bb<\/strong>&nbsp;a \u00e9galement \u00e9t\u00e9 mis en avant. Il est offert et g\u00e9r\u00e9 en simultan\u00e9 par toutes les branches de la S\u00e9curit\u00e9 sociale pour accompagner les TI en difficult\u00e9s.<\/p>\n\n\n\n<p>Ce webinaire avait pour enjeu de rapprocher les diff\u00e9rents services des probl\u00e9matiques r\u00e9elles de notre population de travailleurs ind\u00e9pendants. R\u00e9pondant \u00e0 notre objectif de COG (2023-2027) : <\/p>\n\n\n\n<blockquote class=\"wp-block-quote\">\n<p>\u201cAller vers nos allocataires avant qu\u2019ils ne viennent vers nous, afin de pr\u00e9venir les besoins et les contacts.\u201d<\/p>\n<\/blockquote>\n\n\n<div class=\"wp-block-image\">\n<figure class=\"aligncenter size-full is-resized\"><img decoding=\"async\" src=\"https:\/\/caf-rapport-activite.fr\/caf17-2025\/wp-content\/uploads\/sites\/29\/2026\/04\/202511_webinaire_Eti-2-edited.jpg\" alt=\"\" class=\"wp-image-2069\" width=\"576\" srcset=\"https:\/\/caf-rapport-activite.fr\/caf17-2025\/wp-content\/uploads\/sites\/29\/2026\/04\/202511_webinaire_Eti-2-edited.jpg 768w, https:\/\/caf-rapport-activite.fr\/caf17-2025\/wp-content\/uploads\/sites\/29\/2026\/04\/202511_webinaire_Eti-2-edited-300x300.jpg 300w, https:\/\/caf-rapport-activite.fr\/caf17-2025\/wp-content\/uploads\/sites\/29\/2026\/04\/202511_webinaire_Eti-2-edited-150x150.jpg 150w\" sizes=\"(max-width: 768px) 100vw, 768px\" \/><\/figure><\/div>","protected":false},"excerpt":{"rendered":"<p>Travailleur ind\u00e9pendant, auto-entrepreneur, travailleur non salari\u00e9 &#8230; Pour aider ces usagers dans leur parcours professionnel comme personnel, nous proposons un [&hellip;]<\/p>\n","protected":false},"featured_media":2069,"parent":0,"menu_order":0,"template":"","activite":[3],"yoast_head":"<!-- This site is optimized with the Yoast SEO plugin v19.11 - https:\/\/yoast.com\/wordpress\/plugins\/seo\/ -->\n<title>Un parcours attentionn\u00e9 pour les travailleurs ind\u00e9pendants - Caf 17 - 2025<\/title>\n<meta name=\"robots\" content=\"index, follow, max-snippet:-1, max-image-preview:large, max-video-preview:-1\" \/>\n<link rel=\"canonical\" href=\"https:\/\/caf-rapport-activite.fr\/caf17-2025\/temp-fort\/un-parcours-attentionne-pour-les-travailleurs-independants\/\" \/>\n<meta property=\"og:locale\" content=\"fr_FR\" \/>\n<meta property=\"og:type\" content=\"article\" \/>\n<meta property=\"og:title\" content=\"Un parcours attentionn\u00e9 pour les travailleurs ind\u00e9pendants - Caf 17 - 2025\" \/>\n<meta property=\"og:description\" content=\"Travailleur ind\u00e9pendant, auto-entrepreneur, travailleur non salari\u00e9 &#8230; Pour aider ces usagers dans leur parcours professionnel comme personnel, nous proposons un [&hellip;]\" \/>\n<meta property=\"og:url\" content=\"https:\/\/caf-rapport-activite.fr\/caf17-2025\/temp-fort\/un-parcours-attentionne-pour-les-travailleurs-independants\/\" \/>\n<meta property=\"og:site_name\" content=\"Caf 17 - 2025\" \/>\n<meta property=\"article:modified_time\" content=\"2026-04-23T10:22:36+00:00\" \/>\n<meta property=\"og:image\" content=\"https:\/\/caf-rapport-activite.fr\/caf17-2025\/wp-content\/uploads\/sites\/29\/2026\/04\/202511_webinaire_Eti-2-edited.jpg\" \/>\n\t<meta property=\"og:image:width\" content=\"768\" \/>\n\t<meta property=\"og:image:height\" content=\"768\" \/>\n\t<meta property=\"og:image:type\" content=\"image\/jpeg\" \/>\n<meta name=\"twitter:card\" content=\"summary_large_image\" \/>\n<meta name=\"twitter:label1\" content=\"Dur\u00e9e de lecture estim\u00e9e\" \/>\n\t<meta name=\"twitter:data1\" content=\"2 minutes\" \/>\n<script type=\"application\/ld+json\" class=\"yoast-schema-graph\">{\"@context\":\"https:\/\/schema.org\",\"@graph\":[{\"@type\":\"WebPage\",\"@id\":\"https:\/\/caf-rapport-activite.fr\/caf17-2025\/temp-fort\/un-parcours-attentionne-pour-les-travailleurs-independants\/\",\"url\":\"https:\/\/caf-rapport-activite.fr\/caf17-2025\/temp-fort\/un-parcours-attentionne-pour-les-travailleurs-independants\/\",\"name\":\"Un parcours attentionn\u00e9 pour les travailleurs ind\u00e9pendants - Caf 17 - 2025\",\"isPartOf\":{\"@id\":\"https:\/\/caf-rapport-activite.fr\/caf17-2025\/#website\"},\"datePublished\":\"2026-04-23T10:19:58+00:00\",\"dateModified\":\"2026-04-23T10:22:36+00:00\",\"breadcrumb\":{\"@id\":\"https:\/\/caf-rapport-activite.fr\/caf17-2025\/temp-fort\/un-parcours-attentionne-pour-les-travailleurs-independants\/#breadcrumb\"},\"inLanguage\":\"fr-FR\",\"potentialAction\":[{\"@type\":\"ReadAction\",\"target\":[\"https:\/\/caf-rapport-activite.fr\/caf17-2025\/temp-fort\/un-parcours-attentionne-pour-les-travailleurs-independants\/\"]}]},{\"@type\":\"BreadcrumbList\",\"@id\":\"https:\/\/caf-rapport-activite.fr\/caf17-2025\/temp-fort\/un-parcours-attentionne-pour-les-travailleurs-independants\/#breadcrumb\",\"itemListElement\":[{\"@type\":\"ListItem\",\"position\":1,\"name\":\"Accueil\",\"item\":\"https:\/\/caf-rapport-activite.fr\/caf17-2025\/\"},{\"@type\":\"ListItem\",\"position\":2,\"name\":\"Temps forts\",\"item\":\"https:\/\/caf-rapport-activite.fr\/caf17-2025\/temp-fort\/\"},{\"@type\":\"ListItem\",\"position\":3,\"name\":\"Un parcours attentionn\u00e9 pour les travailleurs ind\u00e9pendants\"}]},{\"@type\":\"WebSite\",\"@id\":\"https:\/\/caf-rapport-activite.fr\/caf17-2025\/#website\",\"url\":\"https:\/\/caf-rapport-activite.fr\/caf17-2025\/\",\"name\":\"Caf 17 - 2025\",\"description\":\"\",\"potentialAction\":[{\"@type\":\"SearchAction\",\"target\":{\"@type\":\"EntryPoint\",\"urlTemplate\":\"https:\/\/caf-rapport-activite.fr\/caf17-2025\/?s={search_term_string}\"},\"query-input\":\"required name=search_term_string\"}],\"inLanguage\":\"fr-FR\"}]}<\/script>\n<!-- \/ Yoast SEO plugin. -->","yoast_head_json":{"title":"Un parcours attentionn\u00e9 pour les travailleurs ind\u00e9pendants - Caf 17 - 2025","robots":{"index":"index","follow":"follow","max-snippet":"max-snippet:-1","max-image-preview":"max-image-preview:large","max-video-preview":"max-video-preview:-1"},"canonical":"https:\/\/caf-rapport-activite.fr\/caf17-2025\/temp-fort\/un-parcours-attentionne-pour-les-travailleurs-independants\/","og_locale":"fr_FR","og_type":"article","og_title":"Un parcours attentionn\u00e9 pour les travailleurs ind\u00e9pendants - Caf 17 - 2025","og_description":"Travailleur ind\u00e9pendant, auto-entrepreneur, travailleur non salari\u00e9 &#8230; Pour aider ces usagers dans leur parcours professionnel comme personnel, nous proposons un [&hellip;]","og_url":"https:\/\/caf-rapport-activite.fr\/caf17-2025\/temp-fort\/un-parcours-attentionne-pour-les-travailleurs-independants\/","og_site_name":"Caf 17 - 2025","article_modified_time":"2026-04-23T10:22:36+00:00","og_image":[{"width":768,"height":768,"url":"https:\/\/caf-rapport-activite.fr\/caf17-2025\/wp-content\/uploads\/sites\/29\/2026\/04\/202511_webinaire_Eti-2-edited.jpg","type":"image\/jpeg"}],"twitter_card":"summary_large_image","twitter_misc":{"Dur\u00e9e de lecture estim\u00e9e":"2 minutes"},"schema":{"@context":"https:\/\/schema.org","@graph":[{"@type":"WebPage","@id":"https:\/\/caf-rapport-activite.fr\/caf17-2025\/temp-fort\/un-parcours-attentionne-pour-les-travailleurs-independants\/","url":"https:\/\/caf-rapport-activite.fr\/caf17-2025\/temp-fort\/un-parcours-attentionne-pour-les-travailleurs-independants\/","name":"Un parcours attentionn\u00e9 pour les travailleurs ind\u00e9pendants - Caf 17 - 2025","isPartOf":{"@id":"https:\/\/caf-rapport-activite.fr\/caf17-2025\/#website"},"datePublished":"2026-04-23T10:19:58+00:00","dateModified":"2026-04-23T10:22:36+00:00","breadcrumb":{"@id":"https:\/\/caf-rapport-activite.fr\/caf17-2025\/temp-fort\/un-parcours-attentionne-pour-les-travailleurs-independants\/#breadcrumb"},"inLanguage":"fr-FR","potentialAction":[{"@type":"ReadAction","target":["https:\/\/caf-rapport-activite.fr\/caf17-2025\/temp-fort\/un-parcours-attentionne-pour-les-travailleurs-independants\/"]}]},{"@type":"BreadcrumbList","@id":"https:\/\/caf-rapport-activite.fr\/caf17-2025\/temp-fort\/un-parcours-attentionne-pour-les-travailleurs-independants\/#breadcrumb","itemListElement":[{"@type":"ListItem","position":1,"name":"Accueil","item":"https:\/\/caf-rapport-activite.fr\/caf17-2025\/"},{"@type":"ListItem","position":2,"name":"Temps forts","item":"https:\/\/caf-rapport-activite.fr\/caf17-2025\/temp-fort\/"},{"@type":"ListItem","position":3,"name":"Un parcours attentionn\u00e9 pour les travailleurs ind\u00e9pendants"}]},{"@type":"WebSite","@id":"https:\/\/caf-rapport-activite.fr\/caf17-2025\/#website","url":"https:\/\/caf-rapport-activite.fr\/caf17-2025\/","name":"Caf 17 - 2025","description":"","potentialAction":[{"@type":"SearchAction","target":{"@type":"EntryPoint","urlTemplate":"https:\/\/caf-rapport-activite.fr\/caf17-2025\/?s={search_term_string}"},"query-input":"required name=search_term_string"}],"inLanguage":"fr-FR"}]}},"_links":{"self":[{"href":"https:\/\/caf-rapport-activite.fr\/caf17-2025\/wp-json\/wp\/v2\/temp-fort\/2067"}],"collection":[{"href":"https:\/\/caf-rapport-activite.fr\/caf17-2025\/wp-json\/wp\/v2\/temp-fort"}],"about":[{"href":"https:\/\/caf-rapport-activite.fr\/caf17-2025\/wp-json\/wp\/v2\/types\/temp-fort"}],"wp:featuredmedia":[{"embeddable":true,"href":"https:\/\/caf-rapport-activite.fr\/caf17-2025\/wp-json\/wp\/v2\/media\/2069"}],"wp:attachment":[{"href":"https:\/\/caf-rapport-activite.fr\/caf17-2025\/wp-json\/wp\/v2\/media?parent=2067"}],"wp:term":[{"taxonomy":"activite","embeddable":true,"href":"https:\/\/caf-rapport-activite.fr\/caf17-2025\/wp-json\/wp\/v2\/activite?post=2067"}],"curies":[{"name":"wp","href":"https:\/\/api.w.org\/{rel}","templated":true}]}}

Un parcours attentionné pour les travailleurs indépendants

<p>Travailleur indépendant, auto-entrepreneur, travailleur non salarié &#8230; Pour aider ces usagers dans leur parcours professionnel comme personnel, nous proposons un accompagnement personnalisé et adapté à leur statut et à leurs attentes.</p>



<p>En complément à ces informations en ligne<strong>, le nouveau pôle dédié du service prestations a organisé un webinaire spécifique, en partenariat avec nos collègues des organismes de Sécurité sociale.</strong></p>



<p>Ainsi, le 15 décembre 2025 a été diffusé un&nbsp;<strong>webinaire&nbsp;</strong>spécifique Travailleur indépendant (micro entrepreneur) pré-enregistré. Pour le présenter plusieurs collègues de la Sécurité sociale se sont prises au jeu. L&rsquo;Urssaf, la Cpam et la Caf. Elles ont présenté à nos allocataires les dispositifs d&rsquo;aides auxquels ils ont droit et l&rsquo;évolution de leurs modalités de déclaration de ressources.&nbsp;</p>



<p>Le dispositif « <strong>Help ! »</strong>&nbsp;a également été mis en avant. Il est offert et géré en simultané par toutes les branches de la Sécurité sociale pour accompagner les TI en difficultés.</p>



<p>Ce webinaire avait pour enjeu de rapprocher les différents services des problématiques réelles de notre population de travailleurs indépendants. Répondant à notre objectif de COG (2023-2027) : </p>



<blockquote class="wp-block-quote">
<p>“Aller vers nos allocataires avant qu’ils ne viennent vers nous, afin de prévenir les besoins et les contacts.”</p>
</blockquote>


<div class="wp-block-image">
<figure class="aligncenter size-full is-resized"><img decoding="async" src="https://caf-rapport-activite.fr/caf17-2025/wp-content/uploads/sites/29/2026/04/202511_webinaire_Eti-2-edited.jpg" alt="" class="wp-image-2069" width="576" srcset="https://caf-rapport-activite.fr/caf17-2025/wp-content/uploads/sites/29/2026/04/202511_webinaire_Eti-2-edited.jpg 768w, https://caf-rapport-activite.fr/caf17-2025/wp-content/uploads/sites/29/2026/04/202511_webinaire_Eti-2-edited-300x300.jpg 300w, https://caf-rapport-activite.fr/caf17-2025/wp-content/uploads/sites/29/2026/04/202511_webinaire_Eti-2-edited-150x150.jpg 150w" sizes="(max-width: 768px) 100vw, 768px" /></figure></div>

<p>Travailleur indépendant, auto-entrepreneur, travailleur non salarié &#8230; Pour aider ces usagers dans leur parcours professionnel comme personnel, nous proposons un [&hellip;]</p>

<!-- This site is optimized with the Yoast SEO plugin v19.11 - https://yoast.com/wordpress/plugins/seo/ -->
<title>Un parcours attentionné pour les travailleurs indépendants - Caf 17 - 2025</title>
<meta name="robots" content="index, follow, max-snippet:-1, max-image-preview:large, max-video-preview:-1" />
<link rel="canonical" href="https://caf-rapport-activite.fr/caf17-2025/temp-fort/un-parcours-attentionne-pour-les-travailleurs-independants/" />
<meta property="og:locale" content="fr_FR" />
<meta property="og:type" content="article" />
<meta property="og:title" content="Un parcours attentionné pour les travailleurs indépendants - Caf 17 - 2025" />
<meta property="og:description" content="Travailleur indépendant, auto-entrepreneur, travailleur non salarié &#8230; Pour aider ces usagers dans leur parcours professionnel comme personnel, nous proposons un [&hellip;]" />
<meta property="og:url" content="https://caf-rapport-activite.fr/caf17-2025/temp-fort/un-parcours-attentionne-pour-les-travailleurs-independants/" />
<meta property="og:site_name" content="Caf 17 - 2025" />
<meta property="article:modified_time" content="2026-04-23T10:22:36+00:00" />
<meta property="og:image" content="https://caf-rapport-activite.fr/caf17-2025/wp-content/uploads/sites/29/2026/04/202511_webinaire_Eti-2-edited.jpg" />
	<meta property="og:image:width" content="768" />
	<meta property="og:image:height" content="768" />
	<meta property="og:image:type" content="image/jpeg" />
<meta name="twitter:card" content="summary_large_image" />
<meta name="twitter:label1" content="Durée de lecture estimée" />
	<meta name="twitter:data1" content="2 minutes" />
<script type="application/ld+json" class="yoast-schema-graph">{"@context":"https://schema.org","@graph":[{"@type":"WebPage","@id":"https://caf-rapport-activite.fr/caf17-2025/temp-fort/un-parcours-attentionne-pour-les-travailleurs-independants/","url":"https://caf-rapport-activite.fr/caf17-2025/temp-fort/un-parcours-attentionne-pour-les-travailleurs-independants/","name":"Un parcours attentionné pour les travailleurs indépendants - Caf 17 - 2025","isPartOf":{"@id":"https://caf-rapport-activite.fr/caf17-2025/#website"},"datePublished":"2026-04-23T10:19:58+00:00","dateModified":"2026-04-23T10:22:36+00:00","breadcrumb":{"@id":"https://caf-rapport-activite.fr/caf17-2025/temp-fort/un-parcours-attentionne-pour-les-travailleurs-independants/#breadcrumb"},"inLanguage":"fr-FR","potentialAction":[{"@type":"ReadAction","target":["https://caf-rapport-activite.fr/caf17-2025/temp-fort/un-parcours-attentionne-pour-les-travailleurs-independants/"]}]},{"@type":"BreadcrumbList","@id":"https://caf-rapport-activite.fr/caf17-2025/temp-fort/un-parcours-attentionne-pour-les-travailleurs-independants/#breadcrumb","itemListElement":[{"@type":"ListItem","position":1,"name":"Accueil","item":"https://caf-rapport-activite.fr/caf17-2025/"},{"@type":"ListItem","position":2,"name":"Temps forts","item":"https://caf-rapport-activite.fr/caf17-2025/temp-fort/"},{"@type":"ListItem","position":3,"name":"Un parcours attentionné pour les travailleurs indépendants"}]},{"@type":"WebSite","@id":"https://caf-rapport-activite.fr/caf17-2025/#website","url":"https://caf-rapport-activite.fr/caf17-2025/","name":"Caf 17 - 2025","description":"","potentialAction":[{"@type":"SearchAction","target":{"@type":"EntryPoint","urlTemplate":"https://caf-rapport-activite.fr/caf17-2025/?s={search_term_string}"},"query-input":"required name=search_term_string"}],"inLanguage":"fr-FR"}]}</script>
<!-- / Yoast SEO plugin. -->

Un parcours attentionné pour les travailleurs indépendants - Caf 17 - 2025

Travailleur indépendant, auto-entrepreneur, travailleur non salarié &#8230; Pour aider ces usagers dans leur parcours professionnel comme personnel, nous proposons un [&hellip;]
