{"id":2049,"date":"2026-04-22T16:21:29","date_gmt":"2026-04-22T14:21:29","guid":{"rendered":"https:\/\/caf-rapport-activite.fr\/caf17-2025\/?post_type=temp-fort&#038;p=2049"},"modified":"2026-04-22T16:22:52","modified_gmt":"2026-04-22T14:22:52","slug":"quand-la-solidarite-prend-vie","status":"publish","type":"temp-fort","link":"https:\/\/caf-rapport-activite.fr\/caf17-2025\/temp-fort\/quand-la-solidarite-prend-vie\/","title":{"rendered":"Quand la solidarit\u00e9 prend vie&#8230;"},"content":{"rendered":"\n<p>En fin d&rsquo;ann\u00e9e 2025, nous avons lanc\u00e9 un d\u00e9fi simple : offrir un peu de chaleur \u00e0 ceux qui en ont le plus besoin.<br>De cette id\u00e9e est n\u00e9e une belle aventure humaine : la collecte des bo\u00eetes solidaires de No\u00ebl.<br><br>Jeudi 4 d\u00e9cembre, nous avons eu la joie de remettre 40 bo\u00eetes remplies de surprises et d\u2019attention aux Restos du coeur. <br>Un moment fort, partag\u00e9 avec les r\u00e9f\u00e9rentes locales, qui nous ont rappel\u00e9 combien ces gestes comptent pour les personnes seules.<br><br>Ces bo\u00eetes commencent \u00e0 \u00eatre distribu\u00e9es\u2026 et derri\u00e8re chaque paquet, il y a un sourire, une \u00e9tincelle d\u2019espoir.<\/p>\n\n\n<div class=\"wp-block-image\">\n<figure class=\"aligncenter size-medium\"><img decoding=\"async\" loading=\"lazy\" width=\"300\" height=\"300\" src=\"https:\/\/caf-rapport-activite.fr\/caf17-2025\/wp-content\/uploads\/sites\/29\/2026\/04\/Brown-Feminine-Fashion-Mystery-Box-Instagram-Post-300x300.jpg\" alt=\"\" class=\"wp-image-2050\" srcset=\"https:\/\/caf-rapport-activite.fr\/caf17-2025\/wp-content\/uploads\/sites\/29\/2026\/04\/Brown-Feminine-Fashion-Mystery-Box-Instagram-Post-300x300.jpg 300w, https:\/\/caf-rapport-activite.fr\/caf17-2025\/wp-content\/uploads\/sites\/29\/2026\/04\/Brown-Feminine-Fashion-Mystery-Box-Instagram-Post-1024x1024.jpg 1024w, https:\/\/caf-rapport-activite.fr\/caf17-2025\/wp-content\/uploads\/sites\/29\/2026\/04\/Brown-Feminine-Fashion-Mystery-Box-Instagram-Post-150x150.jpg 150w, https:\/\/caf-rapport-activite.fr\/caf17-2025\/wp-content\/uploads\/sites\/29\/2026\/04\/Brown-Feminine-Fashion-Mystery-Box-Instagram-Post-768x768.jpg 768w, https:\/\/caf-rapport-activite.fr\/caf17-2025\/wp-content\/uploads\/sites\/29\/2026\/04\/Brown-Feminine-Fashion-Mystery-Box-Instagram-Post.jpg 1080w\" sizes=\"(max-width: 300px) 100vw, 300px\" \/><\/figure><\/div>","protected":false},"excerpt":{"rendered":"<p>En fin d&rsquo;ann\u00e9e 2025, nous avons lanc\u00e9 un d\u00e9fi simple : offrir un peu de chaleur \u00e0 ceux qui en [&hellip;]<\/p>\n","protected":false},"featured_media":2051,"parent":0,"menu_order":0,"template":"","activite":[],"yoast_head":"<!-- This site is optimized with the Yoast SEO plugin v19.11 - https:\/\/yoast.com\/wordpress\/plugins\/seo\/ -->\n<title>Quand la solidarit\u00e9 prend vie... - Caf 17 - 2025<\/title>\n<meta name=\"robots\" content=\"index, follow, max-snippet:-1, max-image-preview:large, max-video-preview:-1\" \/>\n<link rel=\"canonical\" href=\"https:\/\/caf-rapport-activite.fr\/caf17-2025\/temp-fort\/quand-la-solidarite-prend-vie\/\" \/>\n<meta property=\"og:locale\" content=\"fr_FR\" \/>\n<meta property=\"og:type\" content=\"article\" \/>\n<meta property=\"og:title\" content=\"Quand la solidarit\u00e9 prend vie... - Caf 17 - 2025\" \/>\n<meta property=\"og:description\" content=\"En fin d&rsquo;ann\u00e9e 2025, nous avons lanc\u00e9 un d\u00e9fi simple : offrir un peu de chaleur \u00e0 ceux qui en [&hellip;]\" \/>\n<meta property=\"og:url\" content=\"https:\/\/caf-rapport-activite.fr\/caf17-2025\/temp-fort\/quand-la-solidarite-prend-vie\/\" \/>\n<meta property=\"og:site_name\" content=\"Caf 17 - 2025\" \/>\n<meta property=\"article:modified_time\" content=\"2026-04-22T14:22:52+00:00\" \/>\n<meta property=\"og:image\" content=\"https:\/\/caf-rapport-activite.fr\/caf17-2025\/wp-content\/uploads\/sites\/29\/2026\/04\/20251204_143557-1024x768.jpg\" \/>\n\t<meta property=\"og:image:width\" content=\"1024\" \/>\n\t<meta property=\"og:image:height\" content=\"768\" \/>\n\t<meta property=\"og:image:type\" content=\"image\/jpeg\" \/>\n<meta name=\"twitter:card\" content=\"summary_large_image\" \/>\n<meta name=\"twitter:label1\" content=\"Dur\u00e9e de lecture estim\u00e9e\" \/>\n\t<meta name=\"twitter:data1\" content=\"1 minute\" \/>\n<script type=\"application\/ld+json\" class=\"yoast-schema-graph\">{\"@context\":\"https:\/\/schema.org\",\"@graph\":[{\"@type\":\"WebPage\",\"@id\":\"https:\/\/caf-rapport-activite.fr\/caf17-2025\/temp-fort\/quand-la-solidarite-prend-vie\/\",\"url\":\"https:\/\/caf-rapport-activite.fr\/caf17-2025\/temp-fort\/quand-la-solidarite-prend-vie\/\",\"name\":\"Quand la solidarit\u00e9 prend vie... - Caf 17 - 2025\",\"isPartOf\":{\"@id\":\"https:\/\/caf-rapport-activite.fr\/caf17-2025\/#website\"},\"datePublished\":\"2026-04-22T14:21:29+00:00\",\"dateModified\":\"2026-04-22T14:22:52+00:00\",\"breadcrumb\":{\"@id\":\"https:\/\/caf-rapport-activite.fr\/caf17-2025\/temp-fort\/quand-la-solidarite-prend-vie\/#breadcrumb\"},\"inLanguage\":\"fr-FR\",\"potentialAction\":[{\"@type\":\"ReadAction\",\"target\":[\"https:\/\/caf-rapport-activite.fr\/caf17-2025\/temp-fort\/quand-la-solidarite-prend-vie\/\"]}]},{\"@type\":\"BreadcrumbList\",\"@id\":\"https:\/\/caf-rapport-activite.fr\/caf17-2025\/temp-fort\/quand-la-solidarite-prend-vie\/#breadcrumb\",\"itemListElement\":[{\"@type\":\"ListItem\",\"position\":1,\"name\":\"Accueil\",\"item\":\"https:\/\/caf-rapport-activite.fr\/caf17-2025\/\"},{\"@type\":\"ListItem\",\"position\":2,\"name\":\"Temps forts\",\"item\":\"https:\/\/caf-rapport-activite.fr\/caf17-2025\/temp-fort\/\"},{\"@type\":\"ListItem\",\"position\":3,\"name\":\"Quand la solidarit\u00e9 prend vie&#8230;\"}]},{\"@type\":\"WebSite\",\"@id\":\"https:\/\/caf-rapport-activite.fr\/caf17-2025\/#website\",\"url\":\"https:\/\/caf-rapport-activite.fr\/caf17-2025\/\",\"name\":\"Caf 17 - 2025\",\"description\":\"\",\"potentialAction\":[{\"@type\":\"SearchAction\",\"target\":{\"@type\":\"EntryPoint\",\"urlTemplate\":\"https:\/\/caf-rapport-activite.fr\/caf17-2025\/?s={search_term_string}\"},\"query-input\":\"required name=search_term_string\"}],\"inLanguage\":\"fr-FR\"}]}<\/script>\n<!-- \/ Yoast SEO plugin. -->","yoast_head_json":{"title":"Quand la solidarit\u00e9 prend vie... - Caf 17 - 2025","robots":{"index":"index","follow":"follow","max-snippet":"max-snippet:-1","max-image-preview":"max-image-preview:large","max-video-preview":"max-video-preview:-1"},"canonical":"https:\/\/caf-rapport-activite.fr\/caf17-2025\/temp-fort\/quand-la-solidarite-prend-vie\/","og_locale":"fr_FR","og_type":"article","og_title":"Quand la solidarit\u00e9 prend vie... - Caf 17 - 2025","og_description":"En fin d&rsquo;ann\u00e9e 2025, nous avons lanc\u00e9 un d\u00e9fi simple : offrir un peu de chaleur \u00e0 ceux qui en [&hellip;]","og_url":"https:\/\/caf-rapport-activite.fr\/caf17-2025\/temp-fort\/quand-la-solidarite-prend-vie\/","og_site_name":"Caf 17 - 2025","article_modified_time":"2026-04-22T14:22:52+00:00","og_image":[{"width":1024,"height":768,"url":"https:\/\/caf-rapport-activite.fr\/caf17-2025\/wp-content\/uploads\/sites\/29\/2026\/04\/20251204_143557-1024x768.jpg","type":"image\/jpeg"}],"twitter_card":"summary_large_image","twitter_misc":{"Dur\u00e9e de lecture estim\u00e9e":"1 minute"},"schema":{"@context":"https:\/\/schema.org","@graph":[{"@type":"WebPage","@id":"https:\/\/caf-rapport-activite.fr\/caf17-2025\/temp-fort\/quand-la-solidarite-prend-vie\/","url":"https:\/\/caf-rapport-activite.fr\/caf17-2025\/temp-fort\/quand-la-solidarite-prend-vie\/","name":"Quand la solidarit\u00e9 prend vie... - Caf 17 - 2025","isPartOf":{"@id":"https:\/\/caf-rapport-activite.fr\/caf17-2025\/#website"},"datePublished":"2026-04-22T14:21:29+00:00","dateModified":"2026-04-22T14:22:52+00:00","breadcrumb":{"@id":"https:\/\/caf-rapport-activite.fr\/caf17-2025\/temp-fort\/quand-la-solidarite-prend-vie\/#breadcrumb"},"inLanguage":"fr-FR","potentialAction":[{"@type":"ReadAction","target":["https:\/\/caf-rapport-activite.fr\/caf17-2025\/temp-fort\/quand-la-solidarite-prend-vie\/"]}]},{"@type":"BreadcrumbList","@id":"https:\/\/caf-rapport-activite.fr\/caf17-2025\/temp-fort\/quand-la-solidarite-prend-vie\/#breadcrumb","itemListElement":[{"@type":"ListItem","position":1,"name":"Accueil","item":"https:\/\/caf-rapport-activite.fr\/caf17-2025\/"},{"@type":"ListItem","position":2,"name":"Temps forts","item":"https:\/\/caf-rapport-activite.fr\/caf17-2025\/temp-fort\/"},{"@type":"ListItem","position":3,"name":"Quand la solidarit\u00e9 prend vie&#8230;"}]},{"@type":"WebSite","@id":"https:\/\/caf-rapport-activite.fr\/caf17-2025\/#website","url":"https:\/\/caf-rapport-activite.fr\/caf17-2025\/","name":"Caf 17 - 2025","description":"","potentialAction":[{"@type":"SearchAction","target":{"@type":"EntryPoint","urlTemplate":"https:\/\/caf-rapport-activite.fr\/caf17-2025\/?s={search_term_string}"},"query-input":"required name=search_term_string"}],"inLanguage":"fr-FR"}]}},"_links":{"self":[{"href":"https:\/\/caf-rapport-activite.fr\/caf17-2025\/wp-json\/wp\/v2\/temp-fort\/2049"}],"collection":[{"href":"https:\/\/caf-rapport-activite.fr\/caf17-2025\/wp-json\/wp\/v2\/temp-fort"}],"about":[{"href":"https:\/\/caf-rapport-activite.fr\/caf17-2025\/wp-json\/wp\/v2\/types\/temp-fort"}],"wp:featuredmedia":[{"embeddable":true,"href":"https:\/\/caf-rapport-activite.fr\/caf17-2025\/wp-json\/wp\/v2\/media\/2051"}],"wp:attachment":[{"href":"https:\/\/caf-rapport-activite.fr\/caf17-2025\/wp-json\/wp\/v2\/media?parent=2049"}],"wp:term":[{"taxonomy":"activite","embeddable":true,"href":"https:\/\/caf-rapport-activite.fr\/caf17-2025\/wp-json\/wp\/v2\/activite?post=2049"}],"curies":[{"name":"wp","href":"https:\/\/api.w.org\/{rel}","templated":true}]}}

Quand la solidarité prend vie&#8230;

<p>En fin d&rsquo;année 2025, nous avons lancé un défi simple : offrir un peu de chaleur à ceux qui en ont le plus besoin.<br>De cette idée est née une belle aventure humaine : la collecte des boîtes solidaires de Noël.<br><br>Jeudi 4 décembre, nous avons eu la joie de remettre 40 boîtes remplies de surprises et d’attention aux Restos du coeur. <br>Un moment fort, partagé avec les référentes locales, qui nous ont rappelé combien ces gestes comptent pour les personnes seules.<br><br>Ces boîtes commencent à être distribuées… et derrière chaque paquet, il y a un sourire, une étincelle d’espoir.</p>


<div class="wp-block-image">
<figure class="aligncenter size-medium"><img decoding="async" loading="lazy" width="300" height="300" src="https://caf-rapport-activite.fr/caf17-2025/wp-content/uploads/sites/29/2026/04/Brown-Feminine-Fashion-Mystery-Box-Instagram-Post-300x300.jpg" alt="" class="wp-image-2050" srcset="https://caf-rapport-activite.fr/caf17-2025/wp-content/uploads/sites/29/2026/04/Brown-Feminine-Fashion-Mystery-Box-Instagram-Post-300x300.jpg 300w, https://caf-rapport-activite.fr/caf17-2025/wp-content/uploads/sites/29/2026/04/Brown-Feminine-Fashion-Mystery-Box-Instagram-Post-1024x1024.jpg 1024w, https://caf-rapport-activite.fr/caf17-2025/wp-content/uploads/sites/29/2026/04/Brown-Feminine-Fashion-Mystery-Box-Instagram-Post-150x150.jpg 150w, https://caf-rapport-activite.fr/caf17-2025/wp-content/uploads/sites/29/2026/04/Brown-Feminine-Fashion-Mystery-Box-Instagram-Post-768x768.jpg 768w, https://caf-rapport-activite.fr/caf17-2025/wp-content/uploads/sites/29/2026/04/Brown-Feminine-Fashion-Mystery-Box-Instagram-Post.jpg 1080w" sizes="(max-width: 300px) 100vw, 300px" /></figure></div>

<p>En fin d&rsquo;année 2025, nous avons lancé un défi simple : offrir un peu de chaleur à ceux qui en [&hellip;]</p>

<!-- This site is optimized with the Yoast SEO plugin v19.11 - https://yoast.com/wordpress/plugins/seo/ -->
<title>Quand la solidarité prend vie... - Caf 17 - 2025</title>
<meta name="robots" content="index, follow, max-snippet:-1, max-image-preview:large, max-video-preview:-1" />
<link rel="canonical" href="https://caf-rapport-activite.fr/caf17-2025/temp-fort/quand-la-solidarite-prend-vie/" />
<meta property="og:locale" content="fr_FR" />
<meta property="og:type" content="article" />
<meta property="og:title" content="Quand la solidarité prend vie... - Caf 17 - 2025" />
<meta property="og:description" content="En fin d&rsquo;année 2025, nous avons lancé un défi simple : offrir un peu de chaleur à ceux qui en [&hellip;]" />
<meta property="og:url" content="https://caf-rapport-activite.fr/caf17-2025/temp-fort/quand-la-solidarite-prend-vie/" />
<meta property="og:site_name" content="Caf 17 - 2025" />
<meta property="article:modified_time" content="2026-04-22T14:22:52+00:00" />
<meta property="og:image" content="https://caf-rapport-activite.fr/caf17-2025/wp-content/uploads/sites/29/2026/04/20251204_143557-1024x768.jpg" />
	<meta property="og:image:width" content="1024" />
	<meta property="og:image:height" content="768" />
	<meta property="og:image:type" content="image/jpeg" />
<meta name="twitter:card" content="summary_large_image" />
<meta name="twitter:label1" content="Durée de lecture estimée" />
	<meta name="twitter:data1" content="1 minute" />
<script type="application/ld+json" class="yoast-schema-graph">{"@context":"https://schema.org","@graph":[{"@type":"WebPage","@id":"https://caf-rapport-activite.fr/caf17-2025/temp-fort/quand-la-solidarite-prend-vie/","url":"https://caf-rapport-activite.fr/caf17-2025/temp-fort/quand-la-solidarite-prend-vie/","name":"Quand la solidarité prend vie... - Caf 17 - 2025","isPartOf":{"@id":"https://caf-rapport-activite.fr/caf17-2025/#website"},"datePublished":"2026-04-22T14:21:29+00:00","dateModified":"2026-04-22T14:22:52+00:00","breadcrumb":{"@id":"https://caf-rapport-activite.fr/caf17-2025/temp-fort/quand-la-solidarite-prend-vie/#breadcrumb"},"inLanguage":"fr-FR","potentialAction":[{"@type":"ReadAction","target":["https://caf-rapport-activite.fr/caf17-2025/temp-fort/quand-la-solidarite-prend-vie/"]}]},{"@type":"BreadcrumbList","@id":"https://caf-rapport-activite.fr/caf17-2025/temp-fort/quand-la-solidarite-prend-vie/#breadcrumb","itemListElement":[{"@type":"ListItem","position":1,"name":"Accueil","item":"https://caf-rapport-activite.fr/caf17-2025/"},{"@type":"ListItem","position":2,"name":"Temps forts","item":"https://caf-rapport-activite.fr/caf17-2025/temp-fort/"},{"@type":"ListItem","position":3,"name":"Quand la solidarité prend vie&#8230;"}]},{"@type":"WebSite","@id":"https://caf-rapport-activite.fr/caf17-2025/#website","url":"https://caf-rapport-activite.fr/caf17-2025/","name":"Caf 17 - 2025","description":"","potentialAction":[{"@type":"SearchAction","target":{"@type":"EntryPoint","urlTemplate":"https://caf-rapport-activite.fr/caf17-2025/?s={search_term_string}"},"query-input":"required name=search_term_string"}],"inLanguage":"fr-FR"}]}</script>
<!-- / Yoast SEO plugin. -->

Quand la solidarité prend vie... - Caf 17 - 2025

En fin d&rsquo;année 2025, nous avons lancé un défi simple : offrir un peu de chaleur à ceux qui en [&hellip;]
