{"id":2045,"date":"2026-04-22T16:10:39","date_gmt":"2026-04-22T14:10:39","guid":{"rendered":"https:\/\/caf-rapport-activite.fr\/caf17-2025\/?post_type=temp-fort&#038;p=2045"},"modified":"2026-04-24T14:03:49","modified_gmt":"2026-04-24T12:03:49","slug":"renouvellement-de-partenariat-entre-la-caf-et-la-cpam-de-charente-maritime","status":"publish","type":"temp-fort","link":"https:\/\/caf-rapport-activite.fr\/caf17-2025\/temp-fort\/renouvellement-de-partenariat-entre-la-caf-et-la-cpam-de-charente-maritime\/","title":{"rendered":"Renouvellement du partenariat entre la Caf et la Cpam"},"content":{"rendered":"\n<p><br>Le 10 d\u00e9cembre 2025, \u00e0 l\u2019occasion d\u2019un comit\u00e9 de direction commun, la Caf et la Cpam de Charente-Maritime ont renouvel\u00e9 leur convention de partenariat.<\/p>\n\n\n\n<p>Ce rapprochement vise \u00e0 renforcer la coop\u00e9ration entre nos deux organismes pour am\u00e9liorer l\u2019accompagnement des publics, simplifier les d\u00e9marches et garantir un acc\u00e8s facilit\u00e9 aux droits.<\/p>\n\n\n\n<p>Ensemble, nous affirmons notre engagement pour une action coordonn\u00e9e au service des habitants du territoire.<\/p>\n\n\n\n<figure class=\"is-layout-flex wp-block-gallery-1 wp-block-gallery has-nested-images columns-default is-cropped\">\n<figure class=\"wp-block-image size-large\"><img decoding=\"async\" loading=\"lazy\" width=\"1024\" height=\"768\" data-id=\"2047\"  src=\"https:\/\/caf-rapport-activite.fr\/caf17-2025\/wp-content\/uploads\/sites\/29\/2026\/04\/20251210_Caf-Cpam_signature-convention-partenariat-1-1024x768.jpg\" alt=\"\" class=\"wp-image-2047\" srcset=\"https:\/\/caf-rapport-activite.fr\/caf17-2025\/wp-content\/uploads\/sites\/29\/2026\/04\/20251210_Caf-Cpam_signature-convention-partenariat-1-1024x768.jpg 1024w, https:\/\/caf-rapport-activite.fr\/caf17-2025\/wp-content\/uploads\/sites\/29\/2026\/04\/20251210_Caf-Cpam_signature-convention-partenariat-1-300x225.jpg 300w, https:\/\/caf-rapport-activite.fr\/caf17-2025\/wp-content\/uploads\/sites\/29\/2026\/04\/20251210_Caf-Cpam_signature-convention-partenariat-1-768x576.jpg 768w, https:\/\/caf-rapport-activite.fr\/caf17-2025\/wp-content\/uploads\/sites\/29\/2026\/04\/20251210_Caf-Cpam_signature-convention-partenariat-1-1536x1152.jpg 1536w, https:\/\/caf-rapport-activite.fr\/caf17-2025\/wp-content\/uploads\/sites\/29\/2026\/04\/20251210_Caf-Cpam_signature-convention-partenariat-1-2048x1536.jpg 2048w\" sizes=\"(max-width: 1024px) 100vw, 1024px\" \/><\/figure>\n\n\n\n<figure class=\"wp-block-image size-large\"><img decoding=\"async\" loading=\"lazy\" width=\"800\" height=\"600\" data-id=\"2046\"  src=\"https:\/\/caf-rapport-activite.fr\/caf17-2025\/wp-content\/uploads\/sites\/29\/2026\/04\/20251210_Caf-Cpam_signature-convention-partenariat-2.jpg\" alt=\"\" class=\"wp-image-2046\" srcset=\"https:\/\/caf-rapport-activite.fr\/caf17-2025\/wp-content\/uploads\/sites\/29\/2026\/04\/20251210_Caf-Cpam_signature-convention-partenariat-2.jpg 800w, https:\/\/caf-rapport-activite.fr\/caf17-2025\/wp-content\/uploads\/sites\/29\/2026\/04\/20251210_Caf-Cpam_signature-convention-partenariat-2-300x225.jpg 300w, https:\/\/caf-rapport-activite.fr\/caf17-2025\/wp-content\/uploads\/sites\/29\/2026\/04\/20251210_Caf-Cpam_signature-convention-partenariat-2-768x576.jpg 768w\" sizes=\"(max-width: 800px) 100vw, 800px\" \/><\/figure>\n<\/figure>\n","protected":false},"excerpt":{"rendered":"<p>Le 10 d\u00e9cembre 2025, \u00e0 l\u2019occasion d\u2019un comit\u00e9 de direction commun, la Caf et la Cpam de Charente-Maritime ont renouvel\u00e9 [&hellip;]<\/p>\n","protected":false},"featured_media":2047,"parent":0,"menu_order":0,"template":"","activite":[],"yoast_head":"<!-- This site is optimized with the Yoast SEO plugin v19.11 - https:\/\/yoast.com\/wordpress\/plugins\/seo\/ -->\n<title>Renouvellement du partenariat entre la Caf et la Cpam - Caf 17 - 2025<\/title>\n<meta name=\"robots\" content=\"index, follow, max-snippet:-1, max-image-preview:large, max-video-preview:-1\" \/>\n<link rel=\"canonical\" href=\"https:\/\/caf-rapport-activite.fr\/caf17-2025\/temp-fort\/renouvellement-de-partenariat-entre-la-caf-et-la-cpam-de-charente-maritime\/\" \/>\n<meta property=\"og:locale\" content=\"fr_FR\" \/>\n<meta property=\"og:type\" content=\"article\" \/>\n<meta property=\"og:title\" content=\"Renouvellement du partenariat entre la Caf et la Cpam - Caf 17 - 2025\" \/>\n<meta property=\"og:description\" content=\"Le 10 d\u00e9cembre 2025, \u00e0 l\u2019occasion d\u2019un comit\u00e9 de direction commun, la Caf et la Cpam de Charente-Maritime ont renouvel\u00e9 [&hellip;]\" \/>\n<meta property=\"og:url\" content=\"https:\/\/caf-rapport-activite.fr\/caf17-2025\/temp-fort\/renouvellement-de-partenariat-entre-la-caf-et-la-cpam-de-charente-maritime\/\" \/>\n<meta property=\"og:site_name\" content=\"Caf 17 - 2025\" \/>\n<meta property=\"article:modified_time\" content=\"2026-04-24T12:03:49+00:00\" \/>\n<meta property=\"og:image\" content=\"https:\/\/caf-rapport-activite.fr\/caf17-2025\/wp-content\/uploads\/sites\/29\/2026\/04\/20251210_Caf-Cpam_signature-convention-partenariat-1-scaled.jpg\" \/>\n\t<meta property=\"og:image:width\" content=\"2560\" \/>\n\t<meta property=\"og:image:height\" content=\"1920\" \/>\n\t<meta property=\"og:image:type\" content=\"image\/jpeg\" \/>\n<meta name=\"twitter:card\" content=\"summary_large_image\" \/>\n<meta name=\"twitter:label1\" content=\"Dur\u00e9e de lecture estim\u00e9e\" \/>\n\t<meta name=\"twitter:data1\" content=\"1 minute\" \/>\n<script type=\"application\/ld+json\" class=\"yoast-schema-graph\">{\"@context\":\"https:\/\/schema.org\",\"@graph\":[{\"@type\":\"WebPage\",\"@id\":\"https:\/\/caf-rapport-activite.fr\/caf17-2025\/temp-fort\/renouvellement-de-partenariat-entre-la-caf-et-la-cpam-de-charente-maritime\/\",\"url\":\"https:\/\/caf-rapport-activite.fr\/caf17-2025\/temp-fort\/renouvellement-de-partenariat-entre-la-caf-et-la-cpam-de-charente-maritime\/\",\"name\":\"Renouvellement du partenariat entre la Caf et la Cpam - Caf 17 - 2025\",\"isPartOf\":{\"@id\":\"https:\/\/caf-rapport-activite.fr\/caf17-2025\/#website\"},\"datePublished\":\"2026-04-22T14:10:39+00:00\",\"dateModified\":\"2026-04-24T12:03:49+00:00\",\"breadcrumb\":{\"@id\":\"https:\/\/caf-rapport-activite.fr\/caf17-2025\/temp-fort\/renouvellement-de-partenariat-entre-la-caf-et-la-cpam-de-charente-maritime\/#breadcrumb\"},\"inLanguage\":\"fr-FR\",\"potentialAction\":[{\"@type\":\"ReadAction\",\"target\":[\"https:\/\/caf-rapport-activite.fr\/caf17-2025\/temp-fort\/renouvellement-de-partenariat-entre-la-caf-et-la-cpam-de-charente-maritime\/\"]}]},{\"@type\":\"BreadcrumbList\",\"@id\":\"https:\/\/caf-rapport-activite.fr\/caf17-2025\/temp-fort\/renouvellement-de-partenariat-entre-la-caf-et-la-cpam-de-charente-maritime\/#breadcrumb\",\"itemListElement\":[{\"@type\":\"ListItem\",\"position\":1,\"name\":\"Accueil\",\"item\":\"https:\/\/caf-rapport-activite.fr\/caf17-2025\/\"},{\"@type\":\"ListItem\",\"position\":2,\"name\":\"Temps forts\",\"item\":\"https:\/\/caf-rapport-activite.fr\/caf17-2025\/temp-fort\/\"},{\"@type\":\"ListItem\",\"position\":3,\"name\":\"Renouvellement du partenariat entre la Caf et la Cpam\"}]},{\"@type\":\"WebSite\",\"@id\":\"https:\/\/caf-rapport-activite.fr\/caf17-2025\/#website\",\"url\":\"https:\/\/caf-rapport-activite.fr\/caf17-2025\/\",\"name\":\"Caf 17 - 2025\",\"description\":\"\",\"potentialAction\":[{\"@type\":\"SearchAction\",\"target\":{\"@type\":\"EntryPoint\",\"urlTemplate\":\"https:\/\/caf-rapport-activite.fr\/caf17-2025\/?s={search_term_string}\"},\"query-input\":\"required name=search_term_string\"}],\"inLanguage\":\"fr-FR\"}]}<\/script>\n<!-- \/ Yoast SEO plugin. -->","yoast_head_json":{"title":"Renouvellement du partenariat entre la Caf et la Cpam - Caf 17 - 2025","robots":{"index":"index","follow":"follow","max-snippet":"max-snippet:-1","max-image-preview":"max-image-preview:large","max-video-preview":"max-video-preview:-1"},"canonical":"https:\/\/caf-rapport-activite.fr\/caf17-2025\/temp-fort\/renouvellement-de-partenariat-entre-la-caf-et-la-cpam-de-charente-maritime\/","og_locale":"fr_FR","og_type":"article","og_title":"Renouvellement du partenariat entre la Caf et la Cpam - Caf 17 - 2025","og_description":"Le 10 d\u00e9cembre 2025, \u00e0 l\u2019occasion d\u2019un comit\u00e9 de direction commun, la Caf et la Cpam de Charente-Maritime ont renouvel\u00e9 [&hellip;]","og_url":"https:\/\/caf-rapport-activite.fr\/caf17-2025\/temp-fort\/renouvellement-de-partenariat-entre-la-caf-et-la-cpam-de-charente-maritime\/","og_site_name":"Caf 17 - 2025","article_modified_time":"2026-04-24T12:03:49+00:00","og_image":[{"width":2560,"height":1920,"url":"https:\/\/caf-rapport-activite.fr\/caf17-2025\/wp-content\/uploads\/sites\/29\/2026\/04\/20251210_Caf-Cpam_signature-convention-partenariat-1-scaled.jpg","type":"image\/jpeg"}],"twitter_card":"summary_large_image","twitter_misc":{"Dur\u00e9e de lecture estim\u00e9e":"1 minute"},"schema":{"@context":"https:\/\/schema.org","@graph":[{"@type":"WebPage","@id":"https:\/\/caf-rapport-activite.fr\/caf17-2025\/temp-fort\/renouvellement-de-partenariat-entre-la-caf-et-la-cpam-de-charente-maritime\/","url":"https:\/\/caf-rapport-activite.fr\/caf17-2025\/temp-fort\/renouvellement-de-partenariat-entre-la-caf-et-la-cpam-de-charente-maritime\/","name":"Renouvellement du partenariat entre la Caf et la Cpam - Caf 17 - 2025","isPartOf":{"@id":"https:\/\/caf-rapport-activite.fr\/caf17-2025\/#website"},"datePublished":"2026-04-22T14:10:39+00:00","dateModified":"2026-04-24T12:03:49+00:00","breadcrumb":{"@id":"https:\/\/caf-rapport-activite.fr\/caf17-2025\/temp-fort\/renouvellement-de-partenariat-entre-la-caf-et-la-cpam-de-charente-maritime\/#breadcrumb"},"inLanguage":"fr-FR","potentialAction":[{"@type":"ReadAction","target":["https:\/\/caf-rapport-activite.fr\/caf17-2025\/temp-fort\/renouvellement-de-partenariat-entre-la-caf-et-la-cpam-de-charente-maritime\/"]}]},{"@type":"BreadcrumbList","@id":"https:\/\/caf-rapport-activite.fr\/caf17-2025\/temp-fort\/renouvellement-de-partenariat-entre-la-caf-et-la-cpam-de-charente-maritime\/#breadcrumb","itemListElement":[{"@type":"ListItem","position":1,"name":"Accueil","item":"https:\/\/caf-rapport-activite.fr\/caf17-2025\/"},{"@type":"ListItem","position":2,"name":"Temps forts","item":"https:\/\/caf-rapport-activite.fr\/caf17-2025\/temp-fort\/"},{"@type":"ListItem","position":3,"name":"Renouvellement du partenariat entre la Caf et la Cpam"}]},{"@type":"WebSite","@id":"https:\/\/caf-rapport-activite.fr\/caf17-2025\/#website","url":"https:\/\/caf-rapport-activite.fr\/caf17-2025\/","name":"Caf 17 - 2025","description":"","potentialAction":[{"@type":"SearchAction","target":{"@type":"EntryPoint","urlTemplate":"https:\/\/caf-rapport-activite.fr\/caf17-2025\/?s={search_term_string}"},"query-input":"required name=search_term_string"}],"inLanguage":"fr-FR"}]}},"_links":{"self":[{"href":"https:\/\/caf-rapport-activite.fr\/caf17-2025\/wp-json\/wp\/v2\/temp-fort\/2045"}],"collection":[{"href":"https:\/\/caf-rapport-activite.fr\/caf17-2025\/wp-json\/wp\/v2\/temp-fort"}],"about":[{"href":"https:\/\/caf-rapport-activite.fr\/caf17-2025\/wp-json\/wp\/v2\/types\/temp-fort"}],"wp:featuredmedia":[{"embeddable":true,"href":"https:\/\/caf-rapport-activite.fr\/caf17-2025\/wp-json\/wp\/v2\/media\/2047"}],"wp:attachment":[{"href":"https:\/\/caf-rapport-activite.fr\/caf17-2025\/wp-json\/wp\/v2\/media?parent=2045"}],"wp:term":[{"taxonomy":"activite","embeddable":true,"href":"https:\/\/caf-rapport-activite.fr\/caf17-2025\/wp-json\/wp\/v2\/activite?post=2045"}],"curies":[{"name":"wp","href":"https:\/\/api.w.org\/{rel}","templated":true}]}}

<p><br>Le 10 décembre 2025, à l’occasion d’un comité de direction commun, la Caf et la Cpam de Charente-Maritime ont renouvelé leur convention de partenariat.</p>



<p>Ce rapprochement vise à renforcer la coopération entre nos deux organismes pour améliorer l’accompagnement des publics, simplifier les démarches et garantir un accès facilité aux droits.</p>



<p>Ensemble, nous affirmons notre engagement pour une action coordonnée au service des habitants du territoire.</p>



<figure class="is-layout-flex wp-block-gallery-1 wp-block-gallery has-nested-images columns-default is-cropped">
<figure class="wp-block-image size-large"><img decoding="async" loading="lazy" width="1024" height="768" data-id="2047"  src="https://caf-rapport-activite.fr/caf17-2025/wp-content/uploads/sites/29/2026/04/20251210_Caf-Cpam_signature-convention-partenariat-1-1024x768.jpg" alt="" class="wp-image-2047" srcset="https://caf-rapport-activite.fr/caf17-2025/wp-content/uploads/sites/29/2026/04/20251210_Caf-Cpam_signature-convention-partenariat-1-1024x768.jpg 1024w, https://caf-rapport-activite.fr/caf17-2025/wp-content/uploads/sites/29/2026/04/20251210_Caf-Cpam_signature-convention-partenariat-1-300x225.jpg 300w, https://caf-rapport-activite.fr/caf17-2025/wp-content/uploads/sites/29/2026/04/20251210_Caf-Cpam_signature-convention-partenariat-1-768x576.jpg 768w, https://caf-rapport-activite.fr/caf17-2025/wp-content/uploads/sites/29/2026/04/20251210_Caf-Cpam_signature-convention-partenariat-1-1536x1152.jpg 1536w, https://caf-rapport-activite.fr/caf17-2025/wp-content/uploads/sites/29/2026/04/20251210_Caf-Cpam_signature-convention-partenariat-1-2048x1536.jpg 2048w" sizes="(max-width: 1024px) 100vw, 1024px" /></figure>



<figure class="wp-block-image size-large"><img decoding="async" loading="lazy" width="800" height="600" data-id="2046"  src="https://caf-rapport-activite.fr/caf17-2025/wp-content/uploads/sites/29/2026/04/20251210_Caf-Cpam_signature-convention-partenariat-2.jpg" alt="" class="wp-image-2046" srcset="https://caf-rapport-activite.fr/caf17-2025/wp-content/uploads/sites/29/2026/04/20251210_Caf-Cpam_signature-convention-partenariat-2.jpg 800w, https://caf-rapport-activite.fr/caf17-2025/wp-content/uploads/sites/29/2026/04/20251210_Caf-Cpam_signature-convention-partenariat-2-300x225.jpg 300w, https://caf-rapport-activite.fr/caf17-2025/wp-content/uploads/sites/29/2026/04/20251210_Caf-Cpam_signature-convention-partenariat-2-768x576.jpg 768w" sizes="(max-width: 800px) 100vw, 800px" /></figure>
</figure>

<p>Le 10 décembre 2025, à l’occasion d’un comité de direction commun, la Caf et la Cpam de Charente-Maritime ont renouvelé [&hellip;]</p>

<!-- This site is optimized with the Yoast SEO plugin v19.11 - https://yoast.com/wordpress/plugins/seo/ -->
<title>Renouvellement du partenariat entre la Caf et la Cpam - Caf 17 - 2025</title>
<meta name="robots" content="index, follow, max-snippet:-1, max-image-preview:large, max-video-preview:-1" />
<link rel="canonical" href="https://caf-rapport-activite.fr/caf17-2025/temp-fort/renouvellement-de-partenariat-entre-la-caf-et-la-cpam-de-charente-maritime/" />
<meta property="og:locale" content="fr_FR" />
<meta property="og:type" content="article" />
<meta property="og:title" content="Renouvellement du partenariat entre la Caf et la Cpam - Caf 17 - 2025" />
<meta property="og:description" content="Le 10 décembre 2025, à l’occasion d’un comité de direction commun, la Caf et la Cpam de Charente-Maritime ont renouvelé [&hellip;]" />
<meta property="og:url" content="https://caf-rapport-activite.fr/caf17-2025/temp-fort/renouvellement-de-partenariat-entre-la-caf-et-la-cpam-de-charente-maritime/" />
<meta property="og:site_name" content="Caf 17 - 2025" />
<meta property="article:modified_time" content="2026-04-24T12:03:49+00:00" />
<meta property="og:image" content="https://caf-rapport-activite.fr/caf17-2025/wp-content/uploads/sites/29/2026/04/20251210_Caf-Cpam_signature-convention-partenariat-1-scaled.jpg" />
	<meta property="og:image:width" content="2560" />
	<meta property="og:image:height" content="1920" />
	<meta property="og:image:type" content="image/jpeg" />
<meta name="twitter:card" content="summary_large_image" />
<meta name="twitter:label1" content="Durée de lecture estimée" />
	<meta name="twitter:data1" content="1 minute" />
<script type="application/ld+json" class="yoast-schema-graph">{"@context":"https://schema.org","@graph":[{"@type":"WebPage","@id":"https://caf-rapport-activite.fr/caf17-2025/temp-fort/renouvellement-de-partenariat-entre-la-caf-et-la-cpam-de-charente-maritime/","url":"https://caf-rapport-activite.fr/caf17-2025/temp-fort/renouvellement-de-partenariat-entre-la-caf-et-la-cpam-de-charente-maritime/","name":"Renouvellement du partenariat entre la Caf et la Cpam - Caf 17 - 2025","isPartOf":{"@id":"https://caf-rapport-activite.fr/caf17-2025/#website"},"datePublished":"2026-04-22T14:10:39+00:00","dateModified":"2026-04-24T12:03:49+00:00","breadcrumb":{"@id":"https://caf-rapport-activite.fr/caf17-2025/temp-fort/renouvellement-de-partenariat-entre-la-caf-et-la-cpam-de-charente-maritime/#breadcrumb"},"inLanguage":"fr-FR","potentialAction":[{"@type":"ReadAction","target":["https://caf-rapport-activite.fr/caf17-2025/temp-fort/renouvellement-de-partenariat-entre-la-caf-et-la-cpam-de-charente-maritime/"]}]},{"@type":"BreadcrumbList","@id":"https://caf-rapport-activite.fr/caf17-2025/temp-fort/renouvellement-de-partenariat-entre-la-caf-et-la-cpam-de-charente-maritime/#breadcrumb","itemListElement":[{"@type":"ListItem","position":1,"name":"Accueil","item":"https://caf-rapport-activite.fr/caf17-2025/"},{"@type":"ListItem","position":2,"name":"Temps forts","item":"https://caf-rapport-activite.fr/caf17-2025/temp-fort/"},{"@type":"ListItem","position":3,"name":"Renouvellement du partenariat entre la Caf et la Cpam"}]},{"@type":"WebSite","@id":"https://caf-rapport-activite.fr/caf17-2025/#website","url":"https://caf-rapport-activite.fr/caf17-2025/","name":"Caf 17 - 2025","description":"","potentialAction":[{"@type":"SearchAction","target":{"@type":"EntryPoint","urlTemplate":"https://caf-rapport-activite.fr/caf17-2025/?s={search_term_string}"},"query-input":"required name=search_term_string"}],"inLanguage":"fr-FR"}]}</script>
<!-- / Yoast SEO plugin. -->

Le 10 décembre 2025, à l’occasion d’un comité de direction commun, la Caf et la Cpam de Charente-Maritime ont renouvelé [&hellip;]
