{"id":2041,"date":"2026-04-22T15:57:44","date_gmt":"2026-04-22T13:57:44","guid":{"rendered":"https:\/\/caf-rapport-activite.fr\/caf17-2025\/?post_type=temp-fort&#038;p=2041"},"modified":"2026-04-22T15:57:46","modified_gmt":"2026-04-22T13:57:46","slug":"9-nouvelles-places-pour-les-tout-petits","status":"publish","type":"temp-fort","link":"https:\/\/caf-rapport-activite.fr\/caf17-2025\/temp-fort\/9-nouvelles-places-pour-les-tout-petits\/","title":{"rendered":"9 nouvelles places pour les tout-petits&#8230;"},"content":{"rendered":"\n<p>&#8230; et 1 pas de plus vers un accueil durable et inclusif ! <br><br>Le 10 d\u00e9cembre 2025, nous avons inaugur\u00e9 l\u2019extension du multi-accueil L\u2019Oranger \u00e0 P\u00e9rigny, une r\u00e9alisation qui illustre notre engagement pour les familles et la petite enfance.<\/p>\n\n\n\n<ul>\n<li>+9 places suppl\u00e9mentaires pour r\u00e9pondre aux besoins des parents,<\/li>\n\n\n\n<li>950 500 \u20ac de soutien de la Caf \u00e0 l&rsquo;Udaf, pour concr\u00e9tiser ce projet,<\/li>\n\n\n\n<li>Une cr\u00e8che labellis\u00e9e \ud835\udc86\u0301\ud835\udc84\ud835\udc90\ud835\udc8d\ud835\udc90-\ud835\udc84\ud835\udc93\ud835\udc86\u0300\ud835\udc84\ud835\udc89\ud835\udc86 depuis 3 ans, int\u00e9grant des solutions durables,<\/li>\n\n\n\n<li>Des berceaux r\u00e9serv\u00e9s aux entreprises pour favoriser la conciliation vie pro \/ vie perso.<\/li>\n<\/ul>\n\n\n\n<p>Cette inauguration s\u2019inscrit dans une dynamique nationale : la mise en \u0153uvre du Service Public de la Petite Enfance (Sppe) en 2025.<\/p>\n\n\n\n<p>Parce que l\u2019accueil des jeunes enfants est un enjeu majeur pour l\u2019attractivit\u00e9 des territoires et le bien-\u00eatre des familles, nous sommes fiers d\u2019accompagner ces projets innovants.<\/p>\n\n\n<div class=\"wp-block-image\">\n<figure class=\"aligncenter size-medium\"><img decoding=\"async\" loading=\"lazy\" width=\"300\" height=\"251\" src=\"https:\/\/caf-rapport-activite.fr\/caf17-2025\/wp-content\/uploads\/sites\/29\/2026\/04\/202512_creche_oranger_perigny-300x251.jpg\" alt=\"\" class=\"wp-image-2042\" srcset=\"https:\/\/caf-rapport-activite.fr\/caf17-2025\/wp-content\/uploads\/sites\/29\/2026\/04\/202512_creche_oranger_perigny-300x251.jpg 300w, https:\/\/caf-rapport-activite.fr\/caf17-2025\/wp-content\/uploads\/sites\/29\/2026\/04\/202512_creche_oranger_perigny-768x644.jpg 768w, https:\/\/caf-rapport-activite.fr\/caf17-2025\/wp-content\/uploads\/sites\/29\/2026\/04\/202512_creche_oranger_perigny.jpg 940w\" sizes=\"(max-width: 300px) 100vw, 300px\" \/><\/figure><\/div>","protected":false},"excerpt":{"rendered":"<p>&#8230; et 1 pas de plus vers un accueil durable et inclusif ! Le 10 d\u00e9cembre 2025, nous avons inaugur\u00e9 [&hellip;]<\/p>\n","protected":false},"featured_media":2042,"parent":0,"menu_order":0,"template":"","activite":[5],"yoast_head":"<!-- This site is optimized with the Yoast SEO plugin v19.11 - https:\/\/yoast.com\/wordpress\/plugins\/seo\/ -->\n<title>9 nouvelles places pour les tout-petits... - Caf 17 - 2025<\/title>\n<meta name=\"robots\" content=\"index, follow, max-snippet:-1, max-image-preview:large, max-video-preview:-1\" \/>\n<link rel=\"canonical\" href=\"https:\/\/caf-rapport-activite.fr\/caf17-2025\/temp-fort\/9-nouvelles-places-pour-les-tout-petits\/\" \/>\n<meta property=\"og:locale\" content=\"fr_FR\" \/>\n<meta property=\"og:type\" content=\"article\" \/>\n<meta property=\"og:title\" content=\"9 nouvelles places pour les tout-petits... - Caf 17 - 2025\" \/>\n<meta property=\"og:description\" content=\"&#8230; et 1 pas de plus vers un accueil durable et inclusif ! Le 10 d\u00e9cembre 2025, nous avons inaugur\u00e9 [&hellip;]\" \/>\n<meta property=\"og:url\" content=\"https:\/\/caf-rapport-activite.fr\/caf17-2025\/temp-fort\/9-nouvelles-places-pour-les-tout-petits\/\" \/>\n<meta property=\"og:site_name\" content=\"Caf 17 - 2025\" \/>\n<meta property=\"article:modified_time\" content=\"2026-04-22T13:57:46+00:00\" \/>\n<meta property=\"og:image\" content=\"https:\/\/caf-rapport-activite.fr\/caf17-2025\/wp-content\/uploads\/sites\/29\/2026\/04\/202512_creche_oranger_perigny.jpg\" \/>\n\t<meta property=\"og:image:width\" content=\"940\" \/>\n\t<meta property=\"og:image:height\" content=\"788\" \/>\n\t<meta property=\"og:image:type\" content=\"image\/jpeg\" \/>\n<meta name=\"twitter:card\" content=\"summary_large_image\" \/>\n<meta name=\"twitter:label1\" content=\"Dur\u00e9e de lecture estim\u00e9e\" \/>\n\t<meta name=\"twitter:data1\" content=\"1 minute\" \/>\n<script type=\"application\/ld+json\" class=\"yoast-schema-graph\">{\"@context\":\"https:\/\/schema.org\",\"@graph\":[{\"@type\":\"WebPage\",\"@id\":\"https:\/\/caf-rapport-activite.fr\/caf17-2025\/temp-fort\/9-nouvelles-places-pour-les-tout-petits\/\",\"url\":\"https:\/\/caf-rapport-activite.fr\/caf17-2025\/temp-fort\/9-nouvelles-places-pour-les-tout-petits\/\",\"name\":\"9 nouvelles places pour les tout-petits... - Caf 17 - 2025\",\"isPartOf\":{\"@id\":\"https:\/\/caf-rapport-activite.fr\/caf17-2025\/#website\"},\"datePublished\":\"2026-04-22T13:57:44+00:00\",\"dateModified\":\"2026-04-22T13:57:46+00:00\",\"breadcrumb\":{\"@id\":\"https:\/\/caf-rapport-activite.fr\/caf17-2025\/temp-fort\/9-nouvelles-places-pour-les-tout-petits\/#breadcrumb\"},\"inLanguage\":\"fr-FR\",\"potentialAction\":[{\"@type\":\"ReadAction\",\"target\":[\"https:\/\/caf-rapport-activite.fr\/caf17-2025\/temp-fort\/9-nouvelles-places-pour-les-tout-petits\/\"]}]},{\"@type\":\"BreadcrumbList\",\"@id\":\"https:\/\/caf-rapport-activite.fr\/caf17-2025\/temp-fort\/9-nouvelles-places-pour-les-tout-petits\/#breadcrumb\",\"itemListElement\":[{\"@type\":\"ListItem\",\"position\":1,\"name\":\"Accueil\",\"item\":\"https:\/\/caf-rapport-activite.fr\/caf17-2025\/\"},{\"@type\":\"ListItem\",\"position\":2,\"name\":\"Temps forts\",\"item\":\"https:\/\/caf-rapport-activite.fr\/caf17-2025\/temp-fort\/\"},{\"@type\":\"ListItem\",\"position\":3,\"name\":\"9 nouvelles places pour les tout-petits&#8230;\"}]},{\"@type\":\"WebSite\",\"@id\":\"https:\/\/caf-rapport-activite.fr\/caf17-2025\/#website\",\"url\":\"https:\/\/caf-rapport-activite.fr\/caf17-2025\/\",\"name\":\"Caf 17 - 2025\",\"description\":\"\",\"potentialAction\":[{\"@type\":\"SearchAction\",\"target\":{\"@type\":\"EntryPoint\",\"urlTemplate\":\"https:\/\/caf-rapport-activite.fr\/caf17-2025\/?s={search_term_string}\"},\"query-input\":\"required name=search_term_string\"}],\"inLanguage\":\"fr-FR\"}]}<\/script>\n<!-- \/ Yoast SEO plugin. -->","yoast_head_json":{"title":"9 nouvelles places pour les tout-petits... - Caf 17 - 2025","robots":{"index":"index","follow":"follow","max-snippet":"max-snippet:-1","max-image-preview":"max-image-preview:large","max-video-preview":"max-video-preview:-1"},"canonical":"https:\/\/caf-rapport-activite.fr\/caf17-2025\/temp-fort\/9-nouvelles-places-pour-les-tout-petits\/","og_locale":"fr_FR","og_type":"article","og_title":"9 nouvelles places pour les tout-petits... - Caf 17 - 2025","og_description":"&#8230; et 1 pas de plus vers un accueil durable et inclusif ! Le 10 d\u00e9cembre 2025, nous avons inaugur\u00e9 [&hellip;]","og_url":"https:\/\/caf-rapport-activite.fr\/caf17-2025\/temp-fort\/9-nouvelles-places-pour-les-tout-petits\/","og_site_name":"Caf 17 - 2025","article_modified_time":"2026-04-22T13:57:46+00:00","og_image":[{"width":940,"height":788,"url":"https:\/\/caf-rapport-activite.fr\/caf17-2025\/wp-content\/uploads\/sites\/29\/2026\/04\/202512_creche_oranger_perigny.jpg","type":"image\/jpeg"}],"twitter_card":"summary_large_image","twitter_misc":{"Dur\u00e9e de lecture estim\u00e9e":"1 minute"},"schema":{"@context":"https:\/\/schema.org","@graph":[{"@type":"WebPage","@id":"https:\/\/caf-rapport-activite.fr\/caf17-2025\/temp-fort\/9-nouvelles-places-pour-les-tout-petits\/","url":"https:\/\/caf-rapport-activite.fr\/caf17-2025\/temp-fort\/9-nouvelles-places-pour-les-tout-petits\/","name":"9 nouvelles places pour les tout-petits... - Caf 17 - 2025","isPartOf":{"@id":"https:\/\/caf-rapport-activite.fr\/caf17-2025\/#website"},"datePublished":"2026-04-22T13:57:44+00:00","dateModified":"2026-04-22T13:57:46+00:00","breadcrumb":{"@id":"https:\/\/caf-rapport-activite.fr\/caf17-2025\/temp-fort\/9-nouvelles-places-pour-les-tout-petits\/#breadcrumb"},"inLanguage":"fr-FR","potentialAction":[{"@type":"ReadAction","target":["https:\/\/caf-rapport-activite.fr\/caf17-2025\/temp-fort\/9-nouvelles-places-pour-les-tout-petits\/"]}]},{"@type":"BreadcrumbList","@id":"https:\/\/caf-rapport-activite.fr\/caf17-2025\/temp-fort\/9-nouvelles-places-pour-les-tout-petits\/#breadcrumb","itemListElement":[{"@type":"ListItem","position":1,"name":"Accueil","item":"https:\/\/caf-rapport-activite.fr\/caf17-2025\/"},{"@type":"ListItem","position":2,"name":"Temps forts","item":"https:\/\/caf-rapport-activite.fr\/caf17-2025\/temp-fort\/"},{"@type":"ListItem","position":3,"name":"9 nouvelles places pour les tout-petits&#8230;"}]},{"@type":"WebSite","@id":"https:\/\/caf-rapport-activite.fr\/caf17-2025\/#website","url":"https:\/\/caf-rapport-activite.fr\/caf17-2025\/","name":"Caf 17 - 2025","description":"","potentialAction":[{"@type":"SearchAction","target":{"@type":"EntryPoint","urlTemplate":"https:\/\/caf-rapport-activite.fr\/caf17-2025\/?s={search_term_string}"},"query-input":"required name=search_term_string"}],"inLanguage":"fr-FR"}]}},"_links":{"self":[{"href":"https:\/\/caf-rapport-activite.fr\/caf17-2025\/wp-json\/wp\/v2\/temp-fort\/2041"}],"collection":[{"href":"https:\/\/caf-rapport-activite.fr\/caf17-2025\/wp-json\/wp\/v2\/temp-fort"}],"about":[{"href":"https:\/\/caf-rapport-activite.fr\/caf17-2025\/wp-json\/wp\/v2\/types\/temp-fort"}],"wp:featuredmedia":[{"embeddable":true,"href":"https:\/\/caf-rapport-activite.fr\/caf17-2025\/wp-json\/wp\/v2\/media\/2042"}],"wp:attachment":[{"href":"https:\/\/caf-rapport-activite.fr\/caf17-2025\/wp-json\/wp\/v2\/media?parent=2041"}],"wp:term":[{"taxonomy":"activite","embeddable":true,"href":"https:\/\/caf-rapport-activite.fr\/caf17-2025\/wp-json\/wp\/v2\/activite?post=2041"}],"curies":[{"name":"wp","href":"https:\/\/api.w.org\/{rel}","templated":true}]}}

<p>&#8230; et 1 pas de plus vers un accueil durable et inclusif ! <br><br>Le 10 décembre 2025, nous avons inauguré l’extension du multi-accueil L’Oranger à Périgny, une réalisation qui illustre notre engagement pour les familles et la petite enfance.</p>



<ul>
<li>+9 places supplémentaires pour répondre aux besoins des parents,</li>



<li>950 500 € de soutien de la Caf à l&rsquo;Udaf, pour concrétiser ce projet,</li>



<li>Une crèche labellisée 𝒆́𝒄𝒐𝒍𝒐-𝒄𝒓𝒆̀𝒄𝒉𝒆 depuis 3 ans, intégrant des solutions durables,</li>



<li>Des berceaux réservés aux entreprises pour favoriser la conciliation vie pro / vie perso.</li>
</ul>



<p>Cette inauguration s’inscrit dans une dynamique nationale : la mise en œuvre du Service Public de la Petite Enfance (Sppe) en 2025.</p>



<p>Parce que l’accueil des jeunes enfants est un enjeu majeur pour l’attractivité des territoires et le bien-être des familles, nous sommes fiers d’accompagner ces projets innovants.</p>


<div class="wp-block-image">
<figure class="aligncenter size-medium"><img decoding="async" loading="lazy" width="300" height="251" src="https://caf-rapport-activite.fr/caf17-2025/wp-content/uploads/sites/29/2026/04/202512_creche_oranger_perigny-300x251.jpg" alt="" class="wp-image-2042" srcset="https://caf-rapport-activite.fr/caf17-2025/wp-content/uploads/sites/29/2026/04/202512_creche_oranger_perigny-300x251.jpg 300w, https://caf-rapport-activite.fr/caf17-2025/wp-content/uploads/sites/29/2026/04/202512_creche_oranger_perigny-768x644.jpg 768w, https://caf-rapport-activite.fr/caf17-2025/wp-content/uploads/sites/29/2026/04/202512_creche_oranger_perigny.jpg 940w" sizes="(max-width: 300px) 100vw, 300px" /></figure></div>

<p>&#8230; et 1 pas de plus vers un accueil durable et inclusif ! Le 10 décembre 2025, nous avons inauguré [&hellip;]</p>

<!-- This site is optimized with the Yoast SEO plugin v19.11 - https://yoast.com/wordpress/plugins/seo/ -->
<title>9 nouvelles places pour les tout-petits... - Caf 17 - 2025</title>
<meta name="robots" content="index, follow, max-snippet:-1, max-image-preview:large, max-video-preview:-1" />
<link rel="canonical" href="https://caf-rapport-activite.fr/caf17-2025/temp-fort/9-nouvelles-places-pour-les-tout-petits/" />
<meta property="og:locale" content="fr_FR" />
<meta property="og:type" content="article" />
<meta property="og:title" content="9 nouvelles places pour les tout-petits... - Caf 17 - 2025" />
<meta property="og:description" content="&#8230; et 1 pas de plus vers un accueil durable et inclusif ! Le 10 décembre 2025, nous avons inauguré [&hellip;]" />
<meta property="og:url" content="https://caf-rapport-activite.fr/caf17-2025/temp-fort/9-nouvelles-places-pour-les-tout-petits/" />
<meta property="og:site_name" content="Caf 17 - 2025" />
<meta property="article:modified_time" content="2026-04-22T13:57:46+00:00" />
<meta property="og:image" content="https://caf-rapport-activite.fr/caf17-2025/wp-content/uploads/sites/29/2026/04/202512_creche_oranger_perigny.jpg" />
	<meta property="og:image:width" content="940" />
	<meta property="og:image:height" content="788" />
	<meta property="og:image:type" content="image/jpeg" />
<meta name="twitter:card" content="summary_large_image" />
<meta name="twitter:label1" content="Durée de lecture estimée" />
	<meta name="twitter:data1" content="1 minute" />
<script type="application/ld+json" class="yoast-schema-graph">{"@context":"https://schema.org","@graph":[{"@type":"WebPage","@id":"https://caf-rapport-activite.fr/caf17-2025/temp-fort/9-nouvelles-places-pour-les-tout-petits/","url":"https://caf-rapport-activite.fr/caf17-2025/temp-fort/9-nouvelles-places-pour-les-tout-petits/","name":"9 nouvelles places pour les tout-petits... - Caf 17 - 2025","isPartOf":{"@id":"https://caf-rapport-activite.fr/caf17-2025/#website"},"datePublished":"2026-04-22T13:57:44+00:00","dateModified":"2026-04-22T13:57:46+00:00","breadcrumb":{"@id":"https://caf-rapport-activite.fr/caf17-2025/temp-fort/9-nouvelles-places-pour-les-tout-petits/#breadcrumb"},"inLanguage":"fr-FR","potentialAction":[{"@type":"ReadAction","target":["https://caf-rapport-activite.fr/caf17-2025/temp-fort/9-nouvelles-places-pour-les-tout-petits/"]}]},{"@type":"BreadcrumbList","@id":"https://caf-rapport-activite.fr/caf17-2025/temp-fort/9-nouvelles-places-pour-les-tout-petits/#breadcrumb","itemListElement":[{"@type":"ListItem","position":1,"name":"Accueil","item":"https://caf-rapport-activite.fr/caf17-2025/"},{"@type":"ListItem","position":2,"name":"Temps forts","item":"https://caf-rapport-activite.fr/caf17-2025/temp-fort/"},{"@type":"ListItem","position":3,"name":"9 nouvelles places pour les tout-petits&#8230;"}]},{"@type":"WebSite","@id":"https://caf-rapport-activite.fr/caf17-2025/#website","url":"https://caf-rapport-activite.fr/caf17-2025/","name":"Caf 17 - 2025","description":"","potentialAction":[{"@type":"SearchAction","target":{"@type":"EntryPoint","urlTemplate":"https://caf-rapport-activite.fr/caf17-2025/?s={search_term_string}"},"query-input":"required name=search_term_string"}],"inLanguage":"fr-FR"}]}</script>
<!-- / Yoast SEO plugin. -->

&#8230; et 1 pas de plus vers un accueil durable et inclusif ! Le 10 décembre 2025, nous avons inauguré [&hellip;]
