{"id":2013,"date":"2026-04-21T16:58:59","date_gmt":"2026-04-21T14:58:59","guid":{"rendered":"https:\/\/caf-rapport-activite.fr\/caf17-2025\/?post_type=temp-fort&#038;p=2013"},"modified":"2026-04-21T16:59:01","modified_gmt":"2026-04-21T14:59:01","slug":"developper-lattractivite-des-metiers-de-la-petite-enfance","status":"publish","type":"temp-fort","link":"https:\/\/caf-rapport-activite.fr\/caf17-2025\/temp-fort\/developper-lattractivite-des-metiers-de-la-petite-enfance\/","title":{"rendered":"D\u00e9velopper l&rsquo;attractivit\u00e9 des m\u00e9tiers de la petite enfance"},"content":{"rendered":"\n<p>Le 24 novembre dernier, la Caf de la Charente-Maritime a particip\u00e9 \u00e0 un temps fort au sein de l\u2019IFAP Croix-Rouge de Rochefort.<\/p>\n\n\n\n<p>Depuis septembre, l\u2019IFAP propose un nouveau <strong>parcours de formation d\u2019auxiliaires de pu\u00e9riculture :<\/strong> une opportunit\u00e9 id\u00e9ale pour renforcer nos actions en faveur de l\u2019attractivit\u00e9 des m\u00e9tiers de la petite enfance. Afin d\u2019illustrer concr\u00e8tement nos actions en faveur de l\u2019attractivit\u00e9 des m\u00e9tiers de la petite enfance, nous avons associ\u00e9 France Travail et la directrice de la cr\u00e8che de Puilboreau.<\/p>\n\n\n\n<p>Le repr\u00e9sentant de France Travail a offert une analyse \u00e9clairante du march\u00e9 du travail en Charente-Maritime : tendances de recrutement, besoins des employeurs, perspectives sectorielles, outils et leviers de recrutement. Son discours a permis d&rsquo;apporter des \u00e9l\u00e9ments cl\u00e9s, aussi bien aux futurs salari\u00e9s \u00e0 la recherche d&#8217;emploi, mais aussi aux futurs recruteurs qu&rsquo;ils seront peut-\u00eatre demain.<\/p>\n\n\n\n<p>La directrice de la cr\u00e8che a apport\u00e9 un t\u00e9moignage particuli\u00e8rement pr\u00e9cieux et inspirant en pr\u00e9sentant le fonctionnement de sa structure, les financements Caf et les qualit\u00e9s attendues dans ces m\u00e9tiers.<\/p>\n\n\n\n<p>Cet \u00e9v\u00e8nement illustre pleinement la volont\u00e9 de la Caf de la Charente-Maritime de construire, aux c\u00f4t\u00e9s de ses partenaires, <strong>des actions concr\u00e8tes pour soutenir les professionnels et futurs professionnels de la petite enfance.<\/strong><\/p>\n\n\n<div class=\"wp-block-image\">\n<figure class=\"aligncenter size-large\"><img decoding=\"async\" loading=\"lazy\" width=\"2560\" height=\"1707\" src=\"https:\/\/caf-rapport-activite.fr\/caf17-2025\/wp-content\/uploads\/sites\/29\/2026\/04\/Formation_puericultrice-edited-scaled.jpg\" alt=\"\" class=\"wp-image-2015\" srcset=\"https:\/\/caf-rapport-activite.fr\/caf17-2025\/wp-content\/uploads\/sites\/29\/2026\/04\/Formation_puericultrice-edited-scaled.jpg 2560w, https:\/\/caf-rapport-activite.fr\/caf17-2025\/wp-content\/uploads\/sites\/29\/2026\/04\/Formation_puericultrice-edited-300x200.jpg 300w, https:\/\/caf-rapport-activite.fr\/caf17-2025\/wp-content\/uploads\/sites\/29\/2026\/04\/Formation_puericultrice-edited-1024x683.jpg 1024w, https:\/\/caf-rapport-activite.fr\/caf17-2025\/wp-content\/uploads\/sites\/29\/2026\/04\/Formation_puericultrice-edited-768x512.jpg 768w, https:\/\/caf-rapport-activite.fr\/caf17-2025\/wp-content\/uploads\/sites\/29\/2026\/04\/Formation_puericultrice-edited-1536x1024.jpg 1536w, https:\/\/caf-rapport-activite.fr\/caf17-2025\/wp-content\/uploads\/sites\/29\/2026\/04\/Formation_puericultrice-edited-2048x1365.jpg 2048w\" sizes=\"(max-width: 2560px) 100vw, 2560px\" \/><\/figure><\/div>","protected":false},"excerpt":{"rendered":"<p>Le 24 novembre dernier, la Caf de la Charente-Maritime a particip\u00e9 \u00e0 un temps fort au sein de l\u2019IFAP Croix-Rouge [&hellip;]<\/p>\n","protected":false},"featured_media":2015,"parent":0,"menu_order":0,"template":"","activite":[],"yoast_head":"<!-- This site is optimized with the Yoast SEO plugin v19.11 - https:\/\/yoast.com\/wordpress\/plugins\/seo\/ -->\n<title>D\u00e9velopper l&#039;attractivit\u00e9 des m\u00e9tiers de la petite enfance - Caf 17 - 2025<\/title>\n<meta name=\"robots\" content=\"index, follow, max-snippet:-1, max-image-preview:large, max-video-preview:-1\" \/>\n<link rel=\"canonical\" href=\"https:\/\/caf-rapport-activite.fr\/caf17-2025\/temp-fort\/developper-lattractivite-des-metiers-de-la-petite-enfance\/\" \/>\n<meta property=\"og:locale\" content=\"fr_FR\" \/>\n<meta property=\"og:type\" content=\"article\" \/>\n<meta property=\"og:title\" content=\"D\u00e9velopper l&#039;attractivit\u00e9 des m\u00e9tiers de la petite enfance - Caf 17 - 2025\" \/>\n<meta property=\"og:description\" content=\"Le 24 novembre dernier, la Caf de la Charente-Maritime a particip\u00e9 \u00e0 un temps fort au sein de l\u2019IFAP Croix-Rouge [&hellip;]\" \/>\n<meta property=\"og:url\" content=\"https:\/\/caf-rapport-activite.fr\/caf17-2025\/temp-fort\/developper-lattractivite-des-metiers-de-la-petite-enfance\/\" \/>\n<meta property=\"og:site_name\" content=\"Caf 17 - 2025\" \/>\n<meta property=\"article:modified_time\" content=\"2026-04-21T14:59:01+00:00\" \/>\n<meta property=\"og:image\" content=\"https:\/\/caf-rapport-activite.fr\/caf17-2025\/wp-content\/uploads\/sites\/29\/2026\/04\/Formation_puericultrice-edited-scaled.jpg\" \/>\n\t<meta property=\"og:image:width\" content=\"2560\" \/>\n\t<meta property=\"og:image:height\" content=\"1707\" \/>\n\t<meta property=\"og:image:type\" content=\"image\/jpeg\" \/>\n<meta name=\"twitter:card\" content=\"summary_large_image\" \/>\n<meta name=\"twitter:label1\" content=\"Dur\u00e9e de lecture estim\u00e9e\" \/>\n\t<meta name=\"twitter:data1\" content=\"2 minutes\" \/>\n<script type=\"application\/ld+json\" class=\"yoast-schema-graph\">{\"@context\":\"https:\/\/schema.org\",\"@graph\":[{\"@type\":\"WebPage\",\"@id\":\"https:\/\/caf-rapport-activite.fr\/caf17-2025\/temp-fort\/developper-lattractivite-des-metiers-de-la-petite-enfance\/\",\"url\":\"https:\/\/caf-rapport-activite.fr\/caf17-2025\/temp-fort\/developper-lattractivite-des-metiers-de-la-petite-enfance\/\",\"name\":\"D\u00e9velopper l'attractivit\u00e9 des m\u00e9tiers de la petite enfance - Caf 17 - 2025\",\"isPartOf\":{\"@id\":\"https:\/\/caf-rapport-activite.fr\/caf17-2025\/#website\"},\"datePublished\":\"2026-04-21T14:58:59+00:00\",\"dateModified\":\"2026-04-21T14:59:01+00:00\",\"breadcrumb\":{\"@id\":\"https:\/\/caf-rapport-activite.fr\/caf17-2025\/temp-fort\/developper-lattractivite-des-metiers-de-la-petite-enfance\/#breadcrumb\"},\"inLanguage\":\"fr-FR\",\"potentialAction\":[{\"@type\":\"ReadAction\",\"target\":[\"https:\/\/caf-rapport-activite.fr\/caf17-2025\/temp-fort\/developper-lattractivite-des-metiers-de-la-petite-enfance\/\"]}]},{\"@type\":\"BreadcrumbList\",\"@id\":\"https:\/\/caf-rapport-activite.fr\/caf17-2025\/temp-fort\/developper-lattractivite-des-metiers-de-la-petite-enfance\/#breadcrumb\",\"itemListElement\":[{\"@type\":\"ListItem\",\"position\":1,\"name\":\"Accueil\",\"item\":\"https:\/\/caf-rapport-activite.fr\/caf17-2025\/\"},{\"@type\":\"ListItem\",\"position\":2,\"name\":\"Temps forts\",\"item\":\"https:\/\/caf-rapport-activite.fr\/caf17-2025\/temp-fort\/\"},{\"@type\":\"ListItem\",\"position\":3,\"name\":\"D\u00e9velopper l&rsquo;attractivit\u00e9 des m\u00e9tiers de la petite enfance\"}]},{\"@type\":\"WebSite\",\"@id\":\"https:\/\/caf-rapport-activite.fr\/caf17-2025\/#website\",\"url\":\"https:\/\/caf-rapport-activite.fr\/caf17-2025\/\",\"name\":\"Caf 17 - 2025\",\"description\":\"\",\"potentialAction\":[{\"@type\":\"SearchAction\",\"target\":{\"@type\":\"EntryPoint\",\"urlTemplate\":\"https:\/\/caf-rapport-activite.fr\/caf17-2025\/?s={search_term_string}\"},\"query-input\":\"required name=search_term_string\"}],\"inLanguage\":\"fr-FR\"}]}<\/script>\n<!-- \/ Yoast SEO plugin. -->","yoast_head_json":{"title":"D\u00e9velopper l'attractivit\u00e9 des m\u00e9tiers de la petite enfance - Caf 17 - 2025","robots":{"index":"index","follow":"follow","max-snippet":"max-snippet:-1","max-image-preview":"max-image-preview:large","max-video-preview":"max-video-preview:-1"},"canonical":"https:\/\/caf-rapport-activite.fr\/caf17-2025\/temp-fort\/developper-lattractivite-des-metiers-de-la-petite-enfance\/","og_locale":"fr_FR","og_type":"article","og_title":"D\u00e9velopper l'attractivit\u00e9 des m\u00e9tiers de la petite enfance - Caf 17 - 2025","og_description":"Le 24 novembre dernier, la Caf de la Charente-Maritime a particip\u00e9 \u00e0 un temps fort au sein de l\u2019IFAP Croix-Rouge [&hellip;]","og_url":"https:\/\/caf-rapport-activite.fr\/caf17-2025\/temp-fort\/developper-lattractivite-des-metiers-de-la-petite-enfance\/","og_site_name":"Caf 17 - 2025","article_modified_time":"2026-04-21T14:59:01+00:00","og_image":[{"width":2560,"height":1707,"url":"https:\/\/caf-rapport-activite.fr\/caf17-2025\/wp-content\/uploads\/sites\/29\/2026\/04\/Formation_puericultrice-edited-scaled.jpg","type":"image\/jpeg"}],"twitter_card":"summary_large_image","twitter_misc":{"Dur\u00e9e de lecture estim\u00e9e":"2 minutes"},"schema":{"@context":"https:\/\/schema.org","@graph":[{"@type":"WebPage","@id":"https:\/\/caf-rapport-activite.fr\/caf17-2025\/temp-fort\/developper-lattractivite-des-metiers-de-la-petite-enfance\/","url":"https:\/\/caf-rapport-activite.fr\/caf17-2025\/temp-fort\/developper-lattractivite-des-metiers-de-la-petite-enfance\/","name":"D\u00e9velopper l'attractivit\u00e9 des m\u00e9tiers de la petite enfance - Caf 17 - 2025","isPartOf":{"@id":"https:\/\/caf-rapport-activite.fr\/caf17-2025\/#website"},"datePublished":"2026-04-21T14:58:59+00:00","dateModified":"2026-04-21T14:59:01+00:00","breadcrumb":{"@id":"https:\/\/caf-rapport-activite.fr\/caf17-2025\/temp-fort\/developper-lattractivite-des-metiers-de-la-petite-enfance\/#breadcrumb"},"inLanguage":"fr-FR","potentialAction":[{"@type":"ReadAction","target":["https:\/\/caf-rapport-activite.fr\/caf17-2025\/temp-fort\/developper-lattractivite-des-metiers-de-la-petite-enfance\/"]}]},{"@type":"BreadcrumbList","@id":"https:\/\/caf-rapport-activite.fr\/caf17-2025\/temp-fort\/developper-lattractivite-des-metiers-de-la-petite-enfance\/#breadcrumb","itemListElement":[{"@type":"ListItem","position":1,"name":"Accueil","item":"https:\/\/caf-rapport-activite.fr\/caf17-2025\/"},{"@type":"ListItem","position":2,"name":"Temps forts","item":"https:\/\/caf-rapport-activite.fr\/caf17-2025\/temp-fort\/"},{"@type":"ListItem","position":3,"name":"D\u00e9velopper l&rsquo;attractivit\u00e9 des m\u00e9tiers de la petite enfance"}]},{"@type":"WebSite","@id":"https:\/\/caf-rapport-activite.fr\/caf17-2025\/#website","url":"https:\/\/caf-rapport-activite.fr\/caf17-2025\/","name":"Caf 17 - 2025","description":"","potentialAction":[{"@type":"SearchAction","target":{"@type":"EntryPoint","urlTemplate":"https:\/\/caf-rapport-activite.fr\/caf17-2025\/?s={search_term_string}"},"query-input":"required name=search_term_string"}],"inLanguage":"fr-FR"}]}},"_links":{"self":[{"href":"https:\/\/caf-rapport-activite.fr\/caf17-2025\/wp-json\/wp\/v2\/temp-fort\/2013"}],"collection":[{"href":"https:\/\/caf-rapport-activite.fr\/caf17-2025\/wp-json\/wp\/v2\/temp-fort"}],"about":[{"href":"https:\/\/caf-rapport-activite.fr\/caf17-2025\/wp-json\/wp\/v2\/types\/temp-fort"}],"wp:featuredmedia":[{"embeddable":true,"href":"https:\/\/caf-rapport-activite.fr\/caf17-2025\/wp-json\/wp\/v2\/media\/2015"}],"wp:attachment":[{"href":"https:\/\/caf-rapport-activite.fr\/caf17-2025\/wp-json\/wp\/v2\/media?parent=2013"}],"wp:term":[{"taxonomy":"activite","embeddable":true,"href":"https:\/\/caf-rapport-activite.fr\/caf17-2025\/wp-json\/wp\/v2\/activite?post=2013"}],"curies":[{"name":"wp","href":"https:\/\/api.w.org\/{rel}","templated":true}]}}

Développer l&rsquo;attractivité des métiers de la petite enfance

<p>Le 24 novembre dernier, la Caf de la Charente-Maritime a participé à un temps fort au sein de l’IFAP Croix-Rouge de Rochefort.</p>



<p>Depuis septembre, l’IFAP propose un nouveau <strong>parcours de formation d’auxiliaires de puériculture :</strong> une opportunité idéale pour renforcer nos actions en faveur de l’attractivité des métiers de la petite enfance. Afin d’illustrer concrètement nos actions en faveur de l’attractivité des métiers de la petite enfance, nous avons associé France Travail et la directrice de la crèche de Puilboreau.</p>



<p>Le représentant de France Travail a offert une analyse éclairante du marché du travail en Charente-Maritime : tendances de recrutement, besoins des employeurs, perspectives sectorielles, outils et leviers de recrutement. Son discours a permis d&rsquo;apporter des éléments clés, aussi bien aux futurs salariés à la recherche d&#8217;emploi, mais aussi aux futurs recruteurs qu&rsquo;ils seront peut-être demain.</p>



<p>La directrice de la crèche a apporté un témoignage particulièrement précieux et inspirant en présentant le fonctionnement de sa structure, les financements Caf et les qualités attendues dans ces métiers.</p>



<p>Cet évènement illustre pleinement la volonté de la Caf de la Charente-Maritime de construire, aux côtés de ses partenaires, <strong>des actions concrètes pour soutenir les professionnels et futurs professionnels de la petite enfance.</strong></p>


<div class="wp-block-image">
<figure class="aligncenter size-large"><img decoding="async" loading="lazy" width="2560" height="1707" src="https://caf-rapport-activite.fr/caf17-2025/wp-content/uploads/sites/29/2026/04/Formation_puericultrice-edited-scaled.jpg" alt="" class="wp-image-2015" srcset="https://caf-rapport-activite.fr/caf17-2025/wp-content/uploads/sites/29/2026/04/Formation_puericultrice-edited-scaled.jpg 2560w, https://caf-rapport-activite.fr/caf17-2025/wp-content/uploads/sites/29/2026/04/Formation_puericultrice-edited-300x200.jpg 300w, https://caf-rapport-activite.fr/caf17-2025/wp-content/uploads/sites/29/2026/04/Formation_puericultrice-edited-1024x683.jpg 1024w, https://caf-rapport-activite.fr/caf17-2025/wp-content/uploads/sites/29/2026/04/Formation_puericultrice-edited-768x512.jpg 768w, https://caf-rapport-activite.fr/caf17-2025/wp-content/uploads/sites/29/2026/04/Formation_puericultrice-edited-1536x1024.jpg 1536w, https://caf-rapport-activite.fr/caf17-2025/wp-content/uploads/sites/29/2026/04/Formation_puericultrice-edited-2048x1365.jpg 2048w" sizes="(max-width: 2560px) 100vw, 2560px" /></figure></div>

<p>Le 24 novembre dernier, la Caf de la Charente-Maritime a participé à un temps fort au sein de l’IFAP Croix-Rouge [&hellip;]</p>

<!-- This site is optimized with the Yoast SEO plugin v19.11 - https://yoast.com/wordpress/plugins/seo/ -->
<title>Développer l&#039;attractivité des métiers de la petite enfance - Caf 17 - 2025</title>
<meta name="robots" content="index, follow, max-snippet:-1, max-image-preview:large, max-video-preview:-1" />
<link rel="canonical" href="https://caf-rapport-activite.fr/caf17-2025/temp-fort/developper-lattractivite-des-metiers-de-la-petite-enfance/" />
<meta property="og:locale" content="fr_FR" />
<meta property="og:type" content="article" />
<meta property="og:title" content="Développer l&#039;attractivité des métiers de la petite enfance - Caf 17 - 2025" />
<meta property="og:description" content="Le 24 novembre dernier, la Caf de la Charente-Maritime a participé à un temps fort au sein de l’IFAP Croix-Rouge [&hellip;]" />
<meta property="og:url" content="https://caf-rapport-activite.fr/caf17-2025/temp-fort/developper-lattractivite-des-metiers-de-la-petite-enfance/" />
<meta property="og:site_name" content="Caf 17 - 2025" />
<meta property="article:modified_time" content="2026-04-21T14:59:01+00:00" />
<meta property="og:image" content="https://caf-rapport-activite.fr/caf17-2025/wp-content/uploads/sites/29/2026/04/Formation_puericultrice-edited-scaled.jpg" />
	<meta property="og:image:width" content="2560" />
	<meta property="og:image:height" content="1707" />
	<meta property="og:image:type" content="image/jpeg" />
<meta name="twitter:card" content="summary_large_image" />
<meta name="twitter:label1" content="Durée de lecture estimée" />
	<meta name="twitter:data1" content="2 minutes" />
<script type="application/ld+json" class="yoast-schema-graph">{"@context":"https://schema.org","@graph":[{"@type":"WebPage","@id":"https://caf-rapport-activite.fr/caf17-2025/temp-fort/developper-lattractivite-des-metiers-de-la-petite-enfance/","url":"https://caf-rapport-activite.fr/caf17-2025/temp-fort/developper-lattractivite-des-metiers-de-la-petite-enfance/","name":"Développer l'attractivité des métiers de la petite enfance - Caf 17 - 2025","isPartOf":{"@id":"https://caf-rapport-activite.fr/caf17-2025/#website"},"datePublished":"2026-04-21T14:58:59+00:00","dateModified":"2026-04-21T14:59:01+00:00","breadcrumb":{"@id":"https://caf-rapport-activite.fr/caf17-2025/temp-fort/developper-lattractivite-des-metiers-de-la-petite-enfance/#breadcrumb"},"inLanguage":"fr-FR","potentialAction":[{"@type":"ReadAction","target":["https://caf-rapport-activite.fr/caf17-2025/temp-fort/developper-lattractivite-des-metiers-de-la-petite-enfance/"]}]},{"@type":"BreadcrumbList","@id":"https://caf-rapport-activite.fr/caf17-2025/temp-fort/developper-lattractivite-des-metiers-de-la-petite-enfance/#breadcrumb","itemListElement":[{"@type":"ListItem","position":1,"name":"Accueil","item":"https://caf-rapport-activite.fr/caf17-2025/"},{"@type":"ListItem","position":2,"name":"Temps forts","item":"https://caf-rapport-activite.fr/caf17-2025/temp-fort/"},{"@type":"ListItem","position":3,"name":"Développer l&rsquo;attractivité des métiers de la petite enfance"}]},{"@type":"WebSite","@id":"https://caf-rapport-activite.fr/caf17-2025/#website","url":"https://caf-rapport-activite.fr/caf17-2025/","name":"Caf 17 - 2025","description":"","potentialAction":[{"@type":"SearchAction","target":{"@type":"EntryPoint","urlTemplate":"https://caf-rapport-activite.fr/caf17-2025/?s={search_term_string}"},"query-input":"required name=search_term_string"}],"inLanguage":"fr-FR"}]}</script>
<!-- / Yoast SEO plugin. -->

Développer l'attractivité des métiers de la petite enfance - Caf 17 - 2025

Le 24 novembre dernier, la Caf de la Charente-Maritime a participé à un temps fort au sein de l’IFAP Croix-Rouge [&hellip;]
