{"id":2010,"date":"2026-04-21T16:50:44","date_gmt":"2026-04-21T14:50:44","guid":{"rendered":"https:\/\/caf-rapport-activite.fr\/caf17-2025\/?post_type=temp-fort&#038;p=2010"},"modified":"2026-04-21T16:53:01","modified_gmt":"2026-04-21T14:53:01","slug":"2010-2","status":"publish","type":"temp-fort","link":"https:\/\/caf-rapport-activite.fr\/caf17-2025\/temp-fort\/2010-2\/","title":{"rendered":"Agglo de La Rochelle : un cahier de l&rsquo;observatoire sp\u00e9cial petite enfance"},"content":{"rendered":"\n<p>\u00c0 Nieul-sur-Mer, le 14 novembre, les \u00e9lus locaux, leurs r\u00e9f\u00e9rents et les gestionnaires de cr\u00e8ches ont d\u00e9couvert en avant-premi\u00e8re le <a href=\"https:\/\/www.calameo.com\/read\/001297424a3b9bde2bab2\" target=\"_blank\" rel=\"noreferrer noopener\">Cahier n\u00b07 de l\u2019Observatoire de la communaut\u00e9 d&rsquo;agglom\u00e9ration de La Rochelle, d\u00e9di\u00e9 \u00e0 la petite enfance<\/a>. <br><br>Fruit d\u2019un partenariat engag\u00e9 avec notre organisme, ce cahier apporte une vision approfondie et objective des enjeux du territoire dans le cadre de la d\u00e9marche Ctg et du d\u00e9ploiement du Service public de la petite enfance.<br><br>Une belle illustration de notre mission au service des familles et des enfants, et de notre volont\u00e9 de faire \u00e9voluer les pratiques avec les partenaires du territoire.<\/p>\n\n\n<div class=\"wp-block-image\">\n<figure class=\"aligncenter size-full\"><img decoding=\"async\" loading=\"lazy\" width=\"640\" height=\"481\" src=\"https:\/\/caf-rapport-activite.fr\/caf17-2025\/wp-content\/uploads\/sites\/29\/2026\/04\/Intro-Maire-de-Nieul-s-mer-GG-Maire-de-St-Vivien.jpg\" alt=\"\" class=\"wp-image-2011\" srcset=\"https:\/\/caf-rapport-activite.fr\/caf17-2025\/wp-content\/uploads\/sites\/29\/2026\/04\/Intro-Maire-de-Nieul-s-mer-GG-Maire-de-St-Vivien.jpg 640w, https:\/\/caf-rapport-activite.fr\/caf17-2025\/wp-content\/uploads\/sites\/29\/2026\/04\/Intro-Maire-de-Nieul-s-mer-GG-Maire-de-St-Vivien-300x225.jpg 300w\" sizes=\"(max-width: 640px) 100vw, 640px\" \/><\/figure><\/div>","protected":false},"excerpt":{"rendered":"<p>\u00c0 Nieul-sur-Mer, le 14 novembre, les \u00e9lus locaux, leurs r\u00e9f\u00e9rents et les gestionnaires de cr\u00e8ches ont d\u00e9couvert en avant-premi\u00e8re le [&hellip;]<\/p>\n","protected":false},"featured_media":2011,"parent":0,"menu_order":0,"template":"","activite":[5],"yoast_head":"<!-- This site is optimized with the Yoast SEO plugin v19.11 - https:\/\/yoast.com\/wordpress\/plugins\/seo\/ -->\n<title>Agglo de La Rochelle : un cahier de l&#039;observatoire sp\u00e9cial petite enfance - Caf 17 - 2025<\/title>\n<meta name=\"robots\" content=\"index, follow, max-snippet:-1, max-image-preview:large, max-video-preview:-1\" \/>\n<link rel=\"canonical\" href=\"https:\/\/caf-rapport-activite.fr\/caf17-2025\/temp-fort\/2010-2\/\" \/>\n<meta property=\"og:locale\" content=\"fr_FR\" \/>\n<meta property=\"og:type\" content=\"article\" \/>\n<meta property=\"og:title\" content=\"Agglo de La Rochelle : un cahier de l&#039;observatoire sp\u00e9cial petite enfance - Caf 17 - 2025\" \/>\n<meta property=\"og:description\" content=\"\u00c0 Nieul-sur-Mer, le 14 novembre, les \u00e9lus locaux, leurs r\u00e9f\u00e9rents et les gestionnaires de cr\u00e8ches ont d\u00e9couvert en avant-premi\u00e8re le [&hellip;]\" \/>\n<meta property=\"og:url\" content=\"https:\/\/caf-rapport-activite.fr\/caf17-2025\/temp-fort\/2010-2\/\" \/>\n<meta property=\"og:site_name\" content=\"Caf 17 - 2025\" \/>\n<meta property=\"article:modified_time\" content=\"2026-04-21T14:53:01+00:00\" \/>\n<meta property=\"og:image\" content=\"https:\/\/caf-rapport-activite.fr\/caf17-2025\/wp-content\/uploads\/sites\/29\/2026\/04\/Intro-Maire-de-Nieul-s-mer-GG-Maire-de-St-Vivien.jpg\" \/>\n\t<meta property=\"og:image:width\" content=\"640\" \/>\n\t<meta property=\"og:image:height\" content=\"481\" \/>\n\t<meta property=\"og:image:type\" content=\"image\/jpeg\" \/>\n<meta name=\"twitter:card\" content=\"summary_large_image\" \/>\n<meta name=\"twitter:label1\" content=\"Dur\u00e9e de lecture estim\u00e9e\" \/>\n\t<meta name=\"twitter:data1\" content=\"1 minute\" \/>\n<script type=\"application\/ld+json\" class=\"yoast-schema-graph\">{\"@context\":\"https:\/\/schema.org\",\"@graph\":[{\"@type\":\"WebPage\",\"@id\":\"https:\/\/caf-rapport-activite.fr\/caf17-2025\/temp-fort\/2010-2\/\",\"url\":\"https:\/\/caf-rapport-activite.fr\/caf17-2025\/temp-fort\/2010-2\/\",\"name\":\"Agglo de La Rochelle : un cahier de l'observatoire sp\u00e9cial petite enfance - Caf 17 - 2025\",\"isPartOf\":{\"@id\":\"https:\/\/caf-rapport-activite.fr\/caf17-2025\/#website\"},\"datePublished\":\"2026-04-21T14:50:44+00:00\",\"dateModified\":\"2026-04-21T14:53:01+00:00\",\"breadcrumb\":{\"@id\":\"https:\/\/caf-rapport-activite.fr\/caf17-2025\/temp-fort\/2010-2\/#breadcrumb\"},\"inLanguage\":\"fr-FR\",\"potentialAction\":[{\"@type\":\"ReadAction\",\"target\":[\"https:\/\/caf-rapport-activite.fr\/caf17-2025\/temp-fort\/2010-2\/\"]}]},{\"@type\":\"BreadcrumbList\",\"@id\":\"https:\/\/caf-rapport-activite.fr\/caf17-2025\/temp-fort\/2010-2\/#breadcrumb\",\"itemListElement\":[{\"@type\":\"ListItem\",\"position\":1,\"name\":\"Accueil\",\"item\":\"https:\/\/caf-rapport-activite.fr\/caf17-2025\/\"},{\"@type\":\"ListItem\",\"position\":2,\"name\":\"Temps forts\",\"item\":\"https:\/\/caf-rapport-activite.fr\/caf17-2025\/temp-fort\/\"},{\"@type\":\"ListItem\",\"position\":3,\"name\":\"Agglo de La Rochelle : un cahier de l&rsquo;observatoire sp\u00e9cial petite enfance\"}]},{\"@type\":\"WebSite\",\"@id\":\"https:\/\/caf-rapport-activite.fr\/caf17-2025\/#website\",\"url\":\"https:\/\/caf-rapport-activite.fr\/caf17-2025\/\",\"name\":\"Caf 17 - 2025\",\"description\":\"\",\"potentialAction\":[{\"@type\":\"SearchAction\",\"target\":{\"@type\":\"EntryPoint\",\"urlTemplate\":\"https:\/\/caf-rapport-activite.fr\/caf17-2025\/?s={search_term_string}\"},\"query-input\":\"required name=search_term_string\"}],\"inLanguage\":\"fr-FR\"}]}<\/script>\n<!-- \/ Yoast SEO plugin. -->","yoast_head_json":{"title":"Agglo de La Rochelle : un cahier de l'observatoire sp\u00e9cial petite enfance - Caf 17 - 2025","robots":{"index":"index","follow":"follow","max-snippet":"max-snippet:-1","max-image-preview":"max-image-preview:large","max-video-preview":"max-video-preview:-1"},"canonical":"https:\/\/caf-rapport-activite.fr\/caf17-2025\/temp-fort\/2010-2\/","og_locale":"fr_FR","og_type":"article","og_title":"Agglo de La Rochelle : un cahier de l'observatoire sp\u00e9cial petite enfance - Caf 17 - 2025","og_description":"\u00c0 Nieul-sur-Mer, le 14 novembre, les \u00e9lus locaux, leurs r\u00e9f\u00e9rents et les gestionnaires de cr\u00e8ches ont d\u00e9couvert en avant-premi\u00e8re le [&hellip;]","og_url":"https:\/\/caf-rapport-activite.fr\/caf17-2025\/temp-fort\/2010-2\/","og_site_name":"Caf 17 - 2025","article_modified_time":"2026-04-21T14:53:01+00:00","og_image":[{"width":640,"height":481,"url":"https:\/\/caf-rapport-activite.fr\/caf17-2025\/wp-content\/uploads\/sites\/29\/2026\/04\/Intro-Maire-de-Nieul-s-mer-GG-Maire-de-St-Vivien.jpg","type":"image\/jpeg"}],"twitter_card":"summary_large_image","twitter_misc":{"Dur\u00e9e de lecture estim\u00e9e":"1 minute"},"schema":{"@context":"https:\/\/schema.org","@graph":[{"@type":"WebPage","@id":"https:\/\/caf-rapport-activite.fr\/caf17-2025\/temp-fort\/2010-2\/","url":"https:\/\/caf-rapport-activite.fr\/caf17-2025\/temp-fort\/2010-2\/","name":"Agglo de La Rochelle : un cahier de l'observatoire sp\u00e9cial petite enfance - Caf 17 - 2025","isPartOf":{"@id":"https:\/\/caf-rapport-activite.fr\/caf17-2025\/#website"},"datePublished":"2026-04-21T14:50:44+00:00","dateModified":"2026-04-21T14:53:01+00:00","breadcrumb":{"@id":"https:\/\/caf-rapport-activite.fr\/caf17-2025\/temp-fort\/2010-2\/#breadcrumb"},"inLanguage":"fr-FR","potentialAction":[{"@type":"ReadAction","target":["https:\/\/caf-rapport-activite.fr\/caf17-2025\/temp-fort\/2010-2\/"]}]},{"@type":"BreadcrumbList","@id":"https:\/\/caf-rapport-activite.fr\/caf17-2025\/temp-fort\/2010-2\/#breadcrumb","itemListElement":[{"@type":"ListItem","position":1,"name":"Accueil","item":"https:\/\/caf-rapport-activite.fr\/caf17-2025\/"},{"@type":"ListItem","position":2,"name":"Temps forts","item":"https:\/\/caf-rapport-activite.fr\/caf17-2025\/temp-fort\/"},{"@type":"ListItem","position":3,"name":"Agglo de La Rochelle : un cahier de l&rsquo;observatoire sp\u00e9cial petite enfance"}]},{"@type":"WebSite","@id":"https:\/\/caf-rapport-activite.fr\/caf17-2025\/#website","url":"https:\/\/caf-rapport-activite.fr\/caf17-2025\/","name":"Caf 17 - 2025","description":"","potentialAction":[{"@type":"SearchAction","target":{"@type":"EntryPoint","urlTemplate":"https:\/\/caf-rapport-activite.fr\/caf17-2025\/?s={search_term_string}"},"query-input":"required name=search_term_string"}],"inLanguage":"fr-FR"}]}},"_links":{"self":[{"href":"https:\/\/caf-rapport-activite.fr\/caf17-2025\/wp-json\/wp\/v2\/temp-fort\/2010"}],"collection":[{"href":"https:\/\/caf-rapport-activite.fr\/caf17-2025\/wp-json\/wp\/v2\/temp-fort"}],"about":[{"href":"https:\/\/caf-rapport-activite.fr\/caf17-2025\/wp-json\/wp\/v2\/types\/temp-fort"}],"wp:featuredmedia":[{"embeddable":true,"href":"https:\/\/caf-rapport-activite.fr\/caf17-2025\/wp-json\/wp\/v2\/media\/2011"}],"wp:attachment":[{"href":"https:\/\/caf-rapport-activite.fr\/caf17-2025\/wp-json\/wp\/v2\/media?parent=2010"}],"wp:term":[{"taxonomy":"activite","embeddable":true,"href":"https:\/\/caf-rapport-activite.fr\/caf17-2025\/wp-json\/wp\/v2\/activite?post=2010"}],"curies":[{"name":"wp","href":"https:\/\/api.w.org\/{rel}","templated":true}]}}

Agglo de La Rochelle : un cahier de l&rsquo;observatoire spécial petite enfance

<p>À Nieul-sur-Mer, le 14 novembre, les élus locaux, leurs référents et les gestionnaires de crèches ont découvert en avant-première le <a href="https://www.calameo.com/read/001297424a3b9bde2bab2" target="_blank" rel="noreferrer noopener">Cahier n°7 de l’Observatoire de la communauté d&rsquo;agglomération de La Rochelle, dédié à la petite enfance</a>. <br><br>Fruit d’un partenariat engagé avec notre organisme, ce cahier apporte une vision approfondie et objective des enjeux du territoire dans le cadre de la démarche Ctg et du déploiement du Service public de la petite enfance.<br><br>Une belle illustration de notre mission au service des familles et des enfants, et de notre volonté de faire évoluer les pratiques avec les partenaires du territoire.</p>


<div class="wp-block-image">
<figure class="aligncenter size-full"><img decoding="async" loading="lazy" width="640" height="481" src="https://caf-rapport-activite.fr/caf17-2025/wp-content/uploads/sites/29/2026/04/Intro-Maire-de-Nieul-s-mer-GG-Maire-de-St-Vivien.jpg" alt="" class="wp-image-2011" srcset="https://caf-rapport-activite.fr/caf17-2025/wp-content/uploads/sites/29/2026/04/Intro-Maire-de-Nieul-s-mer-GG-Maire-de-St-Vivien.jpg 640w, https://caf-rapport-activite.fr/caf17-2025/wp-content/uploads/sites/29/2026/04/Intro-Maire-de-Nieul-s-mer-GG-Maire-de-St-Vivien-300x225.jpg 300w" sizes="(max-width: 640px) 100vw, 640px" /></figure></div>

<p>À Nieul-sur-Mer, le 14 novembre, les élus locaux, leurs référents et les gestionnaires de crèches ont découvert en avant-première le [&hellip;]</p>

<!-- This site is optimized with the Yoast SEO plugin v19.11 - https://yoast.com/wordpress/plugins/seo/ -->
<title>Agglo de La Rochelle : un cahier de l&#039;observatoire spécial petite enfance - Caf 17 - 2025</title>
<meta name="robots" content="index, follow, max-snippet:-1, max-image-preview:large, max-video-preview:-1" />
<link rel="canonical" href="https://caf-rapport-activite.fr/caf17-2025/temp-fort/2010-2/" />
<meta property="og:locale" content="fr_FR" />
<meta property="og:type" content="article" />
<meta property="og:title" content="Agglo de La Rochelle : un cahier de l&#039;observatoire spécial petite enfance - Caf 17 - 2025" />
<meta property="og:description" content="À Nieul-sur-Mer, le 14 novembre, les élus locaux, leurs référents et les gestionnaires de crèches ont découvert en avant-première le [&hellip;]" />
<meta property="og:url" content="https://caf-rapport-activite.fr/caf17-2025/temp-fort/2010-2/" />
<meta property="og:site_name" content="Caf 17 - 2025" />
<meta property="article:modified_time" content="2026-04-21T14:53:01+00:00" />
<meta property="og:image" content="https://caf-rapport-activite.fr/caf17-2025/wp-content/uploads/sites/29/2026/04/Intro-Maire-de-Nieul-s-mer-GG-Maire-de-St-Vivien.jpg" />
	<meta property="og:image:width" content="640" />
	<meta property="og:image:height" content="481" />
	<meta property="og:image:type" content="image/jpeg" />
<meta name="twitter:card" content="summary_large_image" />
<meta name="twitter:label1" content="Durée de lecture estimée" />
	<meta name="twitter:data1" content="1 minute" />
<script type="application/ld+json" class="yoast-schema-graph">{"@context":"https://schema.org","@graph":[{"@type":"WebPage","@id":"https://caf-rapport-activite.fr/caf17-2025/temp-fort/2010-2/","url":"https://caf-rapport-activite.fr/caf17-2025/temp-fort/2010-2/","name":"Agglo de La Rochelle : un cahier de l'observatoire spécial petite enfance - Caf 17 - 2025","isPartOf":{"@id":"https://caf-rapport-activite.fr/caf17-2025/#website"},"datePublished":"2026-04-21T14:50:44+00:00","dateModified":"2026-04-21T14:53:01+00:00","breadcrumb":{"@id":"https://caf-rapport-activite.fr/caf17-2025/temp-fort/2010-2/#breadcrumb"},"inLanguage":"fr-FR","potentialAction":[{"@type":"ReadAction","target":["https://caf-rapport-activite.fr/caf17-2025/temp-fort/2010-2/"]}]},{"@type":"BreadcrumbList","@id":"https://caf-rapport-activite.fr/caf17-2025/temp-fort/2010-2/#breadcrumb","itemListElement":[{"@type":"ListItem","position":1,"name":"Accueil","item":"https://caf-rapport-activite.fr/caf17-2025/"},{"@type":"ListItem","position":2,"name":"Temps forts","item":"https://caf-rapport-activite.fr/caf17-2025/temp-fort/"},{"@type":"ListItem","position":3,"name":"Agglo de La Rochelle : un cahier de l&rsquo;observatoire spécial petite enfance"}]},{"@type":"WebSite","@id":"https://caf-rapport-activite.fr/caf17-2025/#website","url":"https://caf-rapport-activite.fr/caf17-2025/","name":"Caf 17 - 2025","description":"","potentialAction":[{"@type":"SearchAction","target":{"@type":"EntryPoint","urlTemplate":"https://caf-rapport-activite.fr/caf17-2025/?s={search_term_string}"},"query-input":"required name=search_term_string"}],"inLanguage":"fr-FR"}]}</script>
<!-- / Yoast SEO plugin. -->

Agglo de La Rochelle : un cahier de l'observatoire spécial petite enfance - Caf 17 - 2025

À Nieul-sur-Mer, le 14 novembre, les élus locaux, leurs référents et les gestionnaires de crèches ont découvert en avant-première le [&hellip;]
