{"id":2005,"date":"2026-04-21T16:39:36","date_gmt":"2026-04-21T14:39:36","guid":{"rendered":"https:\/\/caf-rapport-activite.fr\/caf17-2025\/?post_type=temp-fort&#038;p=2005"},"modified":"2026-04-21T16:40:02","modified_gmt":"2026-04-21T14:40:02","slug":"journee-de-reseau-des-rpe-une-rencontre-porteuse-de-sens","status":"publish","type":"temp-fort","link":"https:\/\/caf-rapport-activite.fr\/caf17-2025\/temp-fort\/journee-de-reseau-des-rpe-une-rencontre-porteuse-de-sens\/","title":{"rendered":"Journ\u00e9e de r\u00e9seau des Rpe : une rencontre porteuse de sens"},"content":{"rendered":"\n<p><\/p>\n\n\n\n<p>Nous \u00e9tions r\u00e9unis \u00e0 Lagord pour la journ\u00e9e du r\u00e9seau d\u00e9partemental des Relais Petite Enfance. Une date symbolique : le 20 novembre, journ\u00e9e internationale des droits de l\u2019enfant, un joli rappel du sens et de la port\u00e9e de nos missions au quotidien.<\/p>\n\n\n\n<p>Cette journ\u00e9e a \u00e9t\u00e9 particuli\u00e8rement enrichissante, marqu\u00e9e par :<\/p>\n\n\n\n<ul>\n<li>Le partage d\u2019informations et d&rsquo;actualit\u00e9s : actualit\u00e9s Caf, vie des territoires, \u00e9changes de pratiques qui nourrissent la coh\u00e9sion du r\u00e9seau,<\/li>\n\n\n\n<li>Une collaboration prometteuse avec la Pmi : premi\u00e8res pistes autour des formations des assistant\u00b7e\u00b7s maternel\u00b7le\u00b7s et de la qualit\u00e9 d\u2019accueil, ouvrant la voie \u00e0 un partenariat renforc\u00e9.<\/li>\n\n\n\n<li>Une intervention de l\u2019association Do l\u2019Enfant Dom : d\u00e9couverte d\u2019une offre de garde \u00e0 domicile adapt\u00e9e aux horaires atypiques, d\u00e9j\u00e0 d\u00e9ploy\u00e9e en Charente-Maritime et bient\u00f4t sur Val de Saintonge, avec un renfort sur la CARA pour soutenir les entreprises de services \u00e0 la personne.<\/li>\n<\/ul>\n\n\n\n<p>Cette dynamique ouvre nouvelles perspectives enthousiasmantes : ateliers co-anim\u00e9s entre les charg\u00e9\u00b7e.s d\u2019agr\u00e9ment Pmi et les responsables Rpe autour de th\u00e9matiques cl\u00e9s (sant\u00e9 de l\u2019enfant, actualit\u00e9s, \u00e9volutions l\u00e9gislatives\u2026).<\/p>\n\n\n\n<p>Une journ\u00e9e porteuse d\u2019\u00e9lan collectif pour renforcer la qualit\u00e9 d\u2019accueil et accompagner familles et professionnels. <\/p>\n\n\n<div class=\"wp-block-image\">\n<figure class=\"aligncenter size-large is-resized\"><img decoding=\"async\" src=\"https:\/\/caf-rapport-activite.fr\/caf17-2025\/wp-content\/uploads\/sites\/29\/2026\/04\/202511_REseauRPE_Novembre2025-edited-scaled.jpg\" alt=\"\" class=\"wp-image-2007\" width=\"578\" srcset=\"https:\/\/caf-rapport-activite.fr\/caf17-2025\/wp-content\/uploads\/sites\/29\/2026\/04\/202511_REseauRPE_Novembre2025-edited-scaled.jpg 2560w, https:\/\/caf-rapport-activite.fr\/caf17-2025\/wp-content\/uploads\/sites\/29\/2026\/04\/202511_REseauRPE_Novembre2025-edited-300x200.jpg 300w, https:\/\/caf-rapport-activite.fr\/caf17-2025\/wp-content\/uploads\/sites\/29\/2026\/04\/202511_REseauRPE_Novembre2025-edited-1024x683.jpg 1024w, https:\/\/caf-rapport-activite.fr\/caf17-2025\/wp-content\/uploads\/sites\/29\/2026\/04\/202511_REseauRPE_Novembre2025-edited-768x512.jpg 768w, https:\/\/caf-rapport-activite.fr\/caf17-2025\/wp-content\/uploads\/sites\/29\/2026\/04\/202511_REseauRPE_Novembre2025-edited-1536x1024.jpg 1536w, https:\/\/caf-rapport-activite.fr\/caf17-2025\/wp-content\/uploads\/sites\/29\/2026\/04\/202511_REseauRPE_Novembre2025-edited-2048x1365.jpg 2048w\" sizes=\"(max-width: 2560px) 100vw, 2560px\" \/><\/figure><\/div>","protected":false},"excerpt":{"rendered":"<p>Nous \u00e9tions r\u00e9unis \u00e0 Lagord pour la journ\u00e9e du r\u00e9seau d\u00e9partemental des Relais Petite Enfance. Une date symbolique : le [&hellip;]<\/p>\n","protected":false},"featured_media":2007,"parent":0,"menu_order":0,"template":"","activite":[],"yoast_head":"<!-- This site is optimized with the Yoast SEO plugin v19.11 - https:\/\/yoast.com\/wordpress\/plugins\/seo\/ -->\n<title>Journ\u00e9e de r\u00e9seau des Rpe : une rencontre porteuse de sens - Caf 17 - 2025<\/title>\n<meta name=\"robots\" content=\"index, follow, max-snippet:-1, max-image-preview:large, max-video-preview:-1\" \/>\n<link rel=\"canonical\" href=\"https:\/\/caf-rapport-activite.fr\/caf17-2025\/temp-fort\/journee-de-reseau-des-rpe-une-rencontre-porteuse-de-sens\/\" \/>\n<meta property=\"og:locale\" content=\"fr_FR\" \/>\n<meta property=\"og:type\" content=\"article\" \/>\n<meta property=\"og:title\" content=\"Journ\u00e9e de r\u00e9seau des Rpe : une rencontre porteuse de sens - Caf 17 - 2025\" \/>\n<meta property=\"og:description\" content=\"Nous \u00e9tions r\u00e9unis \u00e0 Lagord pour la journ\u00e9e du r\u00e9seau d\u00e9partemental des Relais Petite Enfance. Une date symbolique : le [&hellip;]\" \/>\n<meta property=\"og:url\" content=\"https:\/\/caf-rapport-activite.fr\/caf17-2025\/temp-fort\/journee-de-reseau-des-rpe-une-rencontre-porteuse-de-sens\/\" \/>\n<meta property=\"og:site_name\" content=\"Caf 17 - 2025\" \/>\n<meta property=\"article:modified_time\" content=\"2026-04-21T14:40:02+00:00\" \/>\n<meta property=\"og:image\" content=\"https:\/\/caf-rapport-activite.fr\/caf17-2025\/wp-content\/uploads\/sites\/29\/2026\/04\/202511_REseauRPE_Novembre2025-edited-scaled.jpg\" \/>\n\t<meta property=\"og:image:width\" content=\"2560\" \/>\n\t<meta property=\"og:image:height\" content=\"1707\" \/>\n\t<meta property=\"og:image:type\" content=\"image\/jpeg\" \/>\n<meta name=\"twitter:card\" content=\"summary_large_image\" \/>\n<meta name=\"twitter:label1\" content=\"Dur\u00e9e de lecture estim\u00e9e\" \/>\n\t<meta name=\"twitter:data1\" content=\"2 minutes\" \/>\n<script type=\"application\/ld+json\" class=\"yoast-schema-graph\">{\"@context\":\"https:\/\/schema.org\",\"@graph\":[{\"@type\":\"WebPage\",\"@id\":\"https:\/\/caf-rapport-activite.fr\/caf17-2025\/temp-fort\/journee-de-reseau-des-rpe-une-rencontre-porteuse-de-sens\/\",\"url\":\"https:\/\/caf-rapport-activite.fr\/caf17-2025\/temp-fort\/journee-de-reseau-des-rpe-une-rencontre-porteuse-de-sens\/\",\"name\":\"Journ\u00e9e de r\u00e9seau des Rpe : une rencontre porteuse de sens - Caf 17 - 2025\",\"isPartOf\":{\"@id\":\"https:\/\/caf-rapport-activite.fr\/caf17-2025\/#website\"},\"datePublished\":\"2026-04-21T14:39:36+00:00\",\"dateModified\":\"2026-04-21T14:40:02+00:00\",\"breadcrumb\":{\"@id\":\"https:\/\/caf-rapport-activite.fr\/caf17-2025\/temp-fort\/journee-de-reseau-des-rpe-une-rencontre-porteuse-de-sens\/#breadcrumb\"},\"inLanguage\":\"fr-FR\",\"potentialAction\":[{\"@type\":\"ReadAction\",\"target\":[\"https:\/\/caf-rapport-activite.fr\/caf17-2025\/temp-fort\/journee-de-reseau-des-rpe-une-rencontre-porteuse-de-sens\/\"]}]},{\"@type\":\"BreadcrumbList\",\"@id\":\"https:\/\/caf-rapport-activite.fr\/caf17-2025\/temp-fort\/journee-de-reseau-des-rpe-une-rencontre-porteuse-de-sens\/#breadcrumb\",\"itemListElement\":[{\"@type\":\"ListItem\",\"position\":1,\"name\":\"Accueil\",\"item\":\"https:\/\/caf-rapport-activite.fr\/caf17-2025\/\"},{\"@type\":\"ListItem\",\"position\":2,\"name\":\"Temps forts\",\"item\":\"https:\/\/caf-rapport-activite.fr\/caf17-2025\/temp-fort\/\"},{\"@type\":\"ListItem\",\"position\":3,\"name\":\"Journ\u00e9e de r\u00e9seau des Rpe : une rencontre porteuse de sens\"}]},{\"@type\":\"WebSite\",\"@id\":\"https:\/\/caf-rapport-activite.fr\/caf17-2025\/#website\",\"url\":\"https:\/\/caf-rapport-activite.fr\/caf17-2025\/\",\"name\":\"Caf 17 - 2025\",\"description\":\"\",\"potentialAction\":[{\"@type\":\"SearchAction\",\"target\":{\"@type\":\"EntryPoint\",\"urlTemplate\":\"https:\/\/caf-rapport-activite.fr\/caf17-2025\/?s={search_term_string}\"},\"query-input\":\"required name=search_term_string\"}],\"inLanguage\":\"fr-FR\"}]}<\/script>\n<!-- \/ Yoast SEO plugin. -->","yoast_head_json":{"title":"Journ\u00e9e de r\u00e9seau des Rpe : une rencontre porteuse de sens - Caf 17 - 2025","robots":{"index":"index","follow":"follow","max-snippet":"max-snippet:-1","max-image-preview":"max-image-preview:large","max-video-preview":"max-video-preview:-1"},"canonical":"https:\/\/caf-rapport-activite.fr\/caf17-2025\/temp-fort\/journee-de-reseau-des-rpe-une-rencontre-porteuse-de-sens\/","og_locale":"fr_FR","og_type":"article","og_title":"Journ\u00e9e de r\u00e9seau des Rpe : une rencontre porteuse de sens - Caf 17 - 2025","og_description":"Nous \u00e9tions r\u00e9unis \u00e0 Lagord pour la journ\u00e9e du r\u00e9seau d\u00e9partemental des Relais Petite Enfance. Une date symbolique : le [&hellip;]","og_url":"https:\/\/caf-rapport-activite.fr\/caf17-2025\/temp-fort\/journee-de-reseau-des-rpe-une-rencontre-porteuse-de-sens\/","og_site_name":"Caf 17 - 2025","article_modified_time":"2026-04-21T14:40:02+00:00","og_image":[{"width":2560,"height":1707,"url":"https:\/\/caf-rapport-activite.fr\/caf17-2025\/wp-content\/uploads\/sites\/29\/2026\/04\/202511_REseauRPE_Novembre2025-edited-scaled.jpg","type":"image\/jpeg"}],"twitter_card":"summary_large_image","twitter_misc":{"Dur\u00e9e de lecture estim\u00e9e":"2 minutes"},"schema":{"@context":"https:\/\/schema.org","@graph":[{"@type":"WebPage","@id":"https:\/\/caf-rapport-activite.fr\/caf17-2025\/temp-fort\/journee-de-reseau-des-rpe-une-rencontre-porteuse-de-sens\/","url":"https:\/\/caf-rapport-activite.fr\/caf17-2025\/temp-fort\/journee-de-reseau-des-rpe-une-rencontre-porteuse-de-sens\/","name":"Journ\u00e9e de r\u00e9seau des Rpe : une rencontre porteuse de sens - Caf 17 - 2025","isPartOf":{"@id":"https:\/\/caf-rapport-activite.fr\/caf17-2025\/#website"},"datePublished":"2026-04-21T14:39:36+00:00","dateModified":"2026-04-21T14:40:02+00:00","breadcrumb":{"@id":"https:\/\/caf-rapport-activite.fr\/caf17-2025\/temp-fort\/journee-de-reseau-des-rpe-une-rencontre-porteuse-de-sens\/#breadcrumb"},"inLanguage":"fr-FR","potentialAction":[{"@type":"ReadAction","target":["https:\/\/caf-rapport-activite.fr\/caf17-2025\/temp-fort\/journee-de-reseau-des-rpe-une-rencontre-porteuse-de-sens\/"]}]},{"@type":"BreadcrumbList","@id":"https:\/\/caf-rapport-activite.fr\/caf17-2025\/temp-fort\/journee-de-reseau-des-rpe-une-rencontre-porteuse-de-sens\/#breadcrumb","itemListElement":[{"@type":"ListItem","position":1,"name":"Accueil","item":"https:\/\/caf-rapport-activite.fr\/caf17-2025\/"},{"@type":"ListItem","position":2,"name":"Temps forts","item":"https:\/\/caf-rapport-activite.fr\/caf17-2025\/temp-fort\/"},{"@type":"ListItem","position":3,"name":"Journ\u00e9e de r\u00e9seau des Rpe : une rencontre porteuse de sens"}]},{"@type":"WebSite","@id":"https:\/\/caf-rapport-activite.fr\/caf17-2025\/#website","url":"https:\/\/caf-rapport-activite.fr\/caf17-2025\/","name":"Caf 17 - 2025","description":"","potentialAction":[{"@type":"SearchAction","target":{"@type":"EntryPoint","urlTemplate":"https:\/\/caf-rapport-activite.fr\/caf17-2025\/?s={search_term_string}"},"query-input":"required name=search_term_string"}],"inLanguage":"fr-FR"}]}},"_links":{"self":[{"href":"https:\/\/caf-rapport-activite.fr\/caf17-2025\/wp-json\/wp\/v2\/temp-fort\/2005"}],"collection":[{"href":"https:\/\/caf-rapport-activite.fr\/caf17-2025\/wp-json\/wp\/v2\/temp-fort"}],"about":[{"href":"https:\/\/caf-rapport-activite.fr\/caf17-2025\/wp-json\/wp\/v2\/types\/temp-fort"}],"wp:featuredmedia":[{"embeddable":true,"href":"https:\/\/caf-rapport-activite.fr\/caf17-2025\/wp-json\/wp\/v2\/media\/2007"}],"wp:attachment":[{"href":"https:\/\/caf-rapport-activite.fr\/caf17-2025\/wp-json\/wp\/v2\/media?parent=2005"}],"wp:term":[{"taxonomy":"activite","embeddable":true,"href":"https:\/\/caf-rapport-activite.fr\/caf17-2025\/wp-json\/wp\/v2\/activite?post=2005"}],"curies":[{"name":"wp","href":"https:\/\/api.w.org\/{rel}","templated":true}]}}

Journée de réseau des Rpe : une rencontre porteuse de sens

<p></p>



<p>Nous étions réunis à Lagord pour la journée du réseau départemental des Relais Petite Enfance. Une date symbolique : le 20 novembre, journée internationale des droits de l’enfant, un joli rappel du sens et de la portée de nos missions au quotidien.</p>



<p>Cette journée a été particulièrement enrichissante, marquée par :</p>



<ul>
<li>Le partage d’informations et d&rsquo;actualités : actualités Caf, vie des territoires, échanges de pratiques qui nourrissent la cohésion du réseau,</li>



<li>Une collaboration prometteuse avec la Pmi : premières pistes autour des formations des assistant·e·s maternel·le·s et de la qualité d’accueil, ouvrant la voie à un partenariat renforcé.</li>



<li>Une intervention de l’association Do l’Enfant Dom : découverte d’une offre de garde à domicile adaptée aux horaires atypiques, déjà déployée en Charente-Maritime et bientôt sur Val de Saintonge, avec un renfort sur la CARA pour soutenir les entreprises de services à la personne.</li>
</ul>



<p>Cette dynamique ouvre nouvelles perspectives enthousiasmantes : ateliers co-animés entre les chargé·e.s d’agrément Pmi et les responsables Rpe autour de thématiques clés (santé de l’enfant, actualités, évolutions législatives…).</p>



<p>Une journée porteuse d’élan collectif pour renforcer la qualité d’accueil et accompagner familles et professionnels. </p>


<div class="wp-block-image">
<figure class="aligncenter size-large is-resized"><img decoding="async" src="https://caf-rapport-activite.fr/caf17-2025/wp-content/uploads/sites/29/2026/04/202511_REseauRPE_Novembre2025-edited-scaled.jpg" alt="" class="wp-image-2007" width="578" srcset="https://caf-rapport-activite.fr/caf17-2025/wp-content/uploads/sites/29/2026/04/202511_REseauRPE_Novembre2025-edited-scaled.jpg 2560w, https://caf-rapport-activite.fr/caf17-2025/wp-content/uploads/sites/29/2026/04/202511_REseauRPE_Novembre2025-edited-300x200.jpg 300w, https://caf-rapport-activite.fr/caf17-2025/wp-content/uploads/sites/29/2026/04/202511_REseauRPE_Novembre2025-edited-1024x683.jpg 1024w, https://caf-rapport-activite.fr/caf17-2025/wp-content/uploads/sites/29/2026/04/202511_REseauRPE_Novembre2025-edited-768x512.jpg 768w, https://caf-rapport-activite.fr/caf17-2025/wp-content/uploads/sites/29/2026/04/202511_REseauRPE_Novembre2025-edited-1536x1024.jpg 1536w, https://caf-rapport-activite.fr/caf17-2025/wp-content/uploads/sites/29/2026/04/202511_REseauRPE_Novembre2025-edited-2048x1365.jpg 2048w" sizes="(max-width: 2560px) 100vw, 2560px" /></figure></div>

<p>Nous étions réunis à Lagord pour la journée du réseau départemental des Relais Petite Enfance. Une date symbolique : le [&hellip;]</p>

<!-- This site is optimized with the Yoast SEO plugin v19.11 - https://yoast.com/wordpress/plugins/seo/ -->
<title>Journée de réseau des Rpe : une rencontre porteuse de sens - Caf 17 - 2025</title>
<meta name="robots" content="index, follow, max-snippet:-1, max-image-preview:large, max-video-preview:-1" />
<link rel="canonical" href="https://caf-rapport-activite.fr/caf17-2025/temp-fort/journee-de-reseau-des-rpe-une-rencontre-porteuse-de-sens/" />
<meta property="og:locale" content="fr_FR" />
<meta property="og:type" content="article" />
<meta property="og:title" content="Journée de réseau des Rpe : une rencontre porteuse de sens - Caf 17 - 2025" />
<meta property="og:description" content="Nous étions réunis à Lagord pour la journée du réseau départemental des Relais Petite Enfance. Une date symbolique : le [&hellip;]" />
<meta property="og:url" content="https://caf-rapport-activite.fr/caf17-2025/temp-fort/journee-de-reseau-des-rpe-une-rencontre-porteuse-de-sens/" />
<meta property="og:site_name" content="Caf 17 - 2025" />
<meta property="article:modified_time" content="2026-04-21T14:40:02+00:00" />
<meta property="og:image" content="https://caf-rapport-activite.fr/caf17-2025/wp-content/uploads/sites/29/2026/04/202511_REseauRPE_Novembre2025-edited-scaled.jpg" />
	<meta property="og:image:width" content="2560" />
	<meta property="og:image:height" content="1707" />
	<meta property="og:image:type" content="image/jpeg" />
<meta name="twitter:card" content="summary_large_image" />
<meta name="twitter:label1" content="Durée de lecture estimée" />
	<meta name="twitter:data1" content="2 minutes" />
<script type="application/ld+json" class="yoast-schema-graph">{"@context":"https://schema.org","@graph":[{"@type":"WebPage","@id":"https://caf-rapport-activite.fr/caf17-2025/temp-fort/journee-de-reseau-des-rpe-une-rencontre-porteuse-de-sens/","url":"https://caf-rapport-activite.fr/caf17-2025/temp-fort/journee-de-reseau-des-rpe-une-rencontre-porteuse-de-sens/","name":"Journée de réseau des Rpe : une rencontre porteuse de sens - Caf 17 - 2025","isPartOf":{"@id":"https://caf-rapport-activite.fr/caf17-2025/#website"},"datePublished":"2026-04-21T14:39:36+00:00","dateModified":"2026-04-21T14:40:02+00:00","breadcrumb":{"@id":"https://caf-rapport-activite.fr/caf17-2025/temp-fort/journee-de-reseau-des-rpe-une-rencontre-porteuse-de-sens/#breadcrumb"},"inLanguage":"fr-FR","potentialAction":[{"@type":"ReadAction","target":["https://caf-rapport-activite.fr/caf17-2025/temp-fort/journee-de-reseau-des-rpe-une-rencontre-porteuse-de-sens/"]}]},{"@type":"BreadcrumbList","@id":"https://caf-rapport-activite.fr/caf17-2025/temp-fort/journee-de-reseau-des-rpe-une-rencontre-porteuse-de-sens/#breadcrumb","itemListElement":[{"@type":"ListItem","position":1,"name":"Accueil","item":"https://caf-rapport-activite.fr/caf17-2025/"},{"@type":"ListItem","position":2,"name":"Temps forts","item":"https://caf-rapport-activite.fr/caf17-2025/temp-fort/"},{"@type":"ListItem","position":3,"name":"Journée de réseau des Rpe : une rencontre porteuse de sens"}]},{"@type":"WebSite","@id":"https://caf-rapport-activite.fr/caf17-2025/#website","url":"https://caf-rapport-activite.fr/caf17-2025/","name":"Caf 17 - 2025","description":"","potentialAction":[{"@type":"SearchAction","target":{"@type":"EntryPoint","urlTemplate":"https://caf-rapport-activite.fr/caf17-2025/?s={search_term_string}"},"query-input":"required name=search_term_string"}],"inLanguage":"fr-FR"}]}</script>
<!-- / Yoast SEO plugin. -->

Journée de réseau des Rpe : une rencontre porteuse de sens - Caf 17 - 2025

Nous étions réunis à Lagord pour la journée du réseau départemental des Relais Petite Enfance. Une date symbolique : le [&hellip;]
