{"id":2003,"date":"2026-04-21T16:28:49","date_gmt":"2026-04-21T14:28:49","guid":{"rendered":"https:\/\/caf-rapport-activite.fr\/caf17-2025\/?post_type=temp-fort&#038;p=2003"},"modified":"2026-04-21T16:31:06","modified_gmt":"2026-04-21T14:31:06","slug":"2003-2","status":"publish","type":"temp-fort","link":"https:\/\/caf-rapport-activite.fr\/caf17-2025\/temp-fort\/2003-2\/","title":{"rendered":"De nouveaux locaux pour le Rpe d&rsquo;Etaules"},"content":{"rendered":"\n<p>Le samedi 15 novembre 2025, Le Pr\u00e9sident du Conseil d&rsquo;administration de la Caf, Jean-Jacques Rodrigues, a inaugur\u00e9 le nouveau b\u00e2timent du Relais Petite Enfance du secteur Nord de la Communaut\u00e9 d&rsquo;agglom\u00e9ration Royan Atlantique, en pr\u00e9sence de nombreux partenaires et \u00e9lus.<\/p>\n\n\n\n<p>Gr\u00e2ce \u00e0 une mobilisation collective exemplaire, ce lieu devient une r\u00e9f\u00e9rence pour les familles en qu\u00eate de solutions d\u2019accueil et pour les professionnels de la petite enfance.<\/p>\n\n\n\n<p>La Caf de la Charente-Maritime est fi\u00e8re d\u2019avoir soutenu ce projet \u00e0 hauteur de <strong>60 000 \u20ac pour la construction<\/strong>, et de <strong>contribuer chaque ann\u00e9e \u00e0 hauteur de 180 000 \u20ac au fonctionnement des 4 relais petite enfance de l\u2019agglom\u00e9ration<\/strong>.<\/p>\n\n\n\n<p>Ce nouvel espace, \u00e0 l\u2019architecture soign\u00e9e, incarne notre engagement commun pour un service public de la petite enfance de qualit\u00e9, au plus pr\u00e8s des besoins des familles et des assistants maternels.<\/p>\n\n\n\n<p>Merci \u00e0 la Communaut\u00e9 d\u2019agglom\u00e9ration Royan Atlantique, aux financeurs et \u00e0 tous les acteurs mobilis\u00e9s pour faire de ce projet une r\u00e9alit\u00e9 !<\/p>\n\n\n<div class=\"wp-block-image\">\n<figure class=\"aligncenter size-medium\"><img decoding=\"async\" loading=\"lazy\" width=\"300\" height=\"251\" src=\"https:\/\/caf-rapport-activite.fr\/caf17-2025\/wp-content\/uploads\/sites\/29\/2026\/04\/20251115_Locaux_Rpe_Etaules-300x251.png\" alt=\"\" class=\"wp-image-2001\" srcset=\"https:\/\/caf-rapport-activite.fr\/caf17-2025\/wp-content\/uploads\/sites\/29\/2026\/04\/20251115_Locaux_Rpe_Etaules-300x251.png 300w, https:\/\/caf-rapport-activite.fr\/caf17-2025\/wp-content\/uploads\/sites\/29\/2026\/04\/20251115_Locaux_Rpe_Etaules-768x644.png 768w, https:\/\/caf-rapport-activite.fr\/caf17-2025\/wp-content\/uploads\/sites\/29\/2026\/04\/20251115_Locaux_Rpe_Etaules.png 940w\" sizes=\"(max-width: 300px) 100vw, 300px\" \/><\/figure><\/div>","protected":false},"excerpt":{"rendered":"<p>Le samedi 15 novembre 2025, Le Pr\u00e9sident du Conseil d&rsquo;administration de la Caf, Jean-Jacques Rodrigues, a inaugur\u00e9 le nouveau b\u00e2timent [&hellip;]<\/p>\n","protected":false},"featured_media":2001,"parent":0,"menu_order":0,"template":"","activite":[5],"yoast_head":"<!-- This site is optimized with the Yoast SEO plugin v19.11 - https:\/\/yoast.com\/wordpress\/plugins\/seo\/ -->\n<title>De nouveaux locaux pour le Rpe d&#039;Etaules - Caf 17 - 2025<\/title>\n<meta name=\"robots\" content=\"index, follow, max-snippet:-1, max-image-preview:large, max-video-preview:-1\" \/>\n<link rel=\"canonical\" href=\"https:\/\/caf-rapport-activite.fr\/caf17-2025\/temp-fort\/2003-2\/\" \/>\n<meta property=\"og:locale\" content=\"fr_FR\" \/>\n<meta property=\"og:type\" content=\"article\" \/>\n<meta property=\"og:title\" content=\"De nouveaux locaux pour le Rpe d&#039;Etaules - Caf 17 - 2025\" \/>\n<meta property=\"og:description\" content=\"Le samedi 15 novembre 2025, Le Pr\u00e9sident du Conseil d&rsquo;administration de la Caf, Jean-Jacques Rodrigues, a inaugur\u00e9 le nouveau b\u00e2timent [&hellip;]\" \/>\n<meta property=\"og:url\" content=\"https:\/\/caf-rapport-activite.fr\/caf17-2025\/temp-fort\/2003-2\/\" \/>\n<meta property=\"og:site_name\" content=\"Caf 17 - 2025\" \/>\n<meta property=\"article:modified_time\" content=\"2026-04-21T14:31:06+00:00\" \/>\n<meta property=\"og:image\" content=\"https:\/\/caf-rapport-activite.fr\/caf17-2025\/wp-content\/uploads\/sites\/29\/2026\/04\/20251115_Locaux_Rpe_Etaules.png\" \/>\n\t<meta property=\"og:image:width\" content=\"940\" \/>\n\t<meta property=\"og:image:height\" content=\"788\" \/>\n\t<meta property=\"og:image:type\" content=\"image\/png\" \/>\n<meta name=\"twitter:card\" content=\"summary_large_image\" \/>\n<meta name=\"twitter:label1\" content=\"Dur\u00e9e de lecture estim\u00e9e\" \/>\n\t<meta name=\"twitter:data1\" content=\"2 minutes\" \/>\n<script type=\"application\/ld+json\" class=\"yoast-schema-graph\">{\"@context\":\"https:\/\/schema.org\",\"@graph\":[{\"@type\":\"WebPage\",\"@id\":\"https:\/\/caf-rapport-activite.fr\/caf17-2025\/temp-fort\/2003-2\/\",\"url\":\"https:\/\/caf-rapport-activite.fr\/caf17-2025\/temp-fort\/2003-2\/\",\"name\":\"De nouveaux locaux pour le Rpe d'Etaules - Caf 17 - 2025\",\"isPartOf\":{\"@id\":\"https:\/\/caf-rapport-activite.fr\/caf17-2025\/#website\"},\"datePublished\":\"2026-04-21T14:28:49+00:00\",\"dateModified\":\"2026-04-21T14:31:06+00:00\",\"breadcrumb\":{\"@id\":\"https:\/\/caf-rapport-activite.fr\/caf17-2025\/temp-fort\/2003-2\/#breadcrumb\"},\"inLanguage\":\"fr-FR\",\"potentialAction\":[{\"@type\":\"ReadAction\",\"target\":[\"https:\/\/caf-rapport-activite.fr\/caf17-2025\/temp-fort\/2003-2\/\"]}]},{\"@type\":\"BreadcrumbList\",\"@id\":\"https:\/\/caf-rapport-activite.fr\/caf17-2025\/temp-fort\/2003-2\/#breadcrumb\",\"itemListElement\":[{\"@type\":\"ListItem\",\"position\":1,\"name\":\"Accueil\",\"item\":\"https:\/\/caf-rapport-activite.fr\/caf17-2025\/\"},{\"@type\":\"ListItem\",\"position\":2,\"name\":\"Temps forts\",\"item\":\"https:\/\/caf-rapport-activite.fr\/caf17-2025\/temp-fort\/\"},{\"@type\":\"ListItem\",\"position\":3,\"name\":\"De nouveaux locaux pour le Rpe d&rsquo;Etaules\"}]},{\"@type\":\"WebSite\",\"@id\":\"https:\/\/caf-rapport-activite.fr\/caf17-2025\/#website\",\"url\":\"https:\/\/caf-rapport-activite.fr\/caf17-2025\/\",\"name\":\"Caf 17 - 2025\",\"description\":\"\",\"potentialAction\":[{\"@type\":\"SearchAction\",\"target\":{\"@type\":\"EntryPoint\",\"urlTemplate\":\"https:\/\/caf-rapport-activite.fr\/caf17-2025\/?s={search_term_string}\"},\"query-input\":\"required name=search_term_string\"}],\"inLanguage\":\"fr-FR\"}]}<\/script>\n<!-- \/ Yoast SEO plugin. -->","yoast_head_json":{"title":"De nouveaux locaux pour le Rpe d'Etaules - Caf 17 - 2025","robots":{"index":"index","follow":"follow","max-snippet":"max-snippet:-1","max-image-preview":"max-image-preview:large","max-video-preview":"max-video-preview:-1"},"canonical":"https:\/\/caf-rapport-activite.fr\/caf17-2025\/temp-fort\/2003-2\/","og_locale":"fr_FR","og_type":"article","og_title":"De nouveaux locaux pour le Rpe d'Etaules - Caf 17 - 2025","og_description":"Le samedi 15 novembre 2025, Le Pr\u00e9sident du Conseil d&rsquo;administration de la Caf, Jean-Jacques Rodrigues, a inaugur\u00e9 le nouveau b\u00e2timent [&hellip;]","og_url":"https:\/\/caf-rapport-activite.fr\/caf17-2025\/temp-fort\/2003-2\/","og_site_name":"Caf 17 - 2025","article_modified_time":"2026-04-21T14:31:06+00:00","og_image":[{"width":940,"height":788,"url":"https:\/\/caf-rapport-activite.fr\/caf17-2025\/wp-content\/uploads\/sites\/29\/2026\/04\/20251115_Locaux_Rpe_Etaules.png","type":"image\/png"}],"twitter_card":"summary_large_image","twitter_misc":{"Dur\u00e9e de lecture estim\u00e9e":"2 minutes"},"schema":{"@context":"https:\/\/schema.org","@graph":[{"@type":"WebPage","@id":"https:\/\/caf-rapport-activite.fr\/caf17-2025\/temp-fort\/2003-2\/","url":"https:\/\/caf-rapport-activite.fr\/caf17-2025\/temp-fort\/2003-2\/","name":"De nouveaux locaux pour le Rpe d'Etaules - Caf 17 - 2025","isPartOf":{"@id":"https:\/\/caf-rapport-activite.fr\/caf17-2025\/#website"},"datePublished":"2026-04-21T14:28:49+00:00","dateModified":"2026-04-21T14:31:06+00:00","breadcrumb":{"@id":"https:\/\/caf-rapport-activite.fr\/caf17-2025\/temp-fort\/2003-2\/#breadcrumb"},"inLanguage":"fr-FR","potentialAction":[{"@type":"ReadAction","target":["https:\/\/caf-rapport-activite.fr\/caf17-2025\/temp-fort\/2003-2\/"]}]},{"@type":"BreadcrumbList","@id":"https:\/\/caf-rapport-activite.fr\/caf17-2025\/temp-fort\/2003-2\/#breadcrumb","itemListElement":[{"@type":"ListItem","position":1,"name":"Accueil","item":"https:\/\/caf-rapport-activite.fr\/caf17-2025\/"},{"@type":"ListItem","position":2,"name":"Temps forts","item":"https:\/\/caf-rapport-activite.fr\/caf17-2025\/temp-fort\/"},{"@type":"ListItem","position":3,"name":"De nouveaux locaux pour le Rpe d&rsquo;Etaules"}]},{"@type":"WebSite","@id":"https:\/\/caf-rapport-activite.fr\/caf17-2025\/#website","url":"https:\/\/caf-rapport-activite.fr\/caf17-2025\/","name":"Caf 17 - 2025","description":"","potentialAction":[{"@type":"SearchAction","target":{"@type":"EntryPoint","urlTemplate":"https:\/\/caf-rapport-activite.fr\/caf17-2025\/?s={search_term_string}"},"query-input":"required name=search_term_string"}],"inLanguage":"fr-FR"}]}},"_links":{"self":[{"href":"https:\/\/caf-rapport-activite.fr\/caf17-2025\/wp-json\/wp\/v2\/temp-fort\/2003"}],"collection":[{"href":"https:\/\/caf-rapport-activite.fr\/caf17-2025\/wp-json\/wp\/v2\/temp-fort"}],"about":[{"href":"https:\/\/caf-rapport-activite.fr\/caf17-2025\/wp-json\/wp\/v2\/types\/temp-fort"}],"wp:featuredmedia":[{"embeddable":true,"href":"https:\/\/caf-rapport-activite.fr\/caf17-2025\/wp-json\/wp\/v2\/media\/2001"}],"wp:attachment":[{"href":"https:\/\/caf-rapport-activite.fr\/caf17-2025\/wp-json\/wp\/v2\/media?parent=2003"}],"wp:term":[{"taxonomy":"activite","embeddable":true,"href":"https:\/\/caf-rapport-activite.fr\/caf17-2025\/wp-json\/wp\/v2\/activite?post=2003"}],"curies":[{"name":"wp","href":"https:\/\/api.w.org\/{rel}","templated":true}]}}

<p>Le samedi 15 novembre 2025, Le Président du Conseil d&rsquo;administration de la Caf, Jean-Jacques Rodrigues, a inauguré le nouveau bâtiment du Relais Petite Enfance du secteur Nord de la Communauté d&rsquo;agglomération Royan Atlantique, en présence de nombreux partenaires et élus.</p>



<p>Grâce à une mobilisation collective exemplaire, ce lieu devient une référence pour les familles en quête de solutions d’accueil et pour les professionnels de la petite enfance.</p>



<p>La Caf de la Charente-Maritime est fière d’avoir soutenu ce projet à hauteur de <strong>60 000 € pour la construction</strong>, et de <strong>contribuer chaque année à hauteur de 180 000 € au fonctionnement des 4 relais petite enfance de l’agglomération</strong>.</p>



<p>Ce nouvel espace, à l’architecture soignée, incarne notre engagement commun pour un service public de la petite enfance de qualité, au plus près des besoins des familles et des assistants maternels.</p>



<p>Merci à la Communauté d’agglomération Royan Atlantique, aux financeurs et à tous les acteurs mobilisés pour faire de ce projet une réalité !</p>


<div class="wp-block-image">
<figure class="aligncenter size-medium"><img decoding="async" loading="lazy" width="300" height="251" src="https://caf-rapport-activite.fr/caf17-2025/wp-content/uploads/sites/29/2026/04/20251115_Locaux_Rpe_Etaules-300x251.png" alt="" class="wp-image-2001" srcset="https://caf-rapport-activite.fr/caf17-2025/wp-content/uploads/sites/29/2026/04/20251115_Locaux_Rpe_Etaules-300x251.png 300w, https://caf-rapport-activite.fr/caf17-2025/wp-content/uploads/sites/29/2026/04/20251115_Locaux_Rpe_Etaules-768x644.png 768w, https://caf-rapport-activite.fr/caf17-2025/wp-content/uploads/sites/29/2026/04/20251115_Locaux_Rpe_Etaules.png 940w" sizes="(max-width: 300px) 100vw, 300px" /></figure></div>

<p>Le samedi 15 novembre 2025, Le Président du Conseil d&rsquo;administration de la Caf, Jean-Jacques Rodrigues, a inauguré le nouveau bâtiment [&hellip;]</p>

<!-- This site is optimized with the Yoast SEO plugin v19.11 - https://yoast.com/wordpress/plugins/seo/ -->
<title>De nouveaux locaux pour le Rpe d&#039;Etaules - Caf 17 - 2025</title>
<meta name="robots" content="index, follow, max-snippet:-1, max-image-preview:large, max-video-preview:-1" />
<link rel="canonical" href="https://caf-rapport-activite.fr/caf17-2025/temp-fort/2003-2/" />
<meta property="og:locale" content="fr_FR" />
<meta property="og:type" content="article" />
<meta property="og:title" content="De nouveaux locaux pour le Rpe d&#039;Etaules - Caf 17 - 2025" />
<meta property="og:description" content="Le samedi 15 novembre 2025, Le Président du Conseil d&rsquo;administration de la Caf, Jean-Jacques Rodrigues, a inauguré le nouveau bâtiment [&hellip;]" />
<meta property="og:url" content="https://caf-rapport-activite.fr/caf17-2025/temp-fort/2003-2/" />
<meta property="og:site_name" content="Caf 17 - 2025" />
<meta property="article:modified_time" content="2026-04-21T14:31:06+00:00" />
<meta property="og:image" content="https://caf-rapport-activite.fr/caf17-2025/wp-content/uploads/sites/29/2026/04/20251115_Locaux_Rpe_Etaules.png" />
	<meta property="og:image:width" content="940" />
	<meta property="og:image:height" content="788" />
	<meta property="og:image:type" content="image/png" />
<meta name="twitter:card" content="summary_large_image" />
<meta name="twitter:label1" content="Durée de lecture estimée" />
	<meta name="twitter:data1" content="2 minutes" />
<script type="application/ld+json" class="yoast-schema-graph">{"@context":"https://schema.org","@graph":[{"@type":"WebPage","@id":"https://caf-rapport-activite.fr/caf17-2025/temp-fort/2003-2/","url":"https://caf-rapport-activite.fr/caf17-2025/temp-fort/2003-2/","name":"De nouveaux locaux pour le Rpe d'Etaules - Caf 17 - 2025","isPartOf":{"@id":"https://caf-rapport-activite.fr/caf17-2025/#website"},"datePublished":"2026-04-21T14:28:49+00:00","dateModified":"2026-04-21T14:31:06+00:00","breadcrumb":{"@id":"https://caf-rapport-activite.fr/caf17-2025/temp-fort/2003-2/#breadcrumb"},"inLanguage":"fr-FR","potentialAction":[{"@type":"ReadAction","target":["https://caf-rapport-activite.fr/caf17-2025/temp-fort/2003-2/"]}]},{"@type":"BreadcrumbList","@id":"https://caf-rapport-activite.fr/caf17-2025/temp-fort/2003-2/#breadcrumb","itemListElement":[{"@type":"ListItem","position":1,"name":"Accueil","item":"https://caf-rapport-activite.fr/caf17-2025/"},{"@type":"ListItem","position":2,"name":"Temps forts","item":"https://caf-rapport-activite.fr/caf17-2025/temp-fort/"},{"@type":"ListItem","position":3,"name":"De nouveaux locaux pour le Rpe d&rsquo;Etaules"}]},{"@type":"WebSite","@id":"https://caf-rapport-activite.fr/caf17-2025/#website","url":"https://caf-rapport-activite.fr/caf17-2025/","name":"Caf 17 - 2025","description":"","potentialAction":[{"@type":"SearchAction","target":{"@type":"EntryPoint","urlTemplate":"https://caf-rapport-activite.fr/caf17-2025/?s={search_term_string}"},"query-input":"required name=search_term_string"}],"inLanguage":"fr-FR"}]}</script>
<!-- / Yoast SEO plugin. -->

Le samedi 15 novembre 2025, Le Président du Conseil d&rsquo;administration de la Caf, Jean-Jacques Rodrigues, a inauguré le nouveau bâtiment [&hellip;]
