{"id":1997,"date":"2026-04-21T16:21:25","date_gmt":"2026-04-21T14:21:25","guid":{"rendered":"https:\/\/caf-rapport-activite.fr\/caf17-2025\/?post_type=temp-fort&#038;p=1997"},"modified":"2026-04-21T16:21:27","modified_gmt":"2026-04-21T14:21:27","slug":"duoday-2025-une-journee-placee-sous-le-signe-de-linclusion","status":"publish","type":"temp-fort","link":"https:\/\/caf-rapport-activite.fr\/caf17-2025\/temp-fort\/duoday-2025-une-journee-placee-sous-le-signe-de-linclusion\/","title":{"rendered":"Duoday 2025 : une journ\u00e9e plac\u00e9e sous le signe de l&rsquo;inclusion"},"content":{"rendered":"\n<p>La Caf de la Charente-Maritime participait, pour la 4\u1d49 fois au DuoDay, une initiative nationale qui favorise l\u2019insertion professionnelle des personnes en situation de handicap.<\/p>\n\n\n\n<h3>Le principe DuoDay est simple<\/h3>\n\n\n\n<p>Une entreprise, une collectivit\u00e9 ou une association accueille, \u00e0 l\u2019occasion d&rsquo;une journ\u00e9e nationale, une personne en situation de handicap, en duo avec un professionnel volontaire. Au programme de cette journ\u00e9e : d\u00e9couverte du m\u00e9tier, participation active, immersion en entreprise.<\/p>\n\n\n\n<p>Cette journ\u00e9e repr\u00e9sente une opportunit\u00e9 de rencontre pour changer de regard et, ensemble, d\u00e9passer nos pr\u00e9jug\u00e9s.<\/p>\n\n\n\n<p>DuoDay s\u2019inscrit dans la Semaine Europ\u00e9enne pour l\u2019Emploi des Personnes Handicap\u00e9es.<\/p>\n\n\n\n<figure class=\"is-layout-flex wp-block-gallery-1 wp-block-gallery has-nested-images columns-default is-cropped\">\n<figure class=\"wp-block-image size-large\"><img decoding=\"async\" loading=\"lazy\" width=\"768\" height=\"1024\" data-id=\"1999\"  src=\"https:\/\/caf-rapport-activite.fr\/caf17-2025\/wp-content\/uploads\/sites\/29\/2026\/04\/Duoday-768x1024.jpeg\" alt=\"\" class=\"wp-image-1999\" srcset=\"https:\/\/caf-rapport-activite.fr\/caf17-2025\/wp-content\/uploads\/sites\/29\/2026\/04\/Duoday-768x1024.jpeg 768w, https:\/\/caf-rapport-activite.fr\/caf17-2025\/wp-content\/uploads\/sites\/29\/2026\/04\/Duoday-225x300.jpeg 225w, https:\/\/caf-rapport-activite.fr\/caf17-2025\/wp-content\/uploads\/sites\/29\/2026\/04\/Duoday-1152x1536.jpeg 1152w, https:\/\/caf-rapport-activite.fr\/caf17-2025\/wp-content\/uploads\/sites\/29\/2026\/04\/Duoday-1536x2048.jpeg 1536w, https:\/\/caf-rapport-activite.fr\/caf17-2025\/wp-content\/uploads\/sites\/29\/2026\/04\/Duoday-scaled.jpeg 1920w\" sizes=\"(max-width: 768px) 100vw, 768px\" \/><\/figure>\n\n\n\n<figure class=\"wp-block-image size-large\"><img decoding=\"async\" loading=\"lazy\" width=\"1024\" height=\"768\" data-id=\"1998\"  src=\"https:\/\/caf-rapport-activite.fr\/caf17-2025\/wp-content\/uploads\/sites\/29\/2026\/04\/IMG_7186-1024x768.jpeg\" alt=\"\" class=\"wp-image-1998\" srcset=\"https:\/\/caf-rapport-activite.fr\/caf17-2025\/wp-content\/uploads\/sites\/29\/2026\/04\/IMG_7186-1024x768.jpeg 1024w, https:\/\/caf-rapport-activite.fr\/caf17-2025\/wp-content\/uploads\/sites\/29\/2026\/04\/IMG_7186-300x225.jpeg 300w, https:\/\/caf-rapport-activite.fr\/caf17-2025\/wp-content\/uploads\/sites\/29\/2026\/04\/IMG_7186-768x576.jpeg 768w, https:\/\/caf-rapport-activite.fr\/caf17-2025\/wp-content\/uploads\/sites\/29\/2026\/04\/IMG_7186-1536x1152.jpeg 1536w, https:\/\/caf-rapport-activite.fr\/caf17-2025\/wp-content\/uploads\/sites\/29\/2026\/04\/IMG_7186-2048x1536.jpeg 2048w\" sizes=\"(max-width: 1024px) 100vw, 1024px\" \/><\/figure>\n<\/figure>\n","protected":false},"excerpt":{"rendered":"<p>La Caf de la Charente-Maritime participait, pour la 4\u1d49 fois au DuoDay, une initiative nationale qui favorise l\u2019insertion professionnelle des [&hellip;]<\/p>\n","protected":false},"featured_media":1999,"parent":0,"menu_order":0,"template":"","activite":[],"yoast_head":"<!-- This site is optimized with the Yoast SEO plugin v19.11 - https:\/\/yoast.com\/wordpress\/plugins\/seo\/ -->\n<title>Duoday 2025 : une journ\u00e9e plac\u00e9e sous le signe de l&#039;inclusion - Caf 17 - 2025<\/title>\n<meta name=\"robots\" content=\"index, follow, max-snippet:-1, max-image-preview:large, max-video-preview:-1\" \/>\n<link rel=\"canonical\" href=\"https:\/\/caf-rapport-activite.fr\/caf17-2025\/temp-fort\/duoday-2025-une-journee-placee-sous-le-signe-de-linclusion\/\" \/>\n<meta property=\"og:locale\" content=\"fr_FR\" \/>\n<meta property=\"og:type\" content=\"article\" \/>\n<meta property=\"og:title\" content=\"Duoday 2025 : une journ\u00e9e plac\u00e9e sous le signe de l&#039;inclusion - Caf 17 - 2025\" \/>\n<meta property=\"og:description\" content=\"La Caf de la Charente-Maritime participait, pour la 4\u1d49 fois au DuoDay, une initiative nationale qui favorise l\u2019insertion professionnelle des [&hellip;]\" \/>\n<meta property=\"og:url\" content=\"https:\/\/caf-rapport-activite.fr\/caf17-2025\/temp-fort\/duoday-2025-une-journee-placee-sous-le-signe-de-linclusion\/\" \/>\n<meta property=\"og:site_name\" content=\"Caf 17 - 2025\" \/>\n<meta property=\"article:modified_time\" content=\"2026-04-21T14:21:27+00:00\" \/>\n<meta property=\"og:image\" content=\"https:\/\/caf-rapport-activite.fr\/caf17-2025\/wp-content\/uploads\/sites\/29\/2026\/04\/Duoday-scaled.jpeg\" \/>\n\t<meta property=\"og:image:width\" content=\"1920\" \/>\n\t<meta property=\"og:image:height\" content=\"2560\" \/>\n\t<meta property=\"og:image:type\" content=\"image\/jpeg\" \/>\n<meta name=\"twitter:card\" content=\"summary_large_image\" \/>\n<meta name=\"twitter:label1\" content=\"Dur\u00e9e de lecture estim\u00e9e\" \/>\n\t<meta name=\"twitter:data1\" content=\"1 minute\" \/>\n<script type=\"application\/ld+json\" class=\"yoast-schema-graph\">{\"@context\":\"https:\/\/schema.org\",\"@graph\":[{\"@type\":\"WebPage\",\"@id\":\"https:\/\/caf-rapport-activite.fr\/caf17-2025\/temp-fort\/duoday-2025-une-journee-placee-sous-le-signe-de-linclusion\/\",\"url\":\"https:\/\/caf-rapport-activite.fr\/caf17-2025\/temp-fort\/duoday-2025-une-journee-placee-sous-le-signe-de-linclusion\/\",\"name\":\"Duoday 2025 : une journ\u00e9e plac\u00e9e sous le signe de l'inclusion - Caf 17 - 2025\",\"isPartOf\":{\"@id\":\"https:\/\/caf-rapport-activite.fr\/caf17-2025\/#website\"},\"datePublished\":\"2026-04-21T14:21:25+00:00\",\"dateModified\":\"2026-04-21T14:21:27+00:00\",\"breadcrumb\":{\"@id\":\"https:\/\/caf-rapport-activite.fr\/caf17-2025\/temp-fort\/duoday-2025-une-journee-placee-sous-le-signe-de-linclusion\/#breadcrumb\"},\"inLanguage\":\"fr-FR\",\"potentialAction\":[{\"@type\":\"ReadAction\",\"target\":[\"https:\/\/caf-rapport-activite.fr\/caf17-2025\/temp-fort\/duoday-2025-une-journee-placee-sous-le-signe-de-linclusion\/\"]}]},{\"@type\":\"BreadcrumbList\",\"@id\":\"https:\/\/caf-rapport-activite.fr\/caf17-2025\/temp-fort\/duoday-2025-une-journee-placee-sous-le-signe-de-linclusion\/#breadcrumb\",\"itemListElement\":[{\"@type\":\"ListItem\",\"position\":1,\"name\":\"Accueil\",\"item\":\"https:\/\/caf-rapport-activite.fr\/caf17-2025\/\"},{\"@type\":\"ListItem\",\"position\":2,\"name\":\"Temps forts\",\"item\":\"https:\/\/caf-rapport-activite.fr\/caf17-2025\/temp-fort\/\"},{\"@type\":\"ListItem\",\"position\":3,\"name\":\"Duoday 2025 : une journ\u00e9e plac\u00e9e sous le signe de l&rsquo;inclusion\"}]},{\"@type\":\"WebSite\",\"@id\":\"https:\/\/caf-rapport-activite.fr\/caf17-2025\/#website\",\"url\":\"https:\/\/caf-rapport-activite.fr\/caf17-2025\/\",\"name\":\"Caf 17 - 2025\",\"description\":\"\",\"potentialAction\":[{\"@type\":\"SearchAction\",\"target\":{\"@type\":\"EntryPoint\",\"urlTemplate\":\"https:\/\/caf-rapport-activite.fr\/caf17-2025\/?s={search_term_string}\"},\"query-input\":\"required name=search_term_string\"}],\"inLanguage\":\"fr-FR\"}]}<\/script>\n<!-- \/ Yoast SEO plugin. -->","yoast_head_json":{"title":"Duoday 2025 : une journ\u00e9e plac\u00e9e sous le signe de l'inclusion - Caf 17 - 2025","robots":{"index":"index","follow":"follow","max-snippet":"max-snippet:-1","max-image-preview":"max-image-preview:large","max-video-preview":"max-video-preview:-1"},"canonical":"https:\/\/caf-rapport-activite.fr\/caf17-2025\/temp-fort\/duoday-2025-une-journee-placee-sous-le-signe-de-linclusion\/","og_locale":"fr_FR","og_type":"article","og_title":"Duoday 2025 : une journ\u00e9e plac\u00e9e sous le signe de l'inclusion - Caf 17 - 2025","og_description":"La Caf de la Charente-Maritime participait, pour la 4\u1d49 fois au DuoDay, une initiative nationale qui favorise l\u2019insertion professionnelle des [&hellip;]","og_url":"https:\/\/caf-rapport-activite.fr\/caf17-2025\/temp-fort\/duoday-2025-une-journee-placee-sous-le-signe-de-linclusion\/","og_site_name":"Caf 17 - 2025","article_modified_time":"2026-04-21T14:21:27+00:00","og_image":[{"width":1920,"height":2560,"url":"https:\/\/caf-rapport-activite.fr\/caf17-2025\/wp-content\/uploads\/sites\/29\/2026\/04\/Duoday-scaled.jpeg","type":"image\/jpeg"}],"twitter_card":"summary_large_image","twitter_misc":{"Dur\u00e9e de lecture estim\u00e9e":"1 minute"},"schema":{"@context":"https:\/\/schema.org","@graph":[{"@type":"WebPage","@id":"https:\/\/caf-rapport-activite.fr\/caf17-2025\/temp-fort\/duoday-2025-une-journee-placee-sous-le-signe-de-linclusion\/","url":"https:\/\/caf-rapport-activite.fr\/caf17-2025\/temp-fort\/duoday-2025-une-journee-placee-sous-le-signe-de-linclusion\/","name":"Duoday 2025 : une journ\u00e9e plac\u00e9e sous le signe de l'inclusion - Caf 17 - 2025","isPartOf":{"@id":"https:\/\/caf-rapport-activite.fr\/caf17-2025\/#website"},"datePublished":"2026-04-21T14:21:25+00:00","dateModified":"2026-04-21T14:21:27+00:00","breadcrumb":{"@id":"https:\/\/caf-rapport-activite.fr\/caf17-2025\/temp-fort\/duoday-2025-une-journee-placee-sous-le-signe-de-linclusion\/#breadcrumb"},"inLanguage":"fr-FR","potentialAction":[{"@type":"ReadAction","target":["https:\/\/caf-rapport-activite.fr\/caf17-2025\/temp-fort\/duoday-2025-une-journee-placee-sous-le-signe-de-linclusion\/"]}]},{"@type":"BreadcrumbList","@id":"https:\/\/caf-rapport-activite.fr\/caf17-2025\/temp-fort\/duoday-2025-une-journee-placee-sous-le-signe-de-linclusion\/#breadcrumb","itemListElement":[{"@type":"ListItem","position":1,"name":"Accueil","item":"https:\/\/caf-rapport-activite.fr\/caf17-2025\/"},{"@type":"ListItem","position":2,"name":"Temps forts","item":"https:\/\/caf-rapport-activite.fr\/caf17-2025\/temp-fort\/"},{"@type":"ListItem","position":3,"name":"Duoday 2025 : une journ\u00e9e plac\u00e9e sous le signe de l&rsquo;inclusion"}]},{"@type":"WebSite","@id":"https:\/\/caf-rapport-activite.fr\/caf17-2025\/#website","url":"https:\/\/caf-rapport-activite.fr\/caf17-2025\/","name":"Caf 17 - 2025","description":"","potentialAction":[{"@type":"SearchAction","target":{"@type":"EntryPoint","urlTemplate":"https:\/\/caf-rapport-activite.fr\/caf17-2025\/?s={search_term_string}"},"query-input":"required name=search_term_string"}],"inLanguage":"fr-FR"}]}},"_links":{"self":[{"href":"https:\/\/caf-rapport-activite.fr\/caf17-2025\/wp-json\/wp\/v2\/temp-fort\/1997"}],"collection":[{"href":"https:\/\/caf-rapport-activite.fr\/caf17-2025\/wp-json\/wp\/v2\/temp-fort"}],"about":[{"href":"https:\/\/caf-rapport-activite.fr\/caf17-2025\/wp-json\/wp\/v2\/types\/temp-fort"}],"wp:featuredmedia":[{"embeddable":true,"href":"https:\/\/caf-rapport-activite.fr\/caf17-2025\/wp-json\/wp\/v2\/media\/1999"}],"wp:attachment":[{"href":"https:\/\/caf-rapport-activite.fr\/caf17-2025\/wp-json\/wp\/v2\/media?parent=1997"}],"wp:term":[{"taxonomy":"activite","embeddable":true,"href":"https:\/\/caf-rapport-activite.fr\/caf17-2025\/wp-json\/wp\/v2\/activite?post=1997"}],"curies":[{"name":"wp","href":"https:\/\/api.w.org\/{rel}","templated":true}]}}

Duoday 2025 : une journée placée sous le signe de l&rsquo;inclusion

<p>La Caf de la Charente-Maritime participait, pour la 4ᵉ fois au DuoDay, une initiative nationale qui favorise l’insertion professionnelle des personnes en situation de handicap.</p>



<h3>Le principe DuoDay est simple</h3>



<p>Une entreprise, une collectivité ou une association accueille, à l’occasion d&rsquo;une journée nationale, une personne en situation de handicap, en duo avec un professionnel volontaire. Au programme de cette journée : découverte du métier, participation active, immersion en entreprise.</p>



<p>Cette journée représente une opportunité de rencontre pour changer de regard et, ensemble, dépasser nos préjugés.</p>



<p>DuoDay s’inscrit dans la Semaine Européenne pour l’Emploi des Personnes Handicapées.</p>



<figure class="is-layout-flex wp-block-gallery-1 wp-block-gallery has-nested-images columns-default is-cropped">
<figure class="wp-block-image size-large"><img decoding="async" loading="lazy" width="768" height="1024" data-id="1999"  src="https://caf-rapport-activite.fr/caf17-2025/wp-content/uploads/sites/29/2026/04/Duoday-768x1024.jpeg" alt="" class="wp-image-1999" srcset="https://caf-rapport-activite.fr/caf17-2025/wp-content/uploads/sites/29/2026/04/Duoday-768x1024.jpeg 768w, https://caf-rapport-activite.fr/caf17-2025/wp-content/uploads/sites/29/2026/04/Duoday-225x300.jpeg 225w, https://caf-rapport-activite.fr/caf17-2025/wp-content/uploads/sites/29/2026/04/Duoday-1152x1536.jpeg 1152w, https://caf-rapport-activite.fr/caf17-2025/wp-content/uploads/sites/29/2026/04/Duoday-1536x2048.jpeg 1536w, https://caf-rapport-activite.fr/caf17-2025/wp-content/uploads/sites/29/2026/04/Duoday-scaled.jpeg 1920w" sizes="(max-width: 768px) 100vw, 768px" /></figure>



<figure class="wp-block-image size-large"><img decoding="async" loading="lazy" width="1024" height="768" data-id="1998"  src="https://caf-rapport-activite.fr/caf17-2025/wp-content/uploads/sites/29/2026/04/IMG_7186-1024x768.jpeg" alt="" class="wp-image-1998" srcset="https://caf-rapport-activite.fr/caf17-2025/wp-content/uploads/sites/29/2026/04/IMG_7186-1024x768.jpeg 1024w, https://caf-rapport-activite.fr/caf17-2025/wp-content/uploads/sites/29/2026/04/IMG_7186-300x225.jpeg 300w, https://caf-rapport-activite.fr/caf17-2025/wp-content/uploads/sites/29/2026/04/IMG_7186-768x576.jpeg 768w, https://caf-rapport-activite.fr/caf17-2025/wp-content/uploads/sites/29/2026/04/IMG_7186-1536x1152.jpeg 1536w, https://caf-rapport-activite.fr/caf17-2025/wp-content/uploads/sites/29/2026/04/IMG_7186-2048x1536.jpeg 2048w" sizes="(max-width: 1024px) 100vw, 1024px" /></figure>
</figure>

<p>La Caf de la Charente-Maritime participait, pour la 4ᵉ fois au DuoDay, une initiative nationale qui favorise l’insertion professionnelle des [&hellip;]</p>

<!-- This site is optimized with the Yoast SEO plugin v19.11 - https://yoast.com/wordpress/plugins/seo/ -->
<title>Duoday 2025 : une journée placée sous le signe de l&#039;inclusion - Caf 17 - 2025</title>
<meta name="robots" content="index, follow, max-snippet:-1, max-image-preview:large, max-video-preview:-1" />
<link rel="canonical" href="https://caf-rapport-activite.fr/caf17-2025/temp-fort/duoday-2025-une-journee-placee-sous-le-signe-de-linclusion/" />
<meta property="og:locale" content="fr_FR" />
<meta property="og:type" content="article" />
<meta property="og:title" content="Duoday 2025 : une journée placée sous le signe de l&#039;inclusion - Caf 17 - 2025" />
<meta property="og:description" content="La Caf de la Charente-Maritime participait, pour la 4ᵉ fois au DuoDay, une initiative nationale qui favorise l’insertion professionnelle des [&hellip;]" />
<meta property="og:url" content="https://caf-rapport-activite.fr/caf17-2025/temp-fort/duoday-2025-une-journee-placee-sous-le-signe-de-linclusion/" />
<meta property="og:site_name" content="Caf 17 - 2025" />
<meta property="article:modified_time" content="2026-04-21T14:21:27+00:00" />
<meta property="og:image" content="https://caf-rapport-activite.fr/caf17-2025/wp-content/uploads/sites/29/2026/04/Duoday-scaled.jpeg" />
	<meta property="og:image:width" content="1920" />
	<meta property="og:image:height" content="2560" />
	<meta property="og:image:type" content="image/jpeg" />
<meta name="twitter:card" content="summary_large_image" />
<meta name="twitter:label1" content="Durée de lecture estimée" />
	<meta name="twitter:data1" content="1 minute" />
<script type="application/ld+json" class="yoast-schema-graph">{"@context":"https://schema.org","@graph":[{"@type":"WebPage","@id":"https://caf-rapport-activite.fr/caf17-2025/temp-fort/duoday-2025-une-journee-placee-sous-le-signe-de-linclusion/","url":"https://caf-rapport-activite.fr/caf17-2025/temp-fort/duoday-2025-une-journee-placee-sous-le-signe-de-linclusion/","name":"Duoday 2025 : une journée placée sous le signe de l'inclusion - Caf 17 - 2025","isPartOf":{"@id":"https://caf-rapport-activite.fr/caf17-2025/#website"},"datePublished":"2026-04-21T14:21:25+00:00","dateModified":"2026-04-21T14:21:27+00:00","breadcrumb":{"@id":"https://caf-rapport-activite.fr/caf17-2025/temp-fort/duoday-2025-une-journee-placee-sous-le-signe-de-linclusion/#breadcrumb"},"inLanguage":"fr-FR","potentialAction":[{"@type":"ReadAction","target":["https://caf-rapport-activite.fr/caf17-2025/temp-fort/duoday-2025-une-journee-placee-sous-le-signe-de-linclusion/"]}]},{"@type":"BreadcrumbList","@id":"https://caf-rapport-activite.fr/caf17-2025/temp-fort/duoday-2025-une-journee-placee-sous-le-signe-de-linclusion/#breadcrumb","itemListElement":[{"@type":"ListItem","position":1,"name":"Accueil","item":"https://caf-rapport-activite.fr/caf17-2025/"},{"@type":"ListItem","position":2,"name":"Temps forts","item":"https://caf-rapport-activite.fr/caf17-2025/temp-fort/"},{"@type":"ListItem","position":3,"name":"Duoday 2025 : une journée placée sous le signe de l&rsquo;inclusion"}]},{"@type":"WebSite","@id":"https://caf-rapport-activite.fr/caf17-2025/#website","url":"https://caf-rapport-activite.fr/caf17-2025/","name":"Caf 17 - 2025","description":"","potentialAction":[{"@type":"SearchAction","target":{"@type":"EntryPoint","urlTemplate":"https://caf-rapport-activite.fr/caf17-2025/?s={search_term_string}"},"query-input":"required name=search_term_string"}],"inLanguage":"fr-FR"}]}</script>
<!-- / Yoast SEO plugin. -->

Duoday 2025 : une journée placée sous le signe de l'inclusion - Caf 17 - 2025

La Caf de la Charente-Maritime participait, pour la 4ᵉ fois au DuoDay, une initiative nationale qui favorise l’insertion professionnelle des [&hellip;]
