{"id":1993,"date":"2026-04-21T15:29:15","date_gmt":"2026-04-21T13:29:15","guid":{"rendered":"https:\/\/caf-rapport-activite.fr\/caf17-2025\/?post_type=temp-fort&#038;p=1993"},"modified":"2026-04-21T15:33:33","modified_gmt":"2026-04-21T13:33:33","slug":"1993-2","status":"publish","type":"temp-fort","link":"https:\/\/caf-rapport-activite.fr\/caf17-2025\/temp-fort\/1993-2\/","title":{"rendered":"Valoriser notre offre en direction des jeunes"},"content":{"rendered":"\n<p>La Caf de la Charente-Maritime \u00e9tait pr\u00e9sente lors du forum \u00ab Ma vie d\u2019adulte \u00bb, le 5 novembre 2025, \u00e0 la Maison du d\u00e9partement, \u00e0 La Rochelle.<\/p>\n\n\n\n<p>Les visiteurs du forum ont pu ainsi d\u00e9couvrir l&rsquo;offre de service de la Caf en direction des jeunes, au travers, notamment, d&rsquo;un escape game !<\/p>\n\n\n\n<p>La Caf s&rsquo;engage pour l&rsquo;autonomie et l&rsquo;engagement citoyen des jeunes de 12 \u00e0 25 ans. Elle propose une palette de solutions concr\u00e8tes pour accompagner leurs projets et leurs premiers pas dans la vie active :<\/p>\n\n\n\n<ul>\n<li>Aides financi\u00e8res pour les projets personnels, la d\u00e9cohabitation ou la formation (ex : Bafa)<\/li>\n\n\n\n<li>Soutien au logement avec l\u2019Apl et une aide sp\u00e9cifique \u00e0 l\u2019installation pour les 16-25 ans<\/li>\n\n\n\n<li>Accompagnement num\u00e9rique avec les Promeneurs du Net<\/li>\n\n\n\n<li>Espaces d\u2019\u00e9coute et de conseil comme la Maison des Adolescents ou le Cdij<\/li>\n\n\n\n<li>Insertion professionnelle via la prime d\u2019activit\u00e9 ou le Rsa jeune<\/li>\n\n\n\n<li>Engagement citoyen avec Unis-Cit\u00e9 et le Service Civique.<\/li>\n<\/ul>\n\n\n        <a class=\"acf-block--readmore\" href=\"https:\/\/www.caf.fr\/allocataires\/caf-de-la-charente-maritime\/offre-de-service\/vie-personnelle\/des-solutions-pour-tous-les-jeunes\" target=\"\">\n            D\u00e9couvrir l&rsquo;offre en direction des jeunes        <\/a>\n    \n\n\n<figure class=\"is-layout-flex wp-block-gallery-1 wp-block-gallery has-nested-images columns-default is-cropped\">\n<figure class=\"wp-block-image size-large\"><img decoding=\"async\" loading=\"lazy\" width=\"768\" height=\"1024\" data-id=\"1994\"  src=\"https:\/\/caf-rapport-activite.fr\/caf17-2025\/wp-content\/uploads\/sites\/29\/2026\/04\/20251105_forum_Maviedadulte1-768x1024.jpg\" alt=\"\" class=\"wp-image-1994\" srcset=\"https:\/\/caf-rapport-activite.fr\/caf17-2025\/wp-content\/uploads\/sites\/29\/2026\/04\/20251105_forum_Maviedadulte1-768x1024.jpg 768w, https:\/\/caf-rapport-activite.fr\/caf17-2025\/wp-content\/uploads\/sites\/29\/2026\/04\/20251105_forum_Maviedadulte1-225x300.jpg 225w, https:\/\/caf-rapport-activite.fr\/caf17-2025\/wp-content\/uploads\/sites\/29\/2026\/04\/20251105_forum_Maviedadulte1-1152x1536.jpg 1152w, https:\/\/caf-rapport-activite.fr\/caf17-2025\/wp-content\/uploads\/sites\/29\/2026\/04\/20251105_forum_Maviedadulte1.jpg 1280w\" sizes=\"(max-width: 768px) 100vw, 768px\" \/><\/figure>\n\n\n\n<figure class=\"wp-block-image size-large\"><img decoding=\"async\" loading=\"lazy\" width=\"768\" height=\"1024\" data-id=\"1995\"  src=\"https:\/\/caf-rapport-activite.fr\/caf17-2025\/wp-content\/uploads\/sites\/29\/2026\/04\/20251105_forum_Maviedadulte-768x1024.jpg\" alt=\"\" class=\"wp-image-1995\" srcset=\"https:\/\/caf-rapport-activite.fr\/caf17-2025\/wp-content\/uploads\/sites\/29\/2026\/04\/20251105_forum_Maviedadulte-768x1024.jpg 768w, https:\/\/caf-rapport-activite.fr\/caf17-2025\/wp-content\/uploads\/sites\/29\/2026\/04\/20251105_forum_Maviedadulte-225x300.jpg 225w, https:\/\/caf-rapport-activite.fr\/caf17-2025\/wp-content\/uploads\/sites\/29\/2026\/04\/20251105_forum_Maviedadulte-1152x1536.jpg 1152w, https:\/\/caf-rapport-activite.fr\/caf17-2025\/wp-content\/uploads\/sites\/29\/2026\/04\/20251105_forum_Maviedadulte.jpg 1280w\" sizes=\"(max-width: 768px) 100vw, 768px\" \/><\/figure>\n<\/figure>\n","protected":false},"excerpt":{"rendered":"<p>La Caf de la Charente-Maritime \u00e9tait pr\u00e9sente lors du forum \u00ab Ma vie d\u2019adulte \u00bb, le 5 novembre 2025, \u00e0 [&hellip;]<\/p>\n","protected":false},"featured_media":1994,"parent":0,"menu_order":0,"template":"","activite":[5],"yoast_head":"<!-- This site is optimized with the Yoast SEO plugin v19.11 - https:\/\/yoast.com\/wordpress\/plugins\/seo\/ -->\n<title>Valoriser notre offre en direction des jeunes - Caf 17 - 2025<\/title>\n<meta name=\"robots\" content=\"index, follow, max-snippet:-1, max-image-preview:large, max-video-preview:-1\" \/>\n<link rel=\"canonical\" href=\"https:\/\/caf-rapport-activite.fr\/caf17-2025\/temp-fort\/1993-2\/\" \/>\n<meta property=\"og:locale\" content=\"fr_FR\" \/>\n<meta property=\"og:type\" content=\"article\" \/>\n<meta property=\"og:title\" content=\"Valoriser notre offre en direction des jeunes - Caf 17 - 2025\" \/>\n<meta property=\"og:description\" content=\"La Caf de la Charente-Maritime \u00e9tait pr\u00e9sente lors du forum \u00ab Ma vie d\u2019adulte \u00bb, le 5 novembre 2025, \u00e0 [&hellip;]\" \/>\n<meta property=\"og:url\" content=\"https:\/\/caf-rapport-activite.fr\/caf17-2025\/temp-fort\/1993-2\/\" \/>\n<meta property=\"og:site_name\" content=\"Caf 17 - 2025\" \/>\n<meta property=\"article:modified_time\" content=\"2026-04-21T13:33:33+00:00\" \/>\n<meta property=\"og:image\" content=\"https:\/\/caf-rapport-activite.fr\/caf17-2025\/wp-content\/uploads\/sites\/29\/2026\/04\/20251105_forum_Maviedadulte1.jpg\" \/>\n\t<meta property=\"og:image:width\" content=\"1280\" \/>\n\t<meta property=\"og:image:height\" content=\"1706\" \/>\n\t<meta property=\"og:image:type\" content=\"image\/jpeg\" \/>\n<meta name=\"twitter:card\" content=\"summary_large_image\" \/>\n<meta name=\"twitter:label1\" content=\"Dur\u00e9e de lecture estim\u00e9e\" \/>\n\t<meta name=\"twitter:data1\" content=\"2 minutes\" \/>\n<script type=\"application\/ld+json\" class=\"yoast-schema-graph\">{\"@context\":\"https:\/\/schema.org\",\"@graph\":[{\"@type\":\"WebPage\",\"@id\":\"https:\/\/caf-rapport-activite.fr\/caf17-2025\/temp-fort\/1993-2\/\",\"url\":\"https:\/\/caf-rapport-activite.fr\/caf17-2025\/temp-fort\/1993-2\/\",\"name\":\"Valoriser notre offre en direction des jeunes - Caf 17 - 2025\",\"isPartOf\":{\"@id\":\"https:\/\/caf-rapport-activite.fr\/caf17-2025\/#website\"},\"datePublished\":\"2026-04-21T13:29:15+00:00\",\"dateModified\":\"2026-04-21T13:33:33+00:00\",\"breadcrumb\":{\"@id\":\"https:\/\/caf-rapport-activite.fr\/caf17-2025\/temp-fort\/1993-2\/#breadcrumb\"},\"inLanguage\":\"fr-FR\",\"potentialAction\":[{\"@type\":\"ReadAction\",\"target\":[\"https:\/\/caf-rapport-activite.fr\/caf17-2025\/temp-fort\/1993-2\/\"]}]},{\"@type\":\"BreadcrumbList\",\"@id\":\"https:\/\/caf-rapport-activite.fr\/caf17-2025\/temp-fort\/1993-2\/#breadcrumb\",\"itemListElement\":[{\"@type\":\"ListItem\",\"position\":1,\"name\":\"Accueil\",\"item\":\"https:\/\/caf-rapport-activite.fr\/caf17-2025\/\"},{\"@type\":\"ListItem\",\"position\":2,\"name\":\"Temps forts\",\"item\":\"https:\/\/caf-rapport-activite.fr\/caf17-2025\/temp-fort\/\"},{\"@type\":\"ListItem\",\"position\":3,\"name\":\"Valoriser notre offre en direction des jeunes\"}]},{\"@type\":\"WebSite\",\"@id\":\"https:\/\/caf-rapport-activite.fr\/caf17-2025\/#website\",\"url\":\"https:\/\/caf-rapport-activite.fr\/caf17-2025\/\",\"name\":\"Caf 17 - 2025\",\"description\":\"\",\"potentialAction\":[{\"@type\":\"SearchAction\",\"target\":{\"@type\":\"EntryPoint\",\"urlTemplate\":\"https:\/\/caf-rapport-activite.fr\/caf17-2025\/?s={search_term_string}\"},\"query-input\":\"required name=search_term_string\"}],\"inLanguage\":\"fr-FR\"}]}<\/script>\n<!-- \/ Yoast SEO plugin. -->","yoast_head_json":{"title":"Valoriser notre offre en direction des jeunes - Caf 17 - 2025","robots":{"index":"index","follow":"follow","max-snippet":"max-snippet:-1","max-image-preview":"max-image-preview:large","max-video-preview":"max-video-preview:-1"},"canonical":"https:\/\/caf-rapport-activite.fr\/caf17-2025\/temp-fort\/1993-2\/","og_locale":"fr_FR","og_type":"article","og_title":"Valoriser notre offre en direction des jeunes - Caf 17 - 2025","og_description":"La Caf de la Charente-Maritime \u00e9tait pr\u00e9sente lors du forum \u00ab Ma vie d\u2019adulte \u00bb, le 5 novembre 2025, \u00e0 [&hellip;]","og_url":"https:\/\/caf-rapport-activite.fr\/caf17-2025\/temp-fort\/1993-2\/","og_site_name":"Caf 17 - 2025","article_modified_time":"2026-04-21T13:33:33+00:00","og_image":[{"width":1280,"height":1706,"url":"https:\/\/caf-rapport-activite.fr\/caf17-2025\/wp-content\/uploads\/sites\/29\/2026\/04\/20251105_forum_Maviedadulte1.jpg","type":"image\/jpeg"}],"twitter_card":"summary_large_image","twitter_misc":{"Dur\u00e9e de lecture estim\u00e9e":"2 minutes"},"schema":{"@context":"https:\/\/schema.org","@graph":[{"@type":"WebPage","@id":"https:\/\/caf-rapport-activite.fr\/caf17-2025\/temp-fort\/1993-2\/","url":"https:\/\/caf-rapport-activite.fr\/caf17-2025\/temp-fort\/1993-2\/","name":"Valoriser notre offre en direction des jeunes - Caf 17 - 2025","isPartOf":{"@id":"https:\/\/caf-rapport-activite.fr\/caf17-2025\/#website"},"datePublished":"2026-04-21T13:29:15+00:00","dateModified":"2026-04-21T13:33:33+00:00","breadcrumb":{"@id":"https:\/\/caf-rapport-activite.fr\/caf17-2025\/temp-fort\/1993-2\/#breadcrumb"},"inLanguage":"fr-FR","potentialAction":[{"@type":"ReadAction","target":["https:\/\/caf-rapport-activite.fr\/caf17-2025\/temp-fort\/1993-2\/"]}]},{"@type":"BreadcrumbList","@id":"https:\/\/caf-rapport-activite.fr\/caf17-2025\/temp-fort\/1993-2\/#breadcrumb","itemListElement":[{"@type":"ListItem","position":1,"name":"Accueil","item":"https:\/\/caf-rapport-activite.fr\/caf17-2025\/"},{"@type":"ListItem","position":2,"name":"Temps forts","item":"https:\/\/caf-rapport-activite.fr\/caf17-2025\/temp-fort\/"},{"@type":"ListItem","position":3,"name":"Valoriser notre offre en direction des jeunes"}]},{"@type":"WebSite","@id":"https:\/\/caf-rapport-activite.fr\/caf17-2025\/#website","url":"https:\/\/caf-rapport-activite.fr\/caf17-2025\/","name":"Caf 17 - 2025","description":"","potentialAction":[{"@type":"SearchAction","target":{"@type":"EntryPoint","urlTemplate":"https:\/\/caf-rapport-activite.fr\/caf17-2025\/?s={search_term_string}"},"query-input":"required name=search_term_string"}],"inLanguage":"fr-FR"}]}},"_links":{"self":[{"href":"https:\/\/caf-rapport-activite.fr\/caf17-2025\/wp-json\/wp\/v2\/temp-fort\/1993"}],"collection":[{"href":"https:\/\/caf-rapport-activite.fr\/caf17-2025\/wp-json\/wp\/v2\/temp-fort"}],"about":[{"href":"https:\/\/caf-rapport-activite.fr\/caf17-2025\/wp-json\/wp\/v2\/types\/temp-fort"}],"wp:featuredmedia":[{"embeddable":true,"href":"https:\/\/caf-rapport-activite.fr\/caf17-2025\/wp-json\/wp\/v2\/media\/1994"}],"wp:attachment":[{"href":"https:\/\/caf-rapport-activite.fr\/caf17-2025\/wp-json\/wp\/v2\/media?parent=1993"}],"wp:term":[{"taxonomy":"activite","embeddable":true,"href":"https:\/\/caf-rapport-activite.fr\/caf17-2025\/wp-json\/wp\/v2\/activite?post=1993"}],"curies":[{"name":"wp","href":"https:\/\/api.w.org\/{rel}","templated":true}]}}

<p>La Caf de la Charente-Maritime était présente lors du forum « Ma vie d’adulte », le 5 novembre 2025, à la Maison du département, à La Rochelle.</p>



<p>Les visiteurs du forum ont pu ainsi découvrir l&rsquo;offre de service de la Caf en direction des jeunes, au travers, notamment, d&rsquo;un escape game !</p>



<p>La Caf s&rsquo;engage pour l&rsquo;autonomie et l&rsquo;engagement citoyen des jeunes de 12 à 25 ans. Elle propose une palette de solutions concrètes pour accompagner leurs projets et leurs premiers pas dans la vie active :</p>



<ul>
<li>Aides financières pour les projets personnels, la décohabitation ou la formation (ex : Bafa)</li>



<li>Soutien au logement avec l’Apl et une aide spécifique à l’installation pour les 16-25 ans</li>



<li>Accompagnement numérique avec les Promeneurs du Net</li>



<li>Espaces d’écoute et de conseil comme la Maison des Adolescents ou le Cdij</li>



<li>Insertion professionnelle via la prime d’activité ou le Rsa jeune</li>



<li>Engagement citoyen avec Unis-Cité et le Service Civique.</li>
</ul>


        <a class="acf-block--readmore" href="https://www.caf.fr/allocataires/caf-de-la-charente-maritime/offre-de-service/vie-personnelle/des-solutions-pour-tous-les-jeunes" target="">
            Découvrir l&rsquo;offre en direction des jeunes        </a>
    


<figure class="is-layout-flex wp-block-gallery-1 wp-block-gallery has-nested-images columns-default is-cropped">
<figure class="wp-block-image size-large"><img decoding="async" loading="lazy" width="768" height="1024" data-id="1994"  src="https://caf-rapport-activite.fr/caf17-2025/wp-content/uploads/sites/29/2026/04/20251105_forum_Maviedadulte1-768x1024.jpg" alt="" class="wp-image-1994" srcset="https://caf-rapport-activite.fr/caf17-2025/wp-content/uploads/sites/29/2026/04/20251105_forum_Maviedadulte1-768x1024.jpg 768w, https://caf-rapport-activite.fr/caf17-2025/wp-content/uploads/sites/29/2026/04/20251105_forum_Maviedadulte1-225x300.jpg 225w, https://caf-rapport-activite.fr/caf17-2025/wp-content/uploads/sites/29/2026/04/20251105_forum_Maviedadulte1-1152x1536.jpg 1152w, https://caf-rapport-activite.fr/caf17-2025/wp-content/uploads/sites/29/2026/04/20251105_forum_Maviedadulte1.jpg 1280w" sizes="(max-width: 768px) 100vw, 768px" /></figure>



<figure class="wp-block-image size-large"><img decoding="async" loading="lazy" width="768" height="1024" data-id="1995"  src="https://caf-rapport-activite.fr/caf17-2025/wp-content/uploads/sites/29/2026/04/20251105_forum_Maviedadulte-768x1024.jpg" alt="" class="wp-image-1995" srcset="https://caf-rapport-activite.fr/caf17-2025/wp-content/uploads/sites/29/2026/04/20251105_forum_Maviedadulte-768x1024.jpg 768w, https://caf-rapport-activite.fr/caf17-2025/wp-content/uploads/sites/29/2026/04/20251105_forum_Maviedadulte-225x300.jpg 225w, https://caf-rapport-activite.fr/caf17-2025/wp-content/uploads/sites/29/2026/04/20251105_forum_Maviedadulte-1152x1536.jpg 1152w, https://caf-rapport-activite.fr/caf17-2025/wp-content/uploads/sites/29/2026/04/20251105_forum_Maviedadulte.jpg 1280w" sizes="(max-width: 768px) 100vw, 768px" /></figure>
</figure>

<p>La Caf de la Charente-Maritime était présente lors du forum « Ma vie d’adulte », le 5 novembre 2025, à [&hellip;]</p>

<!-- This site is optimized with the Yoast SEO plugin v19.11 - https://yoast.com/wordpress/plugins/seo/ -->
<title>Valoriser notre offre en direction des jeunes - Caf 17 - 2025</title>
<meta name="robots" content="index, follow, max-snippet:-1, max-image-preview:large, max-video-preview:-1" />
<link rel="canonical" href="https://caf-rapport-activite.fr/caf17-2025/temp-fort/1993-2/" />
<meta property="og:locale" content="fr_FR" />
<meta property="og:type" content="article" />
<meta property="og:title" content="Valoriser notre offre en direction des jeunes - Caf 17 - 2025" />
<meta property="og:description" content="La Caf de la Charente-Maritime était présente lors du forum « Ma vie d’adulte », le 5 novembre 2025, à [&hellip;]" />
<meta property="og:url" content="https://caf-rapport-activite.fr/caf17-2025/temp-fort/1993-2/" />
<meta property="og:site_name" content="Caf 17 - 2025" />
<meta property="article:modified_time" content="2026-04-21T13:33:33+00:00" />
<meta property="og:image" content="https://caf-rapport-activite.fr/caf17-2025/wp-content/uploads/sites/29/2026/04/20251105_forum_Maviedadulte1.jpg" />
	<meta property="og:image:width" content="1280" />
	<meta property="og:image:height" content="1706" />
	<meta property="og:image:type" content="image/jpeg" />
<meta name="twitter:card" content="summary_large_image" />
<meta name="twitter:label1" content="Durée de lecture estimée" />
	<meta name="twitter:data1" content="2 minutes" />
<script type="application/ld+json" class="yoast-schema-graph">{"@context":"https://schema.org","@graph":[{"@type":"WebPage","@id":"https://caf-rapport-activite.fr/caf17-2025/temp-fort/1993-2/","url":"https://caf-rapport-activite.fr/caf17-2025/temp-fort/1993-2/","name":"Valoriser notre offre en direction des jeunes - Caf 17 - 2025","isPartOf":{"@id":"https://caf-rapport-activite.fr/caf17-2025/#website"},"datePublished":"2026-04-21T13:29:15+00:00","dateModified":"2026-04-21T13:33:33+00:00","breadcrumb":{"@id":"https://caf-rapport-activite.fr/caf17-2025/temp-fort/1993-2/#breadcrumb"},"inLanguage":"fr-FR","potentialAction":[{"@type":"ReadAction","target":["https://caf-rapport-activite.fr/caf17-2025/temp-fort/1993-2/"]}]},{"@type":"BreadcrumbList","@id":"https://caf-rapport-activite.fr/caf17-2025/temp-fort/1993-2/#breadcrumb","itemListElement":[{"@type":"ListItem","position":1,"name":"Accueil","item":"https://caf-rapport-activite.fr/caf17-2025/"},{"@type":"ListItem","position":2,"name":"Temps forts","item":"https://caf-rapport-activite.fr/caf17-2025/temp-fort/"},{"@type":"ListItem","position":3,"name":"Valoriser notre offre en direction des jeunes"}]},{"@type":"WebSite","@id":"https://caf-rapport-activite.fr/caf17-2025/#website","url":"https://caf-rapport-activite.fr/caf17-2025/","name":"Caf 17 - 2025","description":"","potentialAction":[{"@type":"SearchAction","target":{"@type":"EntryPoint","urlTemplate":"https://caf-rapport-activite.fr/caf17-2025/?s={search_term_string}"},"query-input":"required name=search_term_string"}],"inLanguage":"fr-FR"}]}</script>
<!-- / Yoast SEO plugin. -->

La Caf de la Charente-Maritime était présente lors du forum « Ma vie d’adulte », le 5 novembre 2025, à [&hellip;]
