{"id":1987,"date":"2026-04-20T18:10:43","date_gmt":"2026-04-20T16:10:43","guid":{"rendered":"https:\/\/caf-rapport-activite.fr\/caf17-2025\/?post_type=temp-fort&#038;p=1987"},"modified":"2026-04-20T18:10:45","modified_gmt":"2026-04-20T16:10:45","slug":"sensibiliser-aux-violences-conjugales","status":"publish","type":"temp-fort","link":"https:\/\/caf-rapport-activite.fr\/caf17-2025\/temp-fort\/sensibiliser-aux-violences-conjugales\/","title":{"rendered":"Sensibiliser aux violences conjugales"},"content":{"rendered":"\n<p>\u00c0 l\u2019occasion du mois de sensibilisation \u00e0 la lutte contre les violences faites aux femmes, la Caf de la Charente-Maritime mobilise l\u2019ensemble de ses collaborateurs \u2014 qu\u2019ils soient en contact direct avec le public ou non. Parce que comprendre, c\u2019est d\u00e9j\u00e0 agir.<\/p>\n\n\n\n<p>Deux actions phares ont \u00e9t\u00e9 mises en place :<\/p>\n\n\n\n<p>\ud83d\udd39 <strong>Une exposition itin\u00e9rante<\/strong> con\u00e7ue par le R\u00e9seau p\u00e9rinatalit\u00e9 Nouvelle-Aquitaine, pr\u00e9sente sur nos 4 sites. Elle permet de :<\/p>\n\n\n\n<ul>\n<li>D\u00e9crypter les m\u00e9canismes de la violence intrafamiliale,<\/li>\n\n\n\n<li>Comprendre et d\u00e9tecter les signaux,<\/li>\n\n\n\n<li>Mesurer les impacts sur les victimes et les enfants.<\/li>\n<\/ul>\n\n\n\n<p>\ud83d\udd39 <strong>Une intervention du CIDFF Charente-Maritime \/ France Victimes,<\/strong> pour enrichir les \u00e9changes, apporter des \u00e9clairages concrets et pr\u00e9senter les dispositifs locaux d\u2019accompagnement.<br><\/p>\n\n\n\n<p> Gr\u00e2ce \u00e0 cette initiative, les agents ont pu mieux cerner le r\u00f4le de la Caf dans la lutte contre les violences conjugales, notamment via :<\/p>\n\n\n\n<ul>\n<li>Le versement de l\u2019aide aux victimes de violences conjugales,<\/li>\n\n\n\n<li>Le soutien aux structures partenaires comme le CIDFF.<\/li>\n<\/ul>\n\n\n\n<p>Un grand merci \u00e0 toutes les personnes engag\u00e9es dans cette d\u00e9marche essentielle.<\/p>\n\n\n<div class=\"wp-block-image\">\n<figure class=\"aligncenter size-large\"><img decoding=\"async\" loading=\"lazy\" width=\"1024\" height=\"768\" src=\"https:\/\/caf-rapport-activite.fr\/caf17-2025\/wp-content\/uploads\/sites\/29\/2026\/04\/IMG_5355-1024x768.jpg\" alt=\"\" class=\"wp-image-1988\" srcset=\"https:\/\/caf-rapport-activite.fr\/caf17-2025\/wp-content\/uploads\/sites\/29\/2026\/04\/IMG_5355-1024x768.jpg 1024w, https:\/\/caf-rapport-activite.fr\/caf17-2025\/wp-content\/uploads\/sites\/29\/2026\/04\/IMG_5355-300x225.jpg 300w, https:\/\/caf-rapport-activite.fr\/caf17-2025\/wp-content\/uploads\/sites\/29\/2026\/04\/IMG_5355-768x576.jpg 768w, https:\/\/caf-rapport-activite.fr\/caf17-2025\/wp-content\/uploads\/sites\/29\/2026\/04\/IMG_5355-1536x1152.jpg 1536w, https:\/\/caf-rapport-activite.fr\/caf17-2025\/wp-content\/uploads\/sites\/29\/2026\/04\/IMG_5355-2048x1536.jpg 2048w\" sizes=\"(max-width: 1024px) 100vw, 1024px\" \/><\/figure><\/div>","protected":false},"excerpt":{"rendered":"<p>\u00c0 l\u2019occasion du mois de sensibilisation \u00e0 la lutte contre les violences faites aux femmes, la Caf de la Charente-Maritime [&hellip;]<\/p>\n","protected":false},"featured_media":1988,"parent":0,"menu_order":0,"template":"","activite":[2],"yoast_head":"<!-- This site is optimized with the Yoast SEO plugin v19.11 - https:\/\/yoast.com\/wordpress\/plugins\/seo\/ -->\n<title>Sensibiliser aux violences conjugales - Caf 17 - 2025<\/title>\n<meta name=\"robots\" content=\"index, follow, max-snippet:-1, max-image-preview:large, max-video-preview:-1\" \/>\n<link rel=\"canonical\" href=\"https:\/\/caf-rapport-activite.fr\/caf17-2025\/temp-fort\/sensibiliser-aux-violences-conjugales\/\" \/>\n<meta property=\"og:locale\" content=\"fr_FR\" \/>\n<meta property=\"og:type\" content=\"article\" \/>\n<meta property=\"og:title\" content=\"Sensibiliser aux violences conjugales - Caf 17 - 2025\" \/>\n<meta property=\"og:description\" content=\"\u00c0 l\u2019occasion du mois de sensibilisation \u00e0 la lutte contre les violences faites aux femmes, la Caf de la Charente-Maritime [&hellip;]\" \/>\n<meta property=\"og:url\" content=\"https:\/\/caf-rapport-activite.fr\/caf17-2025\/temp-fort\/sensibiliser-aux-violences-conjugales\/\" \/>\n<meta property=\"og:site_name\" content=\"Caf 17 - 2025\" \/>\n<meta property=\"article:modified_time\" content=\"2026-04-20T16:10:45+00:00\" \/>\n<meta property=\"og:image\" content=\"https:\/\/caf-rapport-activite.fr\/caf17-2025\/wp-content\/uploads\/sites\/29\/2026\/04\/IMG_5355-scaled.jpg\" \/>\n\t<meta property=\"og:image:width\" content=\"2560\" \/>\n\t<meta property=\"og:image:height\" content=\"1920\" \/>\n\t<meta property=\"og:image:type\" content=\"image\/jpeg\" \/>\n<meta name=\"twitter:card\" content=\"summary_large_image\" \/>\n<meta name=\"twitter:label1\" content=\"Dur\u00e9e de lecture estim\u00e9e\" \/>\n\t<meta name=\"twitter:data1\" content=\"2 minutes\" \/>\n<script type=\"application\/ld+json\" class=\"yoast-schema-graph\">{\"@context\":\"https:\/\/schema.org\",\"@graph\":[{\"@type\":\"WebPage\",\"@id\":\"https:\/\/caf-rapport-activite.fr\/caf17-2025\/temp-fort\/sensibiliser-aux-violences-conjugales\/\",\"url\":\"https:\/\/caf-rapport-activite.fr\/caf17-2025\/temp-fort\/sensibiliser-aux-violences-conjugales\/\",\"name\":\"Sensibiliser aux violences conjugales - Caf 17 - 2025\",\"isPartOf\":{\"@id\":\"https:\/\/caf-rapport-activite.fr\/caf17-2025\/#website\"},\"datePublished\":\"2026-04-20T16:10:43+00:00\",\"dateModified\":\"2026-04-20T16:10:45+00:00\",\"breadcrumb\":{\"@id\":\"https:\/\/caf-rapport-activite.fr\/caf17-2025\/temp-fort\/sensibiliser-aux-violences-conjugales\/#breadcrumb\"},\"inLanguage\":\"fr-FR\",\"potentialAction\":[{\"@type\":\"ReadAction\",\"target\":[\"https:\/\/caf-rapport-activite.fr\/caf17-2025\/temp-fort\/sensibiliser-aux-violences-conjugales\/\"]}]},{\"@type\":\"BreadcrumbList\",\"@id\":\"https:\/\/caf-rapport-activite.fr\/caf17-2025\/temp-fort\/sensibiliser-aux-violences-conjugales\/#breadcrumb\",\"itemListElement\":[{\"@type\":\"ListItem\",\"position\":1,\"name\":\"Accueil\",\"item\":\"https:\/\/caf-rapport-activite.fr\/caf17-2025\/\"},{\"@type\":\"ListItem\",\"position\":2,\"name\":\"Temps forts\",\"item\":\"https:\/\/caf-rapport-activite.fr\/caf17-2025\/temp-fort\/\"},{\"@type\":\"ListItem\",\"position\":3,\"name\":\"Sensibiliser aux violences conjugales\"}]},{\"@type\":\"WebSite\",\"@id\":\"https:\/\/caf-rapport-activite.fr\/caf17-2025\/#website\",\"url\":\"https:\/\/caf-rapport-activite.fr\/caf17-2025\/\",\"name\":\"Caf 17 - 2025\",\"description\":\"\",\"potentialAction\":[{\"@type\":\"SearchAction\",\"target\":{\"@type\":\"EntryPoint\",\"urlTemplate\":\"https:\/\/caf-rapport-activite.fr\/caf17-2025\/?s={search_term_string}\"},\"query-input\":\"required name=search_term_string\"}],\"inLanguage\":\"fr-FR\"}]}<\/script>\n<!-- \/ Yoast SEO plugin. -->","yoast_head_json":{"title":"Sensibiliser aux violences conjugales - Caf 17 - 2025","robots":{"index":"index","follow":"follow","max-snippet":"max-snippet:-1","max-image-preview":"max-image-preview:large","max-video-preview":"max-video-preview:-1"},"canonical":"https:\/\/caf-rapport-activite.fr\/caf17-2025\/temp-fort\/sensibiliser-aux-violences-conjugales\/","og_locale":"fr_FR","og_type":"article","og_title":"Sensibiliser aux violences conjugales - Caf 17 - 2025","og_description":"\u00c0 l\u2019occasion du mois de sensibilisation \u00e0 la lutte contre les violences faites aux femmes, la Caf de la Charente-Maritime [&hellip;]","og_url":"https:\/\/caf-rapport-activite.fr\/caf17-2025\/temp-fort\/sensibiliser-aux-violences-conjugales\/","og_site_name":"Caf 17 - 2025","article_modified_time":"2026-04-20T16:10:45+00:00","og_image":[{"width":2560,"height":1920,"url":"https:\/\/caf-rapport-activite.fr\/caf17-2025\/wp-content\/uploads\/sites\/29\/2026\/04\/IMG_5355-scaled.jpg","type":"image\/jpeg"}],"twitter_card":"summary_large_image","twitter_misc":{"Dur\u00e9e de lecture estim\u00e9e":"2 minutes"},"schema":{"@context":"https:\/\/schema.org","@graph":[{"@type":"WebPage","@id":"https:\/\/caf-rapport-activite.fr\/caf17-2025\/temp-fort\/sensibiliser-aux-violences-conjugales\/","url":"https:\/\/caf-rapport-activite.fr\/caf17-2025\/temp-fort\/sensibiliser-aux-violences-conjugales\/","name":"Sensibiliser aux violences conjugales - Caf 17 - 2025","isPartOf":{"@id":"https:\/\/caf-rapport-activite.fr\/caf17-2025\/#website"},"datePublished":"2026-04-20T16:10:43+00:00","dateModified":"2026-04-20T16:10:45+00:00","breadcrumb":{"@id":"https:\/\/caf-rapport-activite.fr\/caf17-2025\/temp-fort\/sensibiliser-aux-violences-conjugales\/#breadcrumb"},"inLanguage":"fr-FR","potentialAction":[{"@type":"ReadAction","target":["https:\/\/caf-rapport-activite.fr\/caf17-2025\/temp-fort\/sensibiliser-aux-violences-conjugales\/"]}]},{"@type":"BreadcrumbList","@id":"https:\/\/caf-rapport-activite.fr\/caf17-2025\/temp-fort\/sensibiliser-aux-violences-conjugales\/#breadcrumb","itemListElement":[{"@type":"ListItem","position":1,"name":"Accueil","item":"https:\/\/caf-rapport-activite.fr\/caf17-2025\/"},{"@type":"ListItem","position":2,"name":"Temps forts","item":"https:\/\/caf-rapport-activite.fr\/caf17-2025\/temp-fort\/"},{"@type":"ListItem","position":3,"name":"Sensibiliser aux violences conjugales"}]},{"@type":"WebSite","@id":"https:\/\/caf-rapport-activite.fr\/caf17-2025\/#website","url":"https:\/\/caf-rapport-activite.fr\/caf17-2025\/","name":"Caf 17 - 2025","description":"","potentialAction":[{"@type":"SearchAction","target":{"@type":"EntryPoint","urlTemplate":"https:\/\/caf-rapport-activite.fr\/caf17-2025\/?s={search_term_string}"},"query-input":"required name=search_term_string"}],"inLanguage":"fr-FR"}]}},"_links":{"self":[{"href":"https:\/\/caf-rapport-activite.fr\/caf17-2025\/wp-json\/wp\/v2\/temp-fort\/1987"}],"collection":[{"href":"https:\/\/caf-rapport-activite.fr\/caf17-2025\/wp-json\/wp\/v2\/temp-fort"}],"about":[{"href":"https:\/\/caf-rapport-activite.fr\/caf17-2025\/wp-json\/wp\/v2\/types\/temp-fort"}],"wp:featuredmedia":[{"embeddable":true,"href":"https:\/\/caf-rapport-activite.fr\/caf17-2025\/wp-json\/wp\/v2\/media\/1988"}],"wp:attachment":[{"href":"https:\/\/caf-rapport-activite.fr\/caf17-2025\/wp-json\/wp\/v2\/media?parent=1987"}],"wp:term":[{"taxonomy":"activite","embeddable":true,"href":"https:\/\/caf-rapport-activite.fr\/caf17-2025\/wp-json\/wp\/v2\/activite?post=1987"}],"curies":[{"name":"wp","href":"https:\/\/api.w.org\/{rel}","templated":true}]}}

<p>À l’occasion du mois de sensibilisation à la lutte contre les violences faites aux femmes, la Caf de la Charente-Maritime mobilise l’ensemble de ses collaborateurs — qu’ils soient en contact direct avec le public ou non. Parce que comprendre, c’est déjà agir.</p>



<p>Deux actions phares ont été mises en place :</p>



<p>🔹 <strong>Une exposition itinérante</strong> conçue par le Réseau périnatalité Nouvelle-Aquitaine, présente sur nos 4 sites. Elle permet de :</p>



<ul>
<li>Décrypter les mécanismes de la violence intrafamiliale,</li>



<li>Comprendre et détecter les signaux,</li>



<li>Mesurer les impacts sur les victimes et les enfants.</li>
</ul>



<p>🔹 <strong>Une intervention du CIDFF Charente-Maritime / France Victimes,</strong> pour enrichir les échanges, apporter des éclairages concrets et présenter les dispositifs locaux d’accompagnement.<br></p>



<p> Grâce à cette initiative, les agents ont pu mieux cerner le rôle de la Caf dans la lutte contre les violences conjugales, notamment via :</p>



<ul>
<li>Le versement de l’aide aux victimes de violences conjugales,</li>



<li>Le soutien aux structures partenaires comme le CIDFF.</li>
</ul>



<p>Un grand merci à toutes les personnes engagées dans cette démarche essentielle.</p>


<div class="wp-block-image">
<figure class="aligncenter size-large"><img decoding="async" loading="lazy" width="1024" height="768" src="https://caf-rapport-activite.fr/caf17-2025/wp-content/uploads/sites/29/2026/04/IMG_5355-1024x768.jpg" alt="" class="wp-image-1988" srcset="https://caf-rapport-activite.fr/caf17-2025/wp-content/uploads/sites/29/2026/04/IMG_5355-1024x768.jpg 1024w, https://caf-rapport-activite.fr/caf17-2025/wp-content/uploads/sites/29/2026/04/IMG_5355-300x225.jpg 300w, https://caf-rapport-activite.fr/caf17-2025/wp-content/uploads/sites/29/2026/04/IMG_5355-768x576.jpg 768w, https://caf-rapport-activite.fr/caf17-2025/wp-content/uploads/sites/29/2026/04/IMG_5355-1536x1152.jpg 1536w, https://caf-rapport-activite.fr/caf17-2025/wp-content/uploads/sites/29/2026/04/IMG_5355-2048x1536.jpg 2048w" sizes="(max-width: 1024px) 100vw, 1024px" /></figure></div>

<p>À l’occasion du mois de sensibilisation à la lutte contre les violences faites aux femmes, la Caf de la Charente-Maritime [&hellip;]</p>

<!-- This site is optimized with the Yoast SEO plugin v19.11 - https://yoast.com/wordpress/plugins/seo/ -->
<title>Sensibiliser aux violences conjugales - Caf 17 - 2025</title>
<meta name="robots" content="index, follow, max-snippet:-1, max-image-preview:large, max-video-preview:-1" />
<link rel="canonical" href="https://caf-rapport-activite.fr/caf17-2025/temp-fort/sensibiliser-aux-violences-conjugales/" />
<meta property="og:locale" content="fr_FR" />
<meta property="og:type" content="article" />
<meta property="og:title" content="Sensibiliser aux violences conjugales - Caf 17 - 2025" />
<meta property="og:description" content="À l’occasion du mois de sensibilisation à la lutte contre les violences faites aux femmes, la Caf de la Charente-Maritime [&hellip;]" />
<meta property="og:url" content="https://caf-rapport-activite.fr/caf17-2025/temp-fort/sensibiliser-aux-violences-conjugales/" />
<meta property="og:site_name" content="Caf 17 - 2025" />
<meta property="article:modified_time" content="2026-04-20T16:10:45+00:00" />
<meta property="og:image" content="https://caf-rapport-activite.fr/caf17-2025/wp-content/uploads/sites/29/2026/04/IMG_5355-scaled.jpg" />
	<meta property="og:image:width" content="2560" />
	<meta property="og:image:height" content="1920" />
	<meta property="og:image:type" content="image/jpeg" />
<meta name="twitter:card" content="summary_large_image" />
<meta name="twitter:label1" content="Durée de lecture estimée" />
	<meta name="twitter:data1" content="2 minutes" />
<script type="application/ld+json" class="yoast-schema-graph">{"@context":"https://schema.org","@graph":[{"@type":"WebPage","@id":"https://caf-rapport-activite.fr/caf17-2025/temp-fort/sensibiliser-aux-violences-conjugales/","url":"https://caf-rapport-activite.fr/caf17-2025/temp-fort/sensibiliser-aux-violences-conjugales/","name":"Sensibiliser aux violences conjugales - Caf 17 - 2025","isPartOf":{"@id":"https://caf-rapport-activite.fr/caf17-2025/#website"},"datePublished":"2026-04-20T16:10:43+00:00","dateModified":"2026-04-20T16:10:45+00:00","breadcrumb":{"@id":"https://caf-rapport-activite.fr/caf17-2025/temp-fort/sensibiliser-aux-violences-conjugales/#breadcrumb"},"inLanguage":"fr-FR","potentialAction":[{"@type":"ReadAction","target":["https://caf-rapport-activite.fr/caf17-2025/temp-fort/sensibiliser-aux-violences-conjugales/"]}]},{"@type":"BreadcrumbList","@id":"https://caf-rapport-activite.fr/caf17-2025/temp-fort/sensibiliser-aux-violences-conjugales/#breadcrumb","itemListElement":[{"@type":"ListItem","position":1,"name":"Accueil","item":"https://caf-rapport-activite.fr/caf17-2025/"},{"@type":"ListItem","position":2,"name":"Temps forts","item":"https://caf-rapport-activite.fr/caf17-2025/temp-fort/"},{"@type":"ListItem","position":3,"name":"Sensibiliser aux violences conjugales"}]},{"@type":"WebSite","@id":"https://caf-rapport-activite.fr/caf17-2025/#website","url":"https://caf-rapport-activite.fr/caf17-2025/","name":"Caf 17 - 2025","description":"","potentialAction":[{"@type":"SearchAction","target":{"@type":"EntryPoint","urlTemplate":"https://caf-rapport-activite.fr/caf17-2025/?s={search_term_string}"},"query-input":"required name=search_term_string"}],"inLanguage":"fr-FR"}]}</script>
<!-- / Yoast SEO plugin. -->

À l’occasion du mois de sensibilisation à la lutte contre les violences faites aux femmes, la Caf de la Charente-Maritime [&hellip;]
