{"id":1973,"date":"2026-04-20T16:55:54","date_gmt":"2026-04-20T14:55:54","guid":{"rendered":"https:\/\/caf-rapport-activite.fr\/caf17-2025\/?post_type=temp-fort&#038;p=1973"},"modified":"2026-04-20T16:55:55","modified_gmt":"2026-04-20T14:55:55","slug":"semaine-internationale-de-la-mediation","status":"publish","type":"temp-fort","link":"https:\/\/caf-rapport-activite.fr\/caf17-2025\/temp-fort\/semaine-internationale-de-la-mediation\/","title":{"rendered":"Semaine internationale de la m\u00e9diation"},"content":{"rendered":"\n<p>\u00c0 l\u2019occasion de cette semaine d\u00e9di\u00e9e \u00e0 la m\u00e9diation, la Caf de la Charente-Maritime a eu le plaisir d\u2019accueillir les m\u00e9diateurs administratifs des 12 Caf de la r\u00e9gion Nouvelle-Aquitaine, pour une rencontre hybride, m\u00ealant pr\u00e9sentiel et distanciel.<\/p>\n\n\n\n<p>Ces \u00e9changes sont bien plus que des r\u00e9unions : ce sont des moments cl\u00e9s de coh\u00e9sion, de partage d\u2019exp\u00e9riences et de construction collective. Ils permettent de renforcer les liens, d\u2019aligner nos objectifs et de faire vivre un r\u00e9seau engag\u00e9 au service des allocataires et des partenaires.<\/p>\n\n\n\n<p>Port\u00e9e par la m\u00e9diatrice de la Caf de la Charente-Maritime et celui de la Caf des Deux-S\u00e8vres, cette dynamique existe depuis 2014 et continue de grandir gr\u00e2ce \u00e0 la volont\u00e9 commune de faire de la m\u00e9diation un levier de confiance et de dialogue.<\/p>\n\n\n\n<blockquote class=\"wp-block-quote\">\n<p>\u00catre m\u00e9diateur administratif, c\u2019est accompagner, \u00e9couter, r\u00e9soudre, et surtout cr\u00e9er du lien. C\u2019est un m\u00e9tier de l\u2019ombre qui \u00e9claire les relations entre les usagers et l\u2019administration.<\/p>\n<\/blockquote>\n\n\n\n<p>Merci \u00e0 tous les m\u00e9diateurs pour leur engagement et leur professionnalisme. Ensemble, nous faisons vivre une m\u00e9diation bienveillante, constructive et durable.<\/p>\n\n\n\n<figure class=\"is-layout-flex wp-block-gallery-1 wp-block-gallery has-nested-images columns-default is-cropped\">\n<figure class=\"wp-block-image size-large\"><img decoding=\"async\" loading=\"lazy\" width=\"756\" height=\"395\" data-id=\"1974\"  src=\"https:\/\/caf-rapport-activite.fr\/caf17-2025\/wp-content\/uploads\/sites\/29\/2026\/04\/202510_reunion-regionale_mediation_administrative.jpg\" alt=\"\" class=\"wp-image-1974\" srcset=\"https:\/\/caf-rapport-activite.fr\/caf17-2025\/wp-content\/uploads\/sites\/29\/2026\/04\/202510_reunion-regionale_mediation_administrative.jpg 756w, https:\/\/caf-rapport-activite.fr\/caf17-2025\/wp-content\/uploads\/sites\/29\/2026\/04\/202510_reunion-regionale_mediation_administrative-300x157.jpg 300w\" sizes=\"(max-width: 756px) 100vw, 756px\" \/><\/figure>\n<\/figure>\n","protected":false},"excerpt":{"rendered":"<p>\u00c0 l\u2019occasion de cette semaine d\u00e9di\u00e9e \u00e0 la m\u00e9diation, la Caf de la Charente-Maritime a eu le plaisir d\u2019accueillir les [&hellip;]<\/p>\n","protected":false},"featured_media":1974,"parent":0,"menu_order":0,"template":"","activite":[3],"yoast_head":"<!-- This site is optimized with the Yoast SEO plugin v19.11 - https:\/\/yoast.com\/wordpress\/plugins\/seo\/ -->\n<title>Semaine internationale de la m\u00e9diation - Caf 17 - 2025<\/title>\n<meta name=\"robots\" content=\"index, follow, max-snippet:-1, max-image-preview:large, max-video-preview:-1\" \/>\n<link rel=\"canonical\" href=\"https:\/\/caf-rapport-activite.fr\/caf17-2025\/temp-fort\/semaine-internationale-de-la-mediation\/\" \/>\n<meta property=\"og:locale\" content=\"fr_FR\" \/>\n<meta property=\"og:type\" content=\"article\" \/>\n<meta property=\"og:title\" content=\"Semaine internationale de la m\u00e9diation - Caf 17 - 2025\" \/>\n<meta property=\"og:description\" content=\"\u00c0 l\u2019occasion de cette semaine d\u00e9di\u00e9e \u00e0 la m\u00e9diation, la Caf de la Charente-Maritime a eu le plaisir d\u2019accueillir les [&hellip;]\" \/>\n<meta property=\"og:url\" content=\"https:\/\/caf-rapport-activite.fr\/caf17-2025\/temp-fort\/semaine-internationale-de-la-mediation\/\" \/>\n<meta property=\"og:site_name\" content=\"Caf 17 - 2025\" \/>\n<meta property=\"article:modified_time\" content=\"2026-04-20T14:55:55+00:00\" \/>\n<meta property=\"og:image\" content=\"https:\/\/caf-rapport-activite.fr\/caf17-2025\/wp-content\/uploads\/sites\/29\/2026\/04\/202510_reunion-regionale_mediation_administrative.jpg\" \/>\n\t<meta property=\"og:image:width\" content=\"756\" \/>\n\t<meta property=\"og:image:height\" content=\"395\" \/>\n\t<meta property=\"og:image:type\" content=\"image\/jpeg\" \/>\n<meta name=\"twitter:card\" content=\"summary_large_image\" \/>\n<meta name=\"twitter:label1\" content=\"Dur\u00e9e de lecture estim\u00e9e\" \/>\n\t<meta name=\"twitter:data1\" content=\"2 minutes\" \/>\n<script type=\"application\/ld+json\" class=\"yoast-schema-graph\">{\"@context\":\"https:\/\/schema.org\",\"@graph\":[{\"@type\":\"WebPage\",\"@id\":\"https:\/\/caf-rapport-activite.fr\/caf17-2025\/temp-fort\/semaine-internationale-de-la-mediation\/\",\"url\":\"https:\/\/caf-rapport-activite.fr\/caf17-2025\/temp-fort\/semaine-internationale-de-la-mediation\/\",\"name\":\"Semaine internationale de la m\u00e9diation - Caf 17 - 2025\",\"isPartOf\":{\"@id\":\"https:\/\/caf-rapport-activite.fr\/caf17-2025\/#website\"},\"datePublished\":\"2026-04-20T14:55:54+00:00\",\"dateModified\":\"2026-04-20T14:55:55+00:00\",\"breadcrumb\":{\"@id\":\"https:\/\/caf-rapport-activite.fr\/caf17-2025\/temp-fort\/semaine-internationale-de-la-mediation\/#breadcrumb\"},\"inLanguage\":\"fr-FR\",\"potentialAction\":[{\"@type\":\"ReadAction\",\"target\":[\"https:\/\/caf-rapport-activite.fr\/caf17-2025\/temp-fort\/semaine-internationale-de-la-mediation\/\"]}]},{\"@type\":\"BreadcrumbList\",\"@id\":\"https:\/\/caf-rapport-activite.fr\/caf17-2025\/temp-fort\/semaine-internationale-de-la-mediation\/#breadcrumb\",\"itemListElement\":[{\"@type\":\"ListItem\",\"position\":1,\"name\":\"Accueil\",\"item\":\"https:\/\/caf-rapport-activite.fr\/caf17-2025\/\"},{\"@type\":\"ListItem\",\"position\":2,\"name\":\"Temps forts\",\"item\":\"https:\/\/caf-rapport-activite.fr\/caf17-2025\/temp-fort\/\"},{\"@type\":\"ListItem\",\"position\":3,\"name\":\"Semaine internationale de la m\u00e9diation\"}]},{\"@type\":\"WebSite\",\"@id\":\"https:\/\/caf-rapport-activite.fr\/caf17-2025\/#website\",\"url\":\"https:\/\/caf-rapport-activite.fr\/caf17-2025\/\",\"name\":\"Caf 17 - 2025\",\"description\":\"\",\"potentialAction\":[{\"@type\":\"SearchAction\",\"target\":{\"@type\":\"EntryPoint\",\"urlTemplate\":\"https:\/\/caf-rapport-activite.fr\/caf17-2025\/?s={search_term_string}\"},\"query-input\":\"required name=search_term_string\"}],\"inLanguage\":\"fr-FR\"}]}<\/script>\n<!-- \/ Yoast SEO plugin. -->","yoast_head_json":{"title":"Semaine internationale de la m\u00e9diation - Caf 17 - 2025","robots":{"index":"index","follow":"follow","max-snippet":"max-snippet:-1","max-image-preview":"max-image-preview:large","max-video-preview":"max-video-preview:-1"},"canonical":"https:\/\/caf-rapport-activite.fr\/caf17-2025\/temp-fort\/semaine-internationale-de-la-mediation\/","og_locale":"fr_FR","og_type":"article","og_title":"Semaine internationale de la m\u00e9diation - Caf 17 - 2025","og_description":"\u00c0 l\u2019occasion de cette semaine d\u00e9di\u00e9e \u00e0 la m\u00e9diation, la Caf de la Charente-Maritime a eu le plaisir d\u2019accueillir les [&hellip;]","og_url":"https:\/\/caf-rapport-activite.fr\/caf17-2025\/temp-fort\/semaine-internationale-de-la-mediation\/","og_site_name":"Caf 17 - 2025","article_modified_time":"2026-04-20T14:55:55+00:00","og_image":[{"width":756,"height":395,"url":"https:\/\/caf-rapport-activite.fr\/caf17-2025\/wp-content\/uploads\/sites\/29\/2026\/04\/202510_reunion-regionale_mediation_administrative.jpg","type":"image\/jpeg"}],"twitter_card":"summary_large_image","twitter_misc":{"Dur\u00e9e de lecture estim\u00e9e":"2 minutes"},"schema":{"@context":"https:\/\/schema.org","@graph":[{"@type":"WebPage","@id":"https:\/\/caf-rapport-activite.fr\/caf17-2025\/temp-fort\/semaine-internationale-de-la-mediation\/","url":"https:\/\/caf-rapport-activite.fr\/caf17-2025\/temp-fort\/semaine-internationale-de-la-mediation\/","name":"Semaine internationale de la m\u00e9diation - Caf 17 - 2025","isPartOf":{"@id":"https:\/\/caf-rapport-activite.fr\/caf17-2025\/#website"},"datePublished":"2026-04-20T14:55:54+00:00","dateModified":"2026-04-20T14:55:55+00:00","breadcrumb":{"@id":"https:\/\/caf-rapport-activite.fr\/caf17-2025\/temp-fort\/semaine-internationale-de-la-mediation\/#breadcrumb"},"inLanguage":"fr-FR","potentialAction":[{"@type":"ReadAction","target":["https:\/\/caf-rapport-activite.fr\/caf17-2025\/temp-fort\/semaine-internationale-de-la-mediation\/"]}]},{"@type":"BreadcrumbList","@id":"https:\/\/caf-rapport-activite.fr\/caf17-2025\/temp-fort\/semaine-internationale-de-la-mediation\/#breadcrumb","itemListElement":[{"@type":"ListItem","position":1,"name":"Accueil","item":"https:\/\/caf-rapport-activite.fr\/caf17-2025\/"},{"@type":"ListItem","position":2,"name":"Temps forts","item":"https:\/\/caf-rapport-activite.fr\/caf17-2025\/temp-fort\/"},{"@type":"ListItem","position":3,"name":"Semaine internationale de la m\u00e9diation"}]},{"@type":"WebSite","@id":"https:\/\/caf-rapport-activite.fr\/caf17-2025\/#website","url":"https:\/\/caf-rapport-activite.fr\/caf17-2025\/","name":"Caf 17 - 2025","description":"","potentialAction":[{"@type":"SearchAction","target":{"@type":"EntryPoint","urlTemplate":"https:\/\/caf-rapport-activite.fr\/caf17-2025\/?s={search_term_string}"},"query-input":"required name=search_term_string"}],"inLanguage":"fr-FR"}]}},"_links":{"self":[{"href":"https:\/\/caf-rapport-activite.fr\/caf17-2025\/wp-json\/wp\/v2\/temp-fort\/1973"}],"collection":[{"href":"https:\/\/caf-rapport-activite.fr\/caf17-2025\/wp-json\/wp\/v2\/temp-fort"}],"about":[{"href":"https:\/\/caf-rapport-activite.fr\/caf17-2025\/wp-json\/wp\/v2\/types\/temp-fort"}],"wp:featuredmedia":[{"embeddable":true,"href":"https:\/\/caf-rapport-activite.fr\/caf17-2025\/wp-json\/wp\/v2\/media\/1974"}],"wp:attachment":[{"href":"https:\/\/caf-rapport-activite.fr\/caf17-2025\/wp-json\/wp\/v2\/media?parent=1973"}],"wp:term":[{"taxonomy":"activite","embeddable":true,"href":"https:\/\/caf-rapport-activite.fr\/caf17-2025\/wp-json\/wp\/v2\/activite?post=1973"}],"curies":[{"name":"wp","href":"https:\/\/api.w.org\/{rel}","templated":true}]}}

Semaine internationale de la médiation

<p>À l’occasion de cette semaine dédiée à la médiation, la Caf de la Charente-Maritime a eu le plaisir d’accueillir les médiateurs administratifs des 12 Caf de la région Nouvelle-Aquitaine, pour une rencontre hybride, mêlant présentiel et distanciel.</p>



<p>Ces échanges sont bien plus que des réunions : ce sont des moments clés de cohésion, de partage d’expériences et de construction collective. Ils permettent de renforcer les liens, d’aligner nos objectifs et de faire vivre un réseau engagé au service des allocataires et des partenaires.</p>



<p>Portée par la médiatrice de la Caf de la Charente-Maritime et celui de la Caf des Deux-Sèvres, cette dynamique existe depuis 2014 et continue de grandir grâce à la volonté commune de faire de la médiation un levier de confiance et de dialogue.</p>



<blockquote class="wp-block-quote">
<p>Être médiateur administratif, c’est accompagner, écouter, résoudre, et surtout créer du lien. C’est un métier de l’ombre qui éclaire les relations entre les usagers et l’administration.</p>
</blockquote>



<p>Merci à tous les médiateurs pour leur engagement et leur professionnalisme. Ensemble, nous faisons vivre une médiation bienveillante, constructive et durable.</p>



<figure class="is-layout-flex wp-block-gallery-1 wp-block-gallery has-nested-images columns-default is-cropped">
<figure class="wp-block-image size-large"><img decoding="async" loading="lazy" width="756" height="395" data-id="1974"  src="https://caf-rapport-activite.fr/caf17-2025/wp-content/uploads/sites/29/2026/04/202510_reunion-regionale_mediation_administrative.jpg" alt="" class="wp-image-1974" srcset="https://caf-rapport-activite.fr/caf17-2025/wp-content/uploads/sites/29/2026/04/202510_reunion-regionale_mediation_administrative.jpg 756w, https://caf-rapport-activite.fr/caf17-2025/wp-content/uploads/sites/29/2026/04/202510_reunion-regionale_mediation_administrative-300x157.jpg 300w" sizes="(max-width: 756px) 100vw, 756px" /></figure>
</figure>

<p>À l’occasion de cette semaine dédiée à la médiation, la Caf de la Charente-Maritime a eu le plaisir d’accueillir les [&hellip;]</p>

<!-- This site is optimized with the Yoast SEO plugin v19.11 - https://yoast.com/wordpress/plugins/seo/ -->
<title>Semaine internationale de la médiation - Caf 17 - 2025</title>
<meta name="robots" content="index, follow, max-snippet:-1, max-image-preview:large, max-video-preview:-1" />
<link rel="canonical" href="https://caf-rapport-activite.fr/caf17-2025/temp-fort/semaine-internationale-de-la-mediation/" />
<meta property="og:locale" content="fr_FR" />
<meta property="og:type" content="article" />
<meta property="og:title" content="Semaine internationale de la médiation - Caf 17 - 2025" />
<meta property="og:description" content="À l’occasion de cette semaine dédiée à la médiation, la Caf de la Charente-Maritime a eu le plaisir d’accueillir les [&hellip;]" />
<meta property="og:url" content="https://caf-rapport-activite.fr/caf17-2025/temp-fort/semaine-internationale-de-la-mediation/" />
<meta property="og:site_name" content="Caf 17 - 2025" />
<meta property="article:modified_time" content="2026-04-20T14:55:55+00:00" />
<meta property="og:image" content="https://caf-rapport-activite.fr/caf17-2025/wp-content/uploads/sites/29/2026/04/202510_reunion-regionale_mediation_administrative.jpg" />
	<meta property="og:image:width" content="756" />
	<meta property="og:image:height" content="395" />
	<meta property="og:image:type" content="image/jpeg" />
<meta name="twitter:card" content="summary_large_image" />
<meta name="twitter:label1" content="Durée de lecture estimée" />
	<meta name="twitter:data1" content="2 minutes" />
<script type="application/ld+json" class="yoast-schema-graph">{"@context":"https://schema.org","@graph":[{"@type":"WebPage","@id":"https://caf-rapport-activite.fr/caf17-2025/temp-fort/semaine-internationale-de-la-mediation/","url":"https://caf-rapport-activite.fr/caf17-2025/temp-fort/semaine-internationale-de-la-mediation/","name":"Semaine internationale de la médiation - Caf 17 - 2025","isPartOf":{"@id":"https://caf-rapport-activite.fr/caf17-2025/#website"},"datePublished":"2026-04-20T14:55:54+00:00","dateModified":"2026-04-20T14:55:55+00:00","breadcrumb":{"@id":"https://caf-rapport-activite.fr/caf17-2025/temp-fort/semaine-internationale-de-la-mediation/#breadcrumb"},"inLanguage":"fr-FR","potentialAction":[{"@type":"ReadAction","target":["https://caf-rapport-activite.fr/caf17-2025/temp-fort/semaine-internationale-de-la-mediation/"]}]},{"@type":"BreadcrumbList","@id":"https://caf-rapport-activite.fr/caf17-2025/temp-fort/semaine-internationale-de-la-mediation/#breadcrumb","itemListElement":[{"@type":"ListItem","position":1,"name":"Accueil","item":"https://caf-rapport-activite.fr/caf17-2025/"},{"@type":"ListItem","position":2,"name":"Temps forts","item":"https://caf-rapport-activite.fr/caf17-2025/temp-fort/"},{"@type":"ListItem","position":3,"name":"Semaine internationale de la médiation"}]},{"@type":"WebSite","@id":"https://caf-rapport-activite.fr/caf17-2025/#website","url":"https://caf-rapport-activite.fr/caf17-2025/","name":"Caf 17 - 2025","description":"","potentialAction":[{"@type":"SearchAction","target":{"@type":"EntryPoint","urlTemplate":"https://caf-rapport-activite.fr/caf17-2025/?s={search_term_string}"},"query-input":"required name=search_term_string"}],"inLanguage":"fr-FR"}]}</script>
<!-- / Yoast SEO plugin. -->

Semaine internationale de la médiation - Caf 17 - 2025

À l’occasion de cette semaine dédiée à la médiation, la Caf de la Charente-Maritime a eu le plaisir d’accueillir les [&hellip;]
