{"id":1970,"date":"2026-04-20T16:30:24","date_gmt":"2026-04-20T14:30:24","guid":{"rendered":"https:\/\/caf-rapport-activite.fr\/caf17-2025\/?post_type=temp-fort&#038;p=1970"},"modified":"2026-04-21T15:03:22","modified_gmt":"2026-04-21T13:03:22","slug":"la-caf-aux-cotes-des-entreprises-pour-faciliter-la-parentalite","status":"publish","type":"temp-fort","link":"https:\/\/caf-rapport-activite.fr\/caf17-2025\/temp-fort\/la-caf-aux-cotes-des-entreprises-pour-faciliter-la-parentalite\/","title":{"rendered":"La Caf aux c\u00f4t\u00e9s des entreprises pour faciliter la parentalit\u00e9"},"content":{"rendered":"\n<p>Comment la Caf aide les entreprises \u00e0 d\u00e9velopper une solution de garde, un enjeu cl\u00e9 pour attirer et fid\u00e9liser les employ\u00e9s ?<\/p>\n\n\n\n<p>Mercredi 24 septembre 2025, la Caf a pr\u00e9sent\u00e9 des solutions et des dispositifs de soutien \u00e0 la parentalit\u00e9 \u00e0 une vingtaine de chefs d&rsquo;entreprise r\u00e9unis dans le cadre du club <em>\u00ab\u00a0Les entreprises s&rsquo;engagent<\/em>\u00ab\u00a0.<\/p>\n\n\n\n<p>Cette rencontre s&rsquo;est d\u00e9roul\u00e9e dans les locaux de Vals de Saintonge Communaut\u00e9, \u00e0 Saint-Jean-d\u2019Ang\u00e9ly. Elle \u00e9tait anim\u00e9e pour la Caf, par notre nouvelle conseill\u00e8re technique petite enfance.<\/p>\n\n\n\n<p>Cette sensibilisation participe \u00e0 notre d\u00e9marche d&rsquo;accompagnement de la misse en place du Sppe (service public de la petite enfance).<\/p>\n\n\n\n<blockquote class=\"wp-block-quote\">\n<p><strong>93%<\/strong> des salari\u00e9s interrog\u00e9s consid\u00e8rent que l\u2019\u00e9quilibre des temps consacr\u00e9s \u00e0 la vie professionnelle et \u00e0 la vie personnelle est <strong>un sujet important voire tr\u00e8s important<\/strong>.*<\/p>\n<\/blockquote>\n\n\n\n<p>Soutenir la conciliation vie professionnelle et vie familiale contribue au bien-\u00eatre et \u00e0 l&rsquo;engagement des salari\u00e9s. Pour \u00e9clairer les d\u00e9cision des entreprises, les collaborateurs de la Caf ont ainsi pr\u00e9sent\u00e9 les mesures qui existent :<\/p>\n\n\n\n<ul>\n<li>Des dispositifs d\u2019accompagnement pendant la grossesse<\/li>\n\n\n\n<li>Des dispositifs de soutien au retour de cong\u00e9 maternit\u00e9 et\/ou paternit\u00e9<\/li>\n\n\n\n<li>Des dispositifs d\u2019aide \u00e0 la parentalit\u00e9<\/li>\n\n\n\n<li>Des dispositifs d\u2019accueil pour les jeunes enfants (cr\u00e8ches)<\/li>\n<\/ul>\n\n\n\n<p><\/p>\n\n\n<div class=\"wp-block-image\">\n<figure class=\"aligncenter size-large\"><img decoding=\"async\" loading=\"lazy\" width=\"1024\" height=\"577\" src=\"https:\/\/caf-rapport-activite.fr\/caf17-2025\/wp-content\/uploads\/sites\/29\/2026\/04\/Sppe_Politique_parentalite_Caf17_entreprise-1024x577.png\" alt=\"\" class=\"wp-image-1971\" srcset=\"https:\/\/caf-rapport-activite.fr\/caf17-2025\/wp-content\/uploads\/sites\/29\/2026\/04\/Sppe_Politique_parentalite_Caf17_entreprise-1024x577.png 1024w, https:\/\/caf-rapport-activite.fr\/caf17-2025\/wp-content\/uploads\/sites\/29\/2026\/04\/Sppe_Politique_parentalite_Caf17_entreprise-300x169.png 300w, https:\/\/caf-rapport-activite.fr\/caf17-2025\/wp-content\/uploads\/sites\/29\/2026\/04\/Sppe_Politique_parentalite_Caf17_entreprise-768x433.png 768w, https:\/\/caf-rapport-activite.fr\/caf17-2025\/wp-content\/uploads\/sites\/29\/2026\/04\/Sppe_Politique_parentalite_Caf17_entreprise.png 1279w\" sizes=\"(max-width: 1024px) 100vw, 1024px\" \/><\/figure><\/div>","protected":false},"excerpt":{"rendered":"<p>Comment la Caf aide les entreprises \u00e0 d\u00e9velopper une solution de garde, un enjeu cl\u00e9 pour attirer et fid\u00e9liser les [&hellip;]<\/p>\n","protected":false},"featured_media":1971,"parent":0,"menu_order":0,"template":"","activite":[5],"yoast_head":"<!-- This site is optimized with the Yoast SEO plugin v19.11 - https:\/\/yoast.com\/wordpress\/plugins\/seo\/ -->\n<title>La Caf aux c\u00f4t\u00e9s des entreprises pour faciliter la parentalit\u00e9 - Caf 17 - 2025<\/title>\n<meta name=\"robots\" content=\"index, follow, max-snippet:-1, max-image-preview:large, max-video-preview:-1\" \/>\n<link rel=\"canonical\" href=\"https:\/\/caf-rapport-activite.fr\/caf17-2025\/temp-fort\/la-caf-aux-cotes-des-entreprises-pour-faciliter-la-parentalite\/\" \/>\n<meta property=\"og:locale\" content=\"fr_FR\" \/>\n<meta property=\"og:type\" content=\"article\" \/>\n<meta property=\"og:title\" content=\"La Caf aux c\u00f4t\u00e9s des entreprises pour faciliter la parentalit\u00e9 - Caf 17 - 2025\" \/>\n<meta property=\"og:description\" content=\"Comment la Caf aide les entreprises \u00e0 d\u00e9velopper une solution de garde, un enjeu cl\u00e9 pour attirer et fid\u00e9liser les [&hellip;]\" \/>\n<meta property=\"og:url\" content=\"https:\/\/caf-rapport-activite.fr\/caf17-2025\/temp-fort\/la-caf-aux-cotes-des-entreprises-pour-faciliter-la-parentalite\/\" \/>\n<meta property=\"og:site_name\" content=\"Caf 17 - 2025\" \/>\n<meta property=\"article:modified_time\" content=\"2026-04-21T13:03:22+00:00\" \/>\n<meta property=\"og:image\" content=\"https:\/\/caf-rapport-activite.fr\/caf17-2025\/wp-content\/uploads\/sites\/29\/2026\/04\/Sppe_Politique_parentalite_Caf17_entreprise.png\" \/>\n\t<meta property=\"og:image:width\" content=\"1279\" \/>\n\t<meta property=\"og:image:height\" content=\"721\" \/>\n\t<meta property=\"og:image:type\" content=\"image\/png\" \/>\n<meta name=\"twitter:card\" content=\"summary_large_image\" \/>\n<meta name=\"twitter:label1\" content=\"Dur\u00e9e de lecture estim\u00e9e\" \/>\n\t<meta name=\"twitter:data1\" content=\"2 minutes\" \/>\n<script type=\"application\/ld+json\" class=\"yoast-schema-graph\">{\"@context\":\"https:\/\/schema.org\",\"@graph\":[{\"@type\":\"WebPage\",\"@id\":\"https:\/\/caf-rapport-activite.fr\/caf17-2025\/temp-fort\/la-caf-aux-cotes-des-entreprises-pour-faciliter-la-parentalite\/\",\"url\":\"https:\/\/caf-rapport-activite.fr\/caf17-2025\/temp-fort\/la-caf-aux-cotes-des-entreprises-pour-faciliter-la-parentalite\/\",\"name\":\"La Caf aux c\u00f4t\u00e9s des entreprises pour faciliter la parentalit\u00e9 - Caf 17 - 2025\",\"isPartOf\":{\"@id\":\"https:\/\/caf-rapport-activite.fr\/caf17-2025\/#website\"},\"datePublished\":\"2026-04-20T14:30:24+00:00\",\"dateModified\":\"2026-04-21T13:03:22+00:00\",\"breadcrumb\":{\"@id\":\"https:\/\/caf-rapport-activite.fr\/caf17-2025\/temp-fort\/la-caf-aux-cotes-des-entreprises-pour-faciliter-la-parentalite\/#breadcrumb\"},\"inLanguage\":\"fr-FR\",\"potentialAction\":[{\"@type\":\"ReadAction\",\"target\":[\"https:\/\/caf-rapport-activite.fr\/caf17-2025\/temp-fort\/la-caf-aux-cotes-des-entreprises-pour-faciliter-la-parentalite\/\"]}]},{\"@type\":\"BreadcrumbList\",\"@id\":\"https:\/\/caf-rapport-activite.fr\/caf17-2025\/temp-fort\/la-caf-aux-cotes-des-entreprises-pour-faciliter-la-parentalite\/#breadcrumb\",\"itemListElement\":[{\"@type\":\"ListItem\",\"position\":1,\"name\":\"Accueil\",\"item\":\"https:\/\/caf-rapport-activite.fr\/caf17-2025\/\"},{\"@type\":\"ListItem\",\"position\":2,\"name\":\"Temps forts\",\"item\":\"https:\/\/caf-rapport-activite.fr\/caf17-2025\/temp-fort\/\"},{\"@type\":\"ListItem\",\"position\":3,\"name\":\"La Caf aux c\u00f4t\u00e9s des entreprises pour faciliter la parentalit\u00e9\"}]},{\"@type\":\"WebSite\",\"@id\":\"https:\/\/caf-rapport-activite.fr\/caf17-2025\/#website\",\"url\":\"https:\/\/caf-rapport-activite.fr\/caf17-2025\/\",\"name\":\"Caf 17 - 2025\",\"description\":\"\",\"potentialAction\":[{\"@type\":\"SearchAction\",\"target\":{\"@type\":\"EntryPoint\",\"urlTemplate\":\"https:\/\/caf-rapport-activite.fr\/caf17-2025\/?s={search_term_string}\"},\"query-input\":\"required name=search_term_string\"}],\"inLanguage\":\"fr-FR\"}]}<\/script>\n<!-- \/ Yoast SEO plugin. -->","yoast_head_json":{"title":"La Caf aux c\u00f4t\u00e9s des entreprises pour faciliter la parentalit\u00e9 - Caf 17 - 2025","robots":{"index":"index","follow":"follow","max-snippet":"max-snippet:-1","max-image-preview":"max-image-preview:large","max-video-preview":"max-video-preview:-1"},"canonical":"https:\/\/caf-rapport-activite.fr\/caf17-2025\/temp-fort\/la-caf-aux-cotes-des-entreprises-pour-faciliter-la-parentalite\/","og_locale":"fr_FR","og_type":"article","og_title":"La Caf aux c\u00f4t\u00e9s des entreprises pour faciliter la parentalit\u00e9 - Caf 17 - 2025","og_description":"Comment la Caf aide les entreprises \u00e0 d\u00e9velopper une solution de garde, un enjeu cl\u00e9 pour attirer et fid\u00e9liser les [&hellip;]","og_url":"https:\/\/caf-rapport-activite.fr\/caf17-2025\/temp-fort\/la-caf-aux-cotes-des-entreprises-pour-faciliter-la-parentalite\/","og_site_name":"Caf 17 - 2025","article_modified_time":"2026-04-21T13:03:22+00:00","og_image":[{"width":1279,"height":721,"url":"https:\/\/caf-rapport-activite.fr\/caf17-2025\/wp-content\/uploads\/sites\/29\/2026\/04\/Sppe_Politique_parentalite_Caf17_entreprise.png","type":"image\/png"}],"twitter_card":"summary_large_image","twitter_misc":{"Dur\u00e9e de lecture estim\u00e9e":"2 minutes"},"schema":{"@context":"https:\/\/schema.org","@graph":[{"@type":"WebPage","@id":"https:\/\/caf-rapport-activite.fr\/caf17-2025\/temp-fort\/la-caf-aux-cotes-des-entreprises-pour-faciliter-la-parentalite\/","url":"https:\/\/caf-rapport-activite.fr\/caf17-2025\/temp-fort\/la-caf-aux-cotes-des-entreprises-pour-faciliter-la-parentalite\/","name":"La Caf aux c\u00f4t\u00e9s des entreprises pour faciliter la parentalit\u00e9 - Caf 17 - 2025","isPartOf":{"@id":"https:\/\/caf-rapport-activite.fr\/caf17-2025\/#website"},"datePublished":"2026-04-20T14:30:24+00:00","dateModified":"2026-04-21T13:03:22+00:00","breadcrumb":{"@id":"https:\/\/caf-rapport-activite.fr\/caf17-2025\/temp-fort\/la-caf-aux-cotes-des-entreprises-pour-faciliter-la-parentalite\/#breadcrumb"},"inLanguage":"fr-FR","potentialAction":[{"@type":"ReadAction","target":["https:\/\/caf-rapport-activite.fr\/caf17-2025\/temp-fort\/la-caf-aux-cotes-des-entreprises-pour-faciliter-la-parentalite\/"]}]},{"@type":"BreadcrumbList","@id":"https:\/\/caf-rapport-activite.fr\/caf17-2025\/temp-fort\/la-caf-aux-cotes-des-entreprises-pour-faciliter-la-parentalite\/#breadcrumb","itemListElement":[{"@type":"ListItem","position":1,"name":"Accueil","item":"https:\/\/caf-rapport-activite.fr\/caf17-2025\/"},{"@type":"ListItem","position":2,"name":"Temps forts","item":"https:\/\/caf-rapport-activite.fr\/caf17-2025\/temp-fort\/"},{"@type":"ListItem","position":3,"name":"La Caf aux c\u00f4t\u00e9s des entreprises pour faciliter la parentalit\u00e9"}]},{"@type":"WebSite","@id":"https:\/\/caf-rapport-activite.fr\/caf17-2025\/#website","url":"https:\/\/caf-rapport-activite.fr\/caf17-2025\/","name":"Caf 17 - 2025","description":"","potentialAction":[{"@type":"SearchAction","target":{"@type":"EntryPoint","urlTemplate":"https:\/\/caf-rapport-activite.fr\/caf17-2025\/?s={search_term_string}"},"query-input":"required name=search_term_string"}],"inLanguage":"fr-FR"}]}},"_links":{"self":[{"href":"https:\/\/caf-rapport-activite.fr\/caf17-2025\/wp-json\/wp\/v2\/temp-fort\/1970"}],"collection":[{"href":"https:\/\/caf-rapport-activite.fr\/caf17-2025\/wp-json\/wp\/v2\/temp-fort"}],"about":[{"href":"https:\/\/caf-rapport-activite.fr\/caf17-2025\/wp-json\/wp\/v2\/types\/temp-fort"}],"wp:featuredmedia":[{"embeddable":true,"href":"https:\/\/caf-rapport-activite.fr\/caf17-2025\/wp-json\/wp\/v2\/media\/1971"}],"wp:attachment":[{"href":"https:\/\/caf-rapport-activite.fr\/caf17-2025\/wp-json\/wp\/v2\/media?parent=1970"}],"wp:term":[{"taxonomy":"activite","embeddable":true,"href":"https:\/\/caf-rapport-activite.fr\/caf17-2025\/wp-json\/wp\/v2\/activite?post=1970"}],"curies":[{"name":"wp","href":"https:\/\/api.w.org\/{rel}","templated":true}]}}

La Caf aux côtés des entreprises pour faciliter la parentalité

<p>Comment la Caf aide les entreprises à développer une solution de garde, un enjeu clé pour attirer et fidéliser les employés ?</p>



<p>Mercredi 24 septembre 2025, la Caf a présenté des solutions et des dispositifs de soutien à la parentalité à une vingtaine de chefs d&rsquo;entreprise réunis dans le cadre du club <em>« Les entreprises s&rsquo;engagent</em>« .</p>



<p>Cette rencontre s&rsquo;est déroulée dans les locaux de Vals de Saintonge Communauté, à Saint-Jean-d’Angély. Elle était animée pour la Caf, par notre nouvelle conseillère technique petite enfance.</p>



<p>Cette sensibilisation participe à notre démarche d&rsquo;accompagnement de la misse en place du Sppe (service public de la petite enfance).</p>



<blockquote class="wp-block-quote">
<p><strong>93%</strong> des salariés interrogés considèrent que l’équilibre des temps consacrés à la vie professionnelle et à la vie personnelle est <strong>un sujet important voire très important</strong>.*</p>
</blockquote>



<p>Soutenir la conciliation vie professionnelle et vie familiale contribue au bien-être et à l&rsquo;engagement des salariés. Pour éclairer les décision des entreprises, les collaborateurs de la Caf ont ainsi présenté les mesures qui existent :</p>



<ul>
<li>Des dispositifs d’accompagnement pendant la grossesse</li>



<li>Des dispositifs de soutien au retour de congé maternité et/ou paternité</li>



<li>Des dispositifs d’aide à la parentalité</li>



<li>Des dispositifs d’accueil pour les jeunes enfants (crèches)</li>
</ul>



<p></p>


<div class="wp-block-image">
<figure class="aligncenter size-large"><img decoding="async" loading="lazy" width="1024" height="577" src="https://caf-rapport-activite.fr/caf17-2025/wp-content/uploads/sites/29/2026/04/Sppe_Politique_parentalite_Caf17_entreprise-1024x577.png" alt="" class="wp-image-1971" srcset="https://caf-rapport-activite.fr/caf17-2025/wp-content/uploads/sites/29/2026/04/Sppe_Politique_parentalite_Caf17_entreprise-1024x577.png 1024w, https://caf-rapport-activite.fr/caf17-2025/wp-content/uploads/sites/29/2026/04/Sppe_Politique_parentalite_Caf17_entreprise-300x169.png 300w, https://caf-rapport-activite.fr/caf17-2025/wp-content/uploads/sites/29/2026/04/Sppe_Politique_parentalite_Caf17_entreprise-768x433.png 768w, https://caf-rapport-activite.fr/caf17-2025/wp-content/uploads/sites/29/2026/04/Sppe_Politique_parentalite_Caf17_entreprise.png 1279w" sizes="(max-width: 1024px) 100vw, 1024px" /></figure></div>

<p>Comment la Caf aide les entreprises à développer une solution de garde, un enjeu clé pour attirer et fidéliser les [&hellip;]</p>

<!-- This site is optimized with the Yoast SEO plugin v19.11 - https://yoast.com/wordpress/plugins/seo/ -->
<title>La Caf aux côtés des entreprises pour faciliter la parentalité - Caf 17 - 2025</title>
<meta name="robots" content="index, follow, max-snippet:-1, max-image-preview:large, max-video-preview:-1" />
<link rel="canonical" href="https://caf-rapport-activite.fr/caf17-2025/temp-fort/la-caf-aux-cotes-des-entreprises-pour-faciliter-la-parentalite/" />
<meta property="og:locale" content="fr_FR" />
<meta property="og:type" content="article" />
<meta property="og:title" content="La Caf aux côtés des entreprises pour faciliter la parentalité - Caf 17 - 2025" />
<meta property="og:description" content="Comment la Caf aide les entreprises à développer une solution de garde, un enjeu clé pour attirer et fidéliser les [&hellip;]" />
<meta property="og:url" content="https://caf-rapport-activite.fr/caf17-2025/temp-fort/la-caf-aux-cotes-des-entreprises-pour-faciliter-la-parentalite/" />
<meta property="og:site_name" content="Caf 17 - 2025" />
<meta property="article:modified_time" content="2026-04-21T13:03:22+00:00" />
<meta property="og:image" content="https://caf-rapport-activite.fr/caf17-2025/wp-content/uploads/sites/29/2026/04/Sppe_Politique_parentalite_Caf17_entreprise.png" />
	<meta property="og:image:width" content="1279" />
	<meta property="og:image:height" content="721" />
	<meta property="og:image:type" content="image/png" />
<meta name="twitter:card" content="summary_large_image" />
<meta name="twitter:label1" content="Durée de lecture estimée" />
	<meta name="twitter:data1" content="2 minutes" />
<script type="application/ld+json" class="yoast-schema-graph">{"@context":"https://schema.org","@graph":[{"@type":"WebPage","@id":"https://caf-rapport-activite.fr/caf17-2025/temp-fort/la-caf-aux-cotes-des-entreprises-pour-faciliter-la-parentalite/","url":"https://caf-rapport-activite.fr/caf17-2025/temp-fort/la-caf-aux-cotes-des-entreprises-pour-faciliter-la-parentalite/","name":"La Caf aux côtés des entreprises pour faciliter la parentalité - Caf 17 - 2025","isPartOf":{"@id":"https://caf-rapport-activite.fr/caf17-2025/#website"},"datePublished":"2026-04-20T14:30:24+00:00","dateModified":"2026-04-21T13:03:22+00:00","breadcrumb":{"@id":"https://caf-rapport-activite.fr/caf17-2025/temp-fort/la-caf-aux-cotes-des-entreprises-pour-faciliter-la-parentalite/#breadcrumb"},"inLanguage":"fr-FR","potentialAction":[{"@type":"ReadAction","target":["https://caf-rapport-activite.fr/caf17-2025/temp-fort/la-caf-aux-cotes-des-entreprises-pour-faciliter-la-parentalite/"]}]},{"@type":"BreadcrumbList","@id":"https://caf-rapport-activite.fr/caf17-2025/temp-fort/la-caf-aux-cotes-des-entreprises-pour-faciliter-la-parentalite/#breadcrumb","itemListElement":[{"@type":"ListItem","position":1,"name":"Accueil","item":"https://caf-rapport-activite.fr/caf17-2025/"},{"@type":"ListItem","position":2,"name":"Temps forts","item":"https://caf-rapport-activite.fr/caf17-2025/temp-fort/"},{"@type":"ListItem","position":3,"name":"La Caf aux côtés des entreprises pour faciliter la parentalité"}]},{"@type":"WebSite","@id":"https://caf-rapport-activite.fr/caf17-2025/#website","url":"https://caf-rapport-activite.fr/caf17-2025/","name":"Caf 17 - 2025","description":"","potentialAction":[{"@type":"SearchAction","target":{"@type":"EntryPoint","urlTemplate":"https://caf-rapport-activite.fr/caf17-2025/?s={search_term_string}"},"query-input":"required name=search_term_string"}],"inLanguage":"fr-FR"}]}</script>
<!-- / Yoast SEO plugin. -->

La Caf aux côtés des entreprises pour faciliter la parentalité - Caf 17 - 2025

Comment la Caf aide les entreprises à développer une solution de garde, un enjeu clé pour attirer et fidéliser les [&hellip;]
