{"id":1966,"date":"2026-04-20T16:03:34","date_gmt":"2026-04-20T14:03:34","guid":{"rendered":"https:\/\/caf-rapport-activite.fr\/caf17-2025\/?post_type=temp-fort&#038;p=1966"},"modified":"2026-04-24T14:05:41","modified_gmt":"2026-04-24T12:05:41","slug":"la-ctg-prend-forme-sur-le-canton-de-jonzac","status":"publish","type":"temp-fort","link":"https:\/\/caf-rapport-activite.fr\/caf17-2025\/temp-fort\/la-ctg-prend-forme-sur-le-canton-de-jonzac\/","title":{"rendered":"La Ctg prend forme sur le canton de Jonzac"},"content":{"rendered":"\n<h2>Jonzac : construire ensemble l&rsquo;avenir du territoire<\/h2>\n\n\n\n<p>La Convention Territoriale Globale prend forme sur le canton de Jonzac !<br>Depuis l\u2019automne 2024, la Caf de la Charente-Maritime et six collectivit\u00e9s locales (Archiac, Jarnac-Champagne, Jonzac, Nieul-le-Virouil, Saint-Germain-de-Lusignan et le SIVOS de Saint-Ciers-Champagne) se sont engag\u00e9es dans une dynamique de co-construction d\u2019une Convention Territoriale Globale (CTG).<br>Cette d\u00e9marche, accompagn\u00e9e par le cabinet d\u2019\u00e9tudes ARCUS, vise \u00e0 b\u00e2tir un projet partag\u00e9 au service des habitants, autour de grands enjeux : petite enfance, enfance, jeunesse, parentalit\u00e9, acc\u00e8s aux droits, vie locale.<\/p>\n\n\n\n<h3>Le diagnostic de territoire a permis de mieux comprendre les sp\u00e9cificit\u00e9s du canton :<\/h3>\n\n\n\n<ul>\n<li>Un territoire \u00e0 plusieurs visages, entre dynamique familiale \u00e0 l\u2019est et fragilit\u00e9s plus marqu\u00e9es \u00e0 l\u2019ouest,<\/li>\n\n\n\n<li>Une offre petite enfance appr\u00e9ci\u00e9e, mais \u00e0 adapter aux besoins des familles,<\/li>\n\n\n\n<li>Des besoins en mobilit\u00e9, en coordination, et en accompagnement des jeunes et des familles.<\/li>\n<\/ul>\n\n\n\n<p>Le s\u00e9minaire du 10 septembre 2025, \u00e0 Jonzac, a rassembl\u00e9 une cinquantaine d\u2019acteurs mobilis\u00e9s.<br>Ensemble, ils ont fait \u00e9merger des enjeux prioritaires :<\/p>\n\n\n\n<ul>\n<li>Gouvernance et coordination des acteurs<\/li>\n\n\n\n<li>D\u00e9veloppement d\u2019une politique jeunesse<\/li>\n\n\n\n<li>Soutien renforc\u00e9 \u00e0 la parentalit\u00e9 et aux assistant\u00b7es maternel\u00b7les<\/li>\n\n\n\n<li>Mobilit\u00e9 des adolescents<\/li>\n\n\n\n<li>D\u00e9ploiement de services itin\u00e9rants<\/li>\n\n\n\n<li>Communication sur l\u2019offre de services<\/li>\n<\/ul>\n\n\n\n<h3>Exemple de projets structurants d\u2019ores et d\u00e9j\u00e0 identifi\u00e9s :<\/h3>\n\n\n\n<ul>\n<li>Cr\u00e9ation d\u2019un relais petite enfance et d\u2019un lieu d&rsquo;accueil enfants parents itin\u00e9rants<\/li>\n\n\n\n<li>Mise en place d\u2019un contrat local d&rsquo;accompagnement scolaire<\/li>\n\n\n\n<li>Recrutement d\u2019un animateur jeunesse<\/li>\n<\/ul>\n\n\n\n<p>Le vendredi 27 septembre, le comit\u00e9 de pilotage strat\u00e9gique s&rsquo;est r\u00e9uni, avec la participation \u00e9largie des communes de Ste Leurine, St Simon de Bords et St Hilaire du Bois, pour franchir une nouvelle \u00e9tape : prioriser collectivement les actions d\u00e9terminantes \u00e0 inscrire dans la future Ctg, en tenant compte des ressources, des urgences sociales et des dynamiques locales.<\/p>\n\n\n\n<p>Ce projet marque une volont\u00e9 forte de faire communaut\u00e9, d\u2019agir ensemble pour un territoire plus coh\u00e9rent, plus solidaire, plus lisible.<br><\/p>\n\n\n\n<blockquote class=\"wp-block-quote\">\n<p>Un territoire \u00e0 plusieurs visages, un avenir \u00e0 construire ensemble.<\/p>\n<\/blockquote>\n\n\n<div class=\"wp-block-image\">\n<figure class=\"aligncenter size-medium\"><img decoding=\"async\" loading=\"lazy\" width=\"300\" height=\"300\" src=\"https:\/\/caf-rapport-activite.fr\/caf17-2025\/wp-content\/uploads\/sites\/29\/2026\/04\/2025_CTG_Jonzac-300x300.png\" alt=\"\" class=\"wp-image-1967\" srcset=\"https:\/\/caf-rapport-activite.fr\/caf17-2025\/wp-content\/uploads\/sites\/29\/2026\/04\/2025_CTG_Jonzac-300x300.png 300w, https:\/\/caf-rapport-activite.fr\/caf17-2025\/wp-content\/uploads\/sites\/29\/2026\/04\/2025_CTG_Jonzac-1024x1024.png 1024w, https:\/\/caf-rapport-activite.fr\/caf17-2025\/wp-content\/uploads\/sites\/29\/2026\/04\/2025_CTG_Jonzac-150x150.png 150w, https:\/\/caf-rapport-activite.fr\/caf17-2025\/wp-content\/uploads\/sites\/29\/2026\/04\/2025_CTG_Jonzac-768x768.png 768w, https:\/\/caf-rapport-activite.fr\/caf17-2025\/wp-content\/uploads\/sites\/29\/2026\/04\/2025_CTG_Jonzac.png 1080w\" sizes=\"(max-width: 300px) 100vw, 300px\" \/><\/figure><\/div>","protected":false},"excerpt":{"rendered":"<p>Jonzac : construire ensemble l&rsquo;avenir du territoire La Convention Territoriale Globale prend forme sur le canton de Jonzac !Depuis l\u2019automne [&hellip;]<\/p>\n","protected":false},"featured_media":1967,"parent":0,"menu_order":0,"template":"","activite":[],"yoast_head":"<!-- This site is optimized with the Yoast SEO plugin v19.11 - https:\/\/yoast.com\/wordpress\/plugins\/seo\/ -->\n<title>La Ctg prend forme sur le canton de Jonzac - Caf 17 - 2025<\/title>\n<meta name=\"robots\" content=\"index, follow, max-snippet:-1, max-image-preview:large, max-video-preview:-1\" \/>\n<link rel=\"canonical\" href=\"https:\/\/caf-rapport-activite.fr\/caf17-2025\/temp-fort\/la-ctg-prend-forme-sur-le-canton-de-jonzac\/\" \/>\n<meta property=\"og:locale\" content=\"fr_FR\" \/>\n<meta property=\"og:type\" content=\"article\" \/>\n<meta property=\"og:title\" content=\"La Ctg prend forme sur le canton de Jonzac - Caf 17 - 2025\" \/>\n<meta property=\"og:description\" content=\"Jonzac : construire ensemble l&rsquo;avenir du territoire La Convention Territoriale Globale prend forme sur le canton de Jonzac !Depuis l\u2019automne [&hellip;]\" \/>\n<meta property=\"og:url\" content=\"https:\/\/caf-rapport-activite.fr\/caf17-2025\/temp-fort\/la-ctg-prend-forme-sur-le-canton-de-jonzac\/\" \/>\n<meta property=\"og:site_name\" content=\"Caf 17 - 2025\" \/>\n<meta property=\"article:modified_time\" content=\"2026-04-24T12:05:41+00:00\" \/>\n<meta property=\"og:image\" content=\"https:\/\/caf-rapport-activite.fr\/caf17-2025\/wp-content\/uploads\/sites\/29\/2026\/04\/2025_CTG_Jonzac.png\" \/>\n\t<meta property=\"og:image:width\" content=\"1080\" \/>\n\t<meta property=\"og:image:height\" content=\"1080\" \/>\n\t<meta property=\"og:image:type\" content=\"image\/png\" \/>\n<meta name=\"twitter:card\" content=\"summary_large_image\" \/>\n<meta name=\"twitter:label1\" content=\"Dur\u00e9e de lecture estim\u00e9e\" \/>\n\t<meta name=\"twitter:data1\" content=\"2 minutes\" \/>\n<script type=\"application\/ld+json\" class=\"yoast-schema-graph\">{\"@context\":\"https:\/\/schema.org\",\"@graph\":[{\"@type\":\"WebPage\",\"@id\":\"https:\/\/caf-rapport-activite.fr\/caf17-2025\/temp-fort\/la-ctg-prend-forme-sur-le-canton-de-jonzac\/\",\"url\":\"https:\/\/caf-rapport-activite.fr\/caf17-2025\/temp-fort\/la-ctg-prend-forme-sur-le-canton-de-jonzac\/\",\"name\":\"La Ctg prend forme sur le canton de Jonzac - Caf 17 - 2025\",\"isPartOf\":{\"@id\":\"https:\/\/caf-rapport-activite.fr\/caf17-2025\/#website\"},\"datePublished\":\"2026-04-20T14:03:34+00:00\",\"dateModified\":\"2026-04-24T12:05:41+00:00\",\"breadcrumb\":{\"@id\":\"https:\/\/caf-rapport-activite.fr\/caf17-2025\/temp-fort\/la-ctg-prend-forme-sur-le-canton-de-jonzac\/#breadcrumb\"},\"inLanguage\":\"fr-FR\",\"potentialAction\":[{\"@type\":\"ReadAction\",\"target\":[\"https:\/\/caf-rapport-activite.fr\/caf17-2025\/temp-fort\/la-ctg-prend-forme-sur-le-canton-de-jonzac\/\"]}]},{\"@type\":\"BreadcrumbList\",\"@id\":\"https:\/\/caf-rapport-activite.fr\/caf17-2025\/temp-fort\/la-ctg-prend-forme-sur-le-canton-de-jonzac\/#breadcrumb\",\"itemListElement\":[{\"@type\":\"ListItem\",\"position\":1,\"name\":\"Accueil\",\"item\":\"https:\/\/caf-rapport-activite.fr\/caf17-2025\/\"},{\"@type\":\"ListItem\",\"position\":2,\"name\":\"Temps forts\",\"item\":\"https:\/\/caf-rapport-activite.fr\/caf17-2025\/temp-fort\/\"},{\"@type\":\"ListItem\",\"position\":3,\"name\":\"La Ctg prend forme sur le canton de Jonzac\"}]},{\"@type\":\"WebSite\",\"@id\":\"https:\/\/caf-rapport-activite.fr\/caf17-2025\/#website\",\"url\":\"https:\/\/caf-rapport-activite.fr\/caf17-2025\/\",\"name\":\"Caf 17 - 2025\",\"description\":\"\",\"potentialAction\":[{\"@type\":\"SearchAction\",\"target\":{\"@type\":\"EntryPoint\",\"urlTemplate\":\"https:\/\/caf-rapport-activite.fr\/caf17-2025\/?s={search_term_string}\"},\"query-input\":\"required name=search_term_string\"}],\"inLanguage\":\"fr-FR\"}]}<\/script>\n<!-- \/ Yoast SEO plugin. -->","yoast_head_json":{"title":"La Ctg prend forme sur le canton de Jonzac - Caf 17 - 2025","robots":{"index":"index","follow":"follow","max-snippet":"max-snippet:-1","max-image-preview":"max-image-preview:large","max-video-preview":"max-video-preview:-1"},"canonical":"https:\/\/caf-rapport-activite.fr\/caf17-2025\/temp-fort\/la-ctg-prend-forme-sur-le-canton-de-jonzac\/","og_locale":"fr_FR","og_type":"article","og_title":"La Ctg prend forme sur le canton de Jonzac - Caf 17 - 2025","og_description":"Jonzac : construire ensemble l&rsquo;avenir du territoire La Convention Territoriale Globale prend forme sur le canton de Jonzac !Depuis l\u2019automne [&hellip;]","og_url":"https:\/\/caf-rapport-activite.fr\/caf17-2025\/temp-fort\/la-ctg-prend-forme-sur-le-canton-de-jonzac\/","og_site_name":"Caf 17 - 2025","article_modified_time":"2026-04-24T12:05:41+00:00","og_image":[{"width":1080,"height":1080,"url":"https:\/\/caf-rapport-activite.fr\/caf17-2025\/wp-content\/uploads\/sites\/29\/2026\/04\/2025_CTG_Jonzac.png","type":"image\/png"}],"twitter_card":"summary_large_image","twitter_misc":{"Dur\u00e9e de lecture estim\u00e9e":"2 minutes"},"schema":{"@context":"https:\/\/schema.org","@graph":[{"@type":"WebPage","@id":"https:\/\/caf-rapport-activite.fr\/caf17-2025\/temp-fort\/la-ctg-prend-forme-sur-le-canton-de-jonzac\/","url":"https:\/\/caf-rapport-activite.fr\/caf17-2025\/temp-fort\/la-ctg-prend-forme-sur-le-canton-de-jonzac\/","name":"La Ctg prend forme sur le canton de Jonzac - Caf 17 - 2025","isPartOf":{"@id":"https:\/\/caf-rapport-activite.fr\/caf17-2025\/#website"},"datePublished":"2026-04-20T14:03:34+00:00","dateModified":"2026-04-24T12:05:41+00:00","breadcrumb":{"@id":"https:\/\/caf-rapport-activite.fr\/caf17-2025\/temp-fort\/la-ctg-prend-forme-sur-le-canton-de-jonzac\/#breadcrumb"},"inLanguage":"fr-FR","potentialAction":[{"@type":"ReadAction","target":["https:\/\/caf-rapport-activite.fr\/caf17-2025\/temp-fort\/la-ctg-prend-forme-sur-le-canton-de-jonzac\/"]}]},{"@type":"BreadcrumbList","@id":"https:\/\/caf-rapport-activite.fr\/caf17-2025\/temp-fort\/la-ctg-prend-forme-sur-le-canton-de-jonzac\/#breadcrumb","itemListElement":[{"@type":"ListItem","position":1,"name":"Accueil","item":"https:\/\/caf-rapport-activite.fr\/caf17-2025\/"},{"@type":"ListItem","position":2,"name":"Temps forts","item":"https:\/\/caf-rapport-activite.fr\/caf17-2025\/temp-fort\/"},{"@type":"ListItem","position":3,"name":"La Ctg prend forme sur le canton de Jonzac"}]},{"@type":"WebSite","@id":"https:\/\/caf-rapport-activite.fr\/caf17-2025\/#website","url":"https:\/\/caf-rapport-activite.fr\/caf17-2025\/","name":"Caf 17 - 2025","description":"","potentialAction":[{"@type":"SearchAction","target":{"@type":"EntryPoint","urlTemplate":"https:\/\/caf-rapport-activite.fr\/caf17-2025\/?s={search_term_string}"},"query-input":"required name=search_term_string"}],"inLanguage":"fr-FR"}]}},"_links":{"self":[{"href":"https:\/\/caf-rapport-activite.fr\/caf17-2025\/wp-json\/wp\/v2\/temp-fort\/1966"}],"collection":[{"href":"https:\/\/caf-rapport-activite.fr\/caf17-2025\/wp-json\/wp\/v2\/temp-fort"}],"about":[{"href":"https:\/\/caf-rapport-activite.fr\/caf17-2025\/wp-json\/wp\/v2\/types\/temp-fort"}],"wp:featuredmedia":[{"embeddable":true,"href":"https:\/\/caf-rapport-activite.fr\/caf17-2025\/wp-json\/wp\/v2\/media\/1967"}],"wp:attachment":[{"href":"https:\/\/caf-rapport-activite.fr\/caf17-2025\/wp-json\/wp\/v2\/media?parent=1966"}],"wp:term":[{"taxonomy":"activite","embeddable":true,"href":"https:\/\/caf-rapport-activite.fr\/caf17-2025\/wp-json\/wp\/v2\/activite?post=1966"}],"curies":[{"name":"wp","href":"https:\/\/api.w.org\/{rel}","templated":true}]}}

<h2>Jonzac : construire ensemble l&rsquo;avenir du territoire</h2>



<p>La Convention Territoriale Globale prend forme sur le canton de Jonzac !<br>Depuis l’automne 2024, la Caf de la Charente-Maritime et six collectivités locales (Archiac, Jarnac-Champagne, Jonzac, Nieul-le-Virouil, Saint-Germain-de-Lusignan et le SIVOS de Saint-Ciers-Champagne) se sont engagées dans une dynamique de co-construction d’une Convention Territoriale Globale (CTG).<br>Cette démarche, accompagnée par le cabinet d’études ARCUS, vise à bâtir un projet partagé au service des habitants, autour de grands enjeux : petite enfance, enfance, jeunesse, parentalité, accès aux droits, vie locale.</p>



<h3>Le diagnostic de territoire a permis de mieux comprendre les spécificités du canton :</h3>



<ul>
<li>Un territoire à plusieurs visages, entre dynamique familiale à l’est et fragilités plus marquées à l’ouest,</li>



<li>Une offre petite enfance appréciée, mais à adapter aux besoins des familles,</li>



<li>Des besoins en mobilité, en coordination, et en accompagnement des jeunes et des familles.</li>
</ul>



<p>Le séminaire du 10 septembre 2025, à Jonzac, a rassemblé une cinquantaine d’acteurs mobilisés.<br>Ensemble, ils ont fait émerger des enjeux prioritaires :</p>



<ul>
<li>Gouvernance et coordination des acteurs</li>



<li>Développement d’une politique jeunesse</li>



<li>Soutien renforcé à la parentalité et aux assistant·es maternel·les</li>



<li>Mobilité des adolescents</li>



<li>Déploiement de services itinérants</li>



<li>Communication sur l’offre de services</li>
</ul>



<h3>Exemple de projets structurants d’ores et déjà identifiés :</h3>



<ul>
<li>Création d’un relais petite enfance et d’un lieu d&rsquo;accueil enfants parents itinérants</li>



<li>Mise en place d’un contrat local d&rsquo;accompagnement scolaire</li>



<li>Recrutement d’un animateur jeunesse</li>
</ul>



<p>Le vendredi 27 septembre, le comité de pilotage stratégique s&rsquo;est réuni, avec la participation élargie des communes de Ste Leurine, St Simon de Bords et St Hilaire du Bois, pour franchir une nouvelle étape : prioriser collectivement les actions déterminantes à inscrire dans la future Ctg, en tenant compte des ressources, des urgences sociales et des dynamiques locales.</p>



<p>Ce projet marque une volonté forte de faire communauté, d’agir ensemble pour un territoire plus cohérent, plus solidaire, plus lisible.<br></p>



<blockquote class="wp-block-quote">
<p>Un territoire à plusieurs visages, un avenir à construire ensemble.</p>
</blockquote>


<div class="wp-block-image">
<figure class="aligncenter size-medium"><img decoding="async" loading="lazy" width="300" height="300" src="https://caf-rapport-activite.fr/caf17-2025/wp-content/uploads/sites/29/2026/04/2025_CTG_Jonzac-300x300.png" alt="" class="wp-image-1967" srcset="https://caf-rapport-activite.fr/caf17-2025/wp-content/uploads/sites/29/2026/04/2025_CTG_Jonzac-300x300.png 300w, https://caf-rapport-activite.fr/caf17-2025/wp-content/uploads/sites/29/2026/04/2025_CTG_Jonzac-1024x1024.png 1024w, https://caf-rapport-activite.fr/caf17-2025/wp-content/uploads/sites/29/2026/04/2025_CTG_Jonzac-150x150.png 150w, https://caf-rapport-activite.fr/caf17-2025/wp-content/uploads/sites/29/2026/04/2025_CTG_Jonzac-768x768.png 768w, https://caf-rapport-activite.fr/caf17-2025/wp-content/uploads/sites/29/2026/04/2025_CTG_Jonzac.png 1080w" sizes="(max-width: 300px) 100vw, 300px" /></figure></div>

<!-- This site is optimized with the Yoast SEO plugin v19.11 - https://yoast.com/wordpress/plugins/seo/ -->
<title>La Ctg prend forme sur le canton de Jonzac - Caf 17 - 2025</title>
<meta name="robots" content="index, follow, max-snippet:-1, max-image-preview:large, max-video-preview:-1" />
<link rel="canonical" href="https://caf-rapport-activite.fr/caf17-2025/temp-fort/la-ctg-prend-forme-sur-le-canton-de-jonzac/" />
<meta property="og:locale" content="fr_FR" />
<meta property="og:type" content="article" />
<meta property="og:title" content="La Ctg prend forme sur le canton de Jonzac - Caf 17 - 2025" />
<meta property="og:description" content="Jonzac : construire ensemble l&rsquo;avenir du territoire La Convention Territoriale Globale prend forme sur le canton de Jonzac !Depuis l’automne [&hellip;]" />
<meta property="og:url" content="https://caf-rapport-activite.fr/caf17-2025/temp-fort/la-ctg-prend-forme-sur-le-canton-de-jonzac/" />
<meta property="og:site_name" content="Caf 17 - 2025" />
<meta property="article:modified_time" content="2026-04-24T12:05:41+00:00" />
<meta property="og:image" content="https://caf-rapport-activite.fr/caf17-2025/wp-content/uploads/sites/29/2026/04/2025_CTG_Jonzac.png" />
	<meta property="og:image:width" content="1080" />
	<meta property="og:image:height" content="1080" />
	<meta property="og:image:type" content="image/png" />
<meta name="twitter:card" content="summary_large_image" />
<meta name="twitter:label1" content="Durée de lecture estimée" />
	<meta name="twitter:data1" content="2 minutes" />
<script type="application/ld+json" class="yoast-schema-graph">{"@context":"https://schema.org","@graph":[{"@type":"WebPage","@id":"https://caf-rapport-activite.fr/caf17-2025/temp-fort/la-ctg-prend-forme-sur-le-canton-de-jonzac/","url":"https://caf-rapport-activite.fr/caf17-2025/temp-fort/la-ctg-prend-forme-sur-le-canton-de-jonzac/","name":"La Ctg prend forme sur le canton de Jonzac - Caf 17 - 2025","isPartOf":{"@id":"https://caf-rapport-activite.fr/caf17-2025/#website"},"datePublished":"2026-04-20T14:03:34+00:00","dateModified":"2026-04-24T12:05:41+00:00","breadcrumb":{"@id":"https://caf-rapport-activite.fr/caf17-2025/temp-fort/la-ctg-prend-forme-sur-le-canton-de-jonzac/#breadcrumb"},"inLanguage":"fr-FR","potentialAction":[{"@type":"ReadAction","target":["https://caf-rapport-activite.fr/caf17-2025/temp-fort/la-ctg-prend-forme-sur-le-canton-de-jonzac/"]}]},{"@type":"BreadcrumbList","@id":"https://caf-rapport-activite.fr/caf17-2025/temp-fort/la-ctg-prend-forme-sur-le-canton-de-jonzac/#breadcrumb","itemListElement":[{"@type":"ListItem","position":1,"name":"Accueil","item":"https://caf-rapport-activite.fr/caf17-2025/"},{"@type":"ListItem","position":2,"name":"Temps forts","item":"https://caf-rapport-activite.fr/caf17-2025/temp-fort/"},{"@type":"ListItem","position":3,"name":"La Ctg prend forme sur le canton de Jonzac"}]},{"@type":"WebSite","@id":"https://caf-rapport-activite.fr/caf17-2025/#website","url":"https://caf-rapport-activite.fr/caf17-2025/","name":"Caf 17 - 2025","description":"","potentialAction":[{"@type":"SearchAction","target":{"@type":"EntryPoint","urlTemplate":"https://caf-rapport-activite.fr/caf17-2025/?s={search_term_string}"},"query-input":"required name=search_term_string"}],"inLanguage":"fr-FR"}]}</script>
<!-- / Yoast SEO plugin. -->
