{"id":1963,"date":"2026-04-17T17:51:30","date_gmt":"2026-04-17T15:51:30","guid":{"rendered":"https:\/\/caf-rapport-activite.fr\/caf17-2025\/?post_type=temp-fort&#038;p=1963"},"modified":"2026-04-24T14:06:36","modified_gmt":"2026-04-24T12:06:36","slug":"faciliter-lacces-aux-droits-cest-aussi-accompagner-les-usagers-dans-le-numerique","status":"publish","type":"temp-fort","link":"https:\/\/caf-rapport-activite.fr\/caf17-2025\/temp-fort\/faciliter-lacces-aux-droits-cest-aussi-accompagner-les-usagers-dans-le-numerique\/","title":{"rendered":"Faciliter l\u2019acc\u00e8s aux droits via le num\u00e9rique"},"content":{"rendered":"\n<p><br>\u00c0 l\u2019occasion des Journ\u00e9es France Services, la Caf de la Charente-Maritime s\u2019associe aux espaces France Services du d\u00e9partement pour renforcer l\u2019acc\u00e8s aux services en ligne et soutenir les d\u00e9marches num\u00e9riques des usagers. <br><\/p>\n\n\n\n<p>Gr\u00e2ce \u00e0 ce partenariat, ce sont plus de 90 points num\u00e9riques qui sont accessibles sur tout le territoire, anim\u00e9s par des professionnels form\u00e9s pour accompagner les usagers dans leurs d\u00e9marches sur<a href=\"http:\/\/caf.fr\/\">caf.fr<\/a>.<\/p>\n\n\n\n<figure class=\"wp-block-image size-large\"><img decoding=\"async\" loading=\"lazy\" width=\"1024\" height=\"576\" src=\"https:\/\/caf-rapport-activite.fr\/caf17-2025\/wp-content\/uploads\/sites\/29\/2026\/04\/202510_france-service_JPO-1024x576.jpg\" alt=\"\" class=\"wp-image-1964\" srcset=\"https:\/\/caf-rapport-activite.fr\/caf17-2025\/wp-content\/uploads\/sites\/29\/2026\/04\/202510_france-service_JPO-1024x576.jpg 1024w, https:\/\/caf-rapport-activite.fr\/caf17-2025\/wp-content\/uploads\/sites\/29\/2026\/04\/202510_france-service_JPO-300x169.jpg 300w, https:\/\/caf-rapport-activite.fr\/caf17-2025\/wp-content\/uploads\/sites\/29\/2026\/04\/202510_france-service_JPO-768x432.jpg 768w, https:\/\/caf-rapport-activite.fr\/caf17-2025\/wp-content\/uploads\/sites\/29\/2026\/04\/202510_france-service_JPO-1536x864.jpg 1536w, https:\/\/caf-rapport-activite.fr\/caf17-2025\/wp-content\/uploads\/sites\/29\/2026\/04\/202510_france-service_JPO-2048x1152.jpg 2048w\" sizes=\"(max-width: 1024px) 100vw, 1024px\" \/><\/figure>\n","protected":false},"excerpt":{"rendered":"<p>\u00c0 l\u2019occasion des Journ\u00e9es France Services, la Caf de la Charente-Maritime s\u2019associe aux espaces France Services du d\u00e9partement pour renforcer [&hellip;]<\/p>\n","protected":false},"featured_media":1964,"parent":0,"menu_order":0,"template":"","activite":[3],"yoast_head":"<!-- This site is optimized with the Yoast SEO plugin v19.11 - https:\/\/yoast.com\/wordpress\/plugins\/seo\/ -->\n<title>Faciliter l\u2019acc\u00e8s aux droits via le num\u00e9rique - Caf 17 - 2025<\/title>\n<meta name=\"robots\" content=\"index, follow, max-snippet:-1, max-image-preview:large, max-video-preview:-1\" \/>\n<link rel=\"canonical\" href=\"https:\/\/caf-rapport-activite.fr\/caf17-2025\/temp-fort\/faciliter-lacces-aux-droits-cest-aussi-accompagner-les-usagers-dans-le-numerique\/\" \/>\n<meta property=\"og:locale\" content=\"fr_FR\" \/>\n<meta property=\"og:type\" content=\"article\" \/>\n<meta property=\"og:title\" content=\"Faciliter l\u2019acc\u00e8s aux droits via le num\u00e9rique - Caf 17 - 2025\" \/>\n<meta property=\"og:description\" content=\"\u00c0 l\u2019occasion des Journ\u00e9es France Services, la Caf de la Charente-Maritime s\u2019associe aux espaces France Services du d\u00e9partement pour renforcer [&hellip;]\" \/>\n<meta property=\"og:url\" content=\"https:\/\/caf-rapport-activite.fr\/caf17-2025\/temp-fort\/faciliter-lacces-aux-droits-cest-aussi-accompagner-les-usagers-dans-le-numerique\/\" \/>\n<meta property=\"og:site_name\" content=\"Caf 17 - 2025\" \/>\n<meta property=\"article:modified_time\" content=\"2026-04-24T12:06:36+00:00\" \/>\n<meta property=\"og:image\" content=\"https:\/\/caf-rapport-activite.fr\/caf17-2025\/wp-content\/uploads\/sites\/29\/2026\/04\/202510_france-service_JPO.jpg\" \/>\n\t<meta property=\"og:image:width\" content=\"2133\" \/>\n\t<meta property=\"og:image:height\" content=\"1200\" \/>\n\t<meta property=\"og:image:type\" content=\"image\/jpeg\" \/>\n<meta name=\"twitter:card\" content=\"summary_large_image\" \/>\n<meta name=\"twitter:label1\" content=\"Dur\u00e9e de lecture estim\u00e9e\" \/>\n\t<meta name=\"twitter:data1\" content=\"1 minute\" \/>\n<script type=\"application\/ld+json\" class=\"yoast-schema-graph\">{\"@context\":\"https:\/\/schema.org\",\"@graph\":[{\"@type\":\"WebPage\",\"@id\":\"https:\/\/caf-rapport-activite.fr\/caf17-2025\/temp-fort\/faciliter-lacces-aux-droits-cest-aussi-accompagner-les-usagers-dans-le-numerique\/\",\"url\":\"https:\/\/caf-rapport-activite.fr\/caf17-2025\/temp-fort\/faciliter-lacces-aux-droits-cest-aussi-accompagner-les-usagers-dans-le-numerique\/\",\"name\":\"Faciliter l\u2019acc\u00e8s aux droits via le num\u00e9rique - Caf 17 - 2025\",\"isPartOf\":{\"@id\":\"https:\/\/caf-rapport-activite.fr\/caf17-2025\/#website\"},\"datePublished\":\"2026-04-17T15:51:30+00:00\",\"dateModified\":\"2026-04-24T12:06:36+00:00\",\"breadcrumb\":{\"@id\":\"https:\/\/caf-rapport-activite.fr\/caf17-2025\/temp-fort\/faciliter-lacces-aux-droits-cest-aussi-accompagner-les-usagers-dans-le-numerique\/#breadcrumb\"},\"inLanguage\":\"fr-FR\",\"potentialAction\":[{\"@type\":\"ReadAction\",\"target\":[\"https:\/\/caf-rapport-activite.fr\/caf17-2025\/temp-fort\/faciliter-lacces-aux-droits-cest-aussi-accompagner-les-usagers-dans-le-numerique\/\"]}]},{\"@type\":\"BreadcrumbList\",\"@id\":\"https:\/\/caf-rapport-activite.fr\/caf17-2025\/temp-fort\/faciliter-lacces-aux-droits-cest-aussi-accompagner-les-usagers-dans-le-numerique\/#breadcrumb\",\"itemListElement\":[{\"@type\":\"ListItem\",\"position\":1,\"name\":\"Accueil\",\"item\":\"https:\/\/caf-rapport-activite.fr\/caf17-2025\/\"},{\"@type\":\"ListItem\",\"position\":2,\"name\":\"Temps forts\",\"item\":\"https:\/\/caf-rapport-activite.fr\/caf17-2025\/temp-fort\/\"},{\"@type\":\"ListItem\",\"position\":3,\"name\":\"Faciliter l\u2019acc\u00e8s aux droits via le num\u00e9rique\"}]},{\"@type\":\"WebSite\",\"@id\":\"https:\/\/caf-rapport-activite.fr\/caf17-2025\/#website\",\"url\":\"https:\/\/caf-rapport-activite.fr\/caf17-2025\/\",\"name\":\"Caf 17 - 2025\",\"description\":\"\",\"potentialAction\":[{\"@type\":\"SearchAction\",\"target\":{\"@type\":\"EntryPoint\",\"urlTemplate\":\"https:\/\/caf-rapport-activite.fr\/caf17-2025\/?s={search_term_string}\"},\"query-input\":\"required name=search_term_string\"}],\"inLanguage\":\"fr-FR\"}]}<\/script>\n<!-- \/ Yoast SEO plugin. -->","yoast_head_json":{"title":"Faciliter l\u2019acc\u00e8s aux droits via le num\u00e9rique - Caf 17 - 2025","robots":{"index":"index","follow":"follow","max-snippet":"max-snippet:-1","max-image-preview":"max-image-preview:large","max-video-preview":"max-video-preview:-1"},"canonical":"https:\/\/caf-rapport-activite.fr\/caf17-2025\/temp-fort\/faciliter-lacces-aux-droits-cest-aussi-accompagner-les-usagers-dans-le-numerique\/","og_locale":"fr_FR","og_type":"article","og_title":"Faciliter l\u2019acc\u00e8s aux droits via le num\u00e9rique - Caf 17 - 2025","og_description":"\u00c0 l\u2019occasion des Journ\u00e9es France Services, la Caf de la Charente-Maritime s\u2019associe aux espaces France Services du d\u00e9partement pour renforcer [&hellip;]","og_url":"https:\/\/caf-rapport-activite.fr\/caf17-2025\/temp-fort\/faciliter-lacces-aux-droits-cest-aussi-accompagner-les-usagers-dans-le-numerique\/","og_site_name":"Caf 17 - 2025","article_modified_time":"2026-04-24T12:06:36+00:00","og_image":[{"width":2133,"height":1200,"url":"https:\/\/caf-rapport-activite.fr\/caf17-2025\/wp-content\/uploads\/sites\/29\/2026\/04\/202510_france-service_JPO.jpg","type":"image\/jpeg"}],"twitter_card":"summary_large_image","twitter_misc":{"Dur\u00e9e de lecture estim\u00e9e":"1 minute"},"schema":{"@context":"https:\/\/schema.org","@graph":[{"@type":"WebPage","@id":"https:\/\/caf-rapport-activite.fr\/caf17-2025\/temp-fort\/faciliter-lacces-aux-droits-cest-aussi-accompagner-les-usagers-dans-le-numerique\/","url":"https:\/\/caf-rapport-activite.fr\/caf17-2025\/temp-fort\/faciliter-lacces-aux-droits-cest-aussi-accompagner-les-usagers-dans-le-numerique\/","name":"Faciliter l\u2019acc\u00e8s aux droits via le num\u00e9rique - Caf 17 - 2025","isPartOf":{"@id":"https:\/\/caf-rapport-activite.fr\/caf17-2025\/#website"},"datePublished":"2026-04-17T15:51:30+00:00","dateModified":"2026-04-24T12:06:36+00:00","breadcrumb":{"@id":"https:\/\/caf-rapport-activite.fr\/caf17-2025\/temp-fort\/faciliter-lacces-aux-droits-cest-aussi-accompagner-les-usagers-dans-le-numerique\/#breadcrumb"},"inLanguage":"fr-FR","potentialAction":[{"@type":"ReadAction","target":["https:\/\/caf-rapport-activite.fr\/caf17-2025\/temp-fort\/faciliter-lacces-aux-droits-cest-aussi-accompagner-les-usagers-dans-le-numerique\/"]}]},{"@type":"BreadcrumbList","@id":"https:\/\/caf-rapport-activite.fr\/caf17-2025\/temp-fort\/faciliter-lacces-aux-droits-cest-aussi-accompagner-les-usagers-dans-le-numerique\/#breadcrumb","itemListElement":[{"@type":"ListItem","position":1,"name":"Accueil","item":"https:\/\/caf-rapport-activite.fr\/caf17-2025\/"},{"@type":"ListItem","position":2,"name":"Temps forts","item":"https:\/\/caf-rapport-activite.fr\/caf17-2025\/temp-fort\/"},{"@type":"ListItem","position":3,"name":"Faciliter l\u2019acc\u00e8s aux droits via le num\u00e9rique"}]},{"@type":"WebSite","@id":"https:\/\/caf-rapport-activite.fr\/caf17-2025\/#website","url":"https:\/\/caf-rapport-activite.fr\/caf17-2025\/","name":"Caf 17 - 2025","description":"","potentialAction":[{"@type":"SearchAction","target":{"@type":"EntryPoint","urlTemplate":"https:\/\/caf-rapport-activite.fr\/caf17-2025\/?s={search_term_string}"},"query-input":"required name=search_term_string"}],"inLanguage":"fr-FR"}]}},"_links":{"self":[{"href":"https:\/\/caf-rapport-activite.fr\/caf17-2025\/wp-json\/wp\/v2\/temp-fort\/1963"}],"collection":[{"href":"https:\/\/caf-rapport-activite.fr\/caf17-2025\/wp-json\/wp\/v2\/temp-fort"}],"about":[{"href":"https:\/\/caf-rapport-activite.fr\/caf17-2025\/wp-json\/wp\/v2\/types\/temp-fort"}],"wp:featuredmedia":[{"embeddable":true,"href":"https:\/\/caf-rapport-activite.fr\/caf17-2025\/wp-json\/wp\/v2\/media\/1964"}],"wp:attachment":[{"href":"https:\/\/caf-rapport-activite.fr\/caf17-2025\/wp-json\/wp\/v2\/media?parent=1963"}],"wp:term":[{"taxonomy":"activite","embeddable":true,"href":"https:\/\/caf-rapport-activite.fr\/caf17-2025\/wp-json\/wp\/v2\/activite?post=1963"}],"curies":[{"name":"wp","href":"https:\/\/api.w.org\/{rel}","templated":true}]}}

Faciliter l’accès aux droits via le numérique

<p><br>À l’occasion des Journées France Services, la Caf de la Charente-Maritime s’associe aux espaces France Services du département pour renforcer l’accès aux services en ligne et soutenir les démarches numériques des usagers. <br></p>



<p>Grâce à ce partenariat, ce sont plus de 90 points numériques qui sont accessibles sur tout le territoire, animés par des professionnels formés pour accompagner les usagers dans leurs démarches sur<a href="http://caf.fr/">caf.fr</a>.</p>



<figure class="wp-block-image size-large"><img decoding="async" loading="lazy" width="1024" height="576" src="https://caf-rapport-activite.fr/caf17-2025/wp-content/uploads/sites/29/2026/04/202510_france-service_JPO-1024x576.jpg" alt="" class="wp-image-1964" srcset="https://caf-rapport-activite.fr/caf17-2025/wp-content/uploads/sites/29/2026/04/202510_france-service_JPO-1024x576.jpg 1024w, https://caf-rapport-activite.fr/caf17-2025/wp-content/uploads/sites/29/2026/04/202510_france-service_JPO-300x169.jpg 300w, https://caf-rapport-activite.fr/caf17-2025/wp-content/uploads/sites/29/2026/04/202510_france-service_JPO-768x432.jpg 768w, https://caf-rapport-activite.fr/caf17-2025/wp-content/uploads/sites/29/2026/04/202510_france-service_JPO-1536x864.jpg 1536w, https://caf-rapport-activite.fr/caf17-2025/wp-content/uploads/sites/29/2026/04/202510_france-service_JPO-2048x1152.jpg 2048w" sizes="(max-width: 1024px) 100vw, 1024px" /></figure>

<p>À l’occasion des Journées France Services, la Caf de la Charente-Maritime s’associe aux espaces France Services du département pour renforcer [&hellip;]</p>

<!-- This site is optimized with the Yoast SEO plugin v19.11 - https://yoast.com/wordpress/plugins/seo/ -->
<title>Faciliter l’accès aux droits via le numérique - Caf 17 - 2025</title>
<meta name="robots" content="index, follow, max-snippet:-1, max-image-preview:large, max-video-preview:-1" />
<link rel="canonical" href="https://caf-rapport-activite.fr/caf17-2025/temp-fort/faciliter-lacces-aux-droits-cest-aussi-accompagner-les-usagers-dans-le-numerique/" />
<meta property="og:locale" content="fr_FR" />
<meta property="og:type" content="article" />
<meta property="og:title" content="Faciliter l’accès aux droits via le numérique - Caf 17 - 2025" />
<meta property="og:description" content="À l’occasion des Journées France Services, la Caf de la Charente-Maritime s’associe aux espaces France Services du département pour renforcer [&hellip;]" />
<meta property="og:url" content="https://caf-rapport-activite.fr/caf17-2025/temp-fort/faciliter-lacces-aux-droits-cest-aussi-accompagner-les-usagers-dans-le-numerique/" />
<meta property="og:site_name" content="Caf 17 - 2025" />
<meta property="article:modified_time" content="2026-04-24T12:06:36+00:00" />
<meta property="og:image" content="https://caf-rapport-activite.fr/caf17-2025/wp-content/uploads/sites/29/2026/04/202510_france-service_JPO.jpg" />
	<meta property="og:image:width" content="2133" />
	<meta property="og:image:height" content="1200" />
	<meta property="og:image:type" content="image/jpeg" />
<meta name="twitter:card" content="summary_large_image" />
<meta name="twitter:label1" content="Durée de lecture estimée" />
	<meta name="twitter:data1" content="1 minute" />
<script type="application/ld+json" class="yoast-schema-graph">{"@context":"https://schema.org","@graph":[{"@type":"WebPage","@id":"https://caf-rapport-activite.fr/caf17-2025/temp-fort/faciliter-lacces-aux-droits-cest-aussi-accompagner-les-usagers-dans-le-numerique/","url":"https://caf-rapport-activite.fr/caf17-2025/temp-fort/faciliter-lacces-aux-droits-cest-aussi-accompagner-les-usagers-dans-le-numerique/","name":"Faciliter l’accès aux droits via le numérique - Caf 17 - 2025","isPartOf":{"@id":"https://caf-rapport-activite.fr/caf17-2025/#website"},"datePublished":"2026-04-17T15:51:30+00:00","dateModified":"2026-04-24T12:06:36+00:00","breadcrumb":{"@id":"https://caf-rapport-activite.fr/caf17-2025/temp-fort/faciliter-lacces-aux-droits-cest-aussi-accompagner-les-usagers-dans-le-numerique/#breadcrumb"},"inLanguage":"fr-FR","potentialAction":[{"@type":"ReadAction","target":["https://caf-rapport-activite.fr/caf17-2025/temp-fort/faciliter-lacces-aux-droits-cest-aussi-accompagner-les-usagers-dans-le-numerique/"]}]},{"@type":"BreadcrumbList","@id":"https://caf-rapport-activite.fr/caf17-2025/temp-fort/faciliter-lacces-aux-droits-cest-aussi-accompagner-les-usagers-dans-le-numerique/#breadcrumb","itemListElement":[{"@type":"ListItem","position":1,"name":"Accueil","item":"https://caf-rapport-activite.fr/caf17-2025/"},{"@type":"ListItem","position":2,"name":"Temps forts","item":"https://caf-rapport-activite.fr/caf17-2025/temp-fort/"},{"@type":"ListItem","position":3,"name":"Faciliter l’accès aux droits via le numérique"}]},{"@type":"WebSite","@id":"https://caf-rapport-activite.fr/caf17-2025/#website","url":"https://caf-rapport-activite.fr/caf17-2025/","name":"Caf 17 - 2025","description":"","potentialAction":[{"@type":"SearchAction","target":{"@type":"EntryPoint","urlTemplate":"https://caf-rapport-activite.fr/caf17-2025/?s={search_term_string}"},"query-input":"required name=search_term_string"}],"inLanguage":"fr-FR"}]}</script>
<!-- / Yoast SEO plugin. -->

Faciliter l’accès aux droits via le numérique - Caf 17 - 2025

À l’occasion des Journées France Services, la Caf de la Charente-Maritime s’associe aux espaces France Services du département pour renforcer [&hellip;]
