{"id":1949,"date":"2026-04-17T16:38:54","date_gmt":"2026-04-17T14:38:54","guid":{"rendered":"https:\/\/caf-rapport-activite.fr\/caf17-2025\/?post_type=temp-fort&#038;p=1949"},"modified":"2026-04-21T16:27:32","modified_gmt":"2026-04-21T14:27:32","slug":"inauguration-de-lilot-momes-a-saint-pierre-doleron","status":"publish","type":"temp-fort","link":"https:\/\/caf-rapport-activite.fr\/caf17-2025\/temp-fort\/inauguration-de-lilot-momes-a-saint-pierre-doleron\/","title":{"rendered":"Inauguration de L&rsquo;\u00celot M\u00f4mes \u00e0 Saint-Pierre-d&rsquo;Ol\u00e9ron"},"content":{"rendered":"\n<p>Vendredi 27 juin 2025, la Communaut\u00e9 de communes de l\u2019\u00eele d\u2019Ol\u00e9ron, en partenariat avec la Caf de la Charente-Maritime, a inaugur\u00e9 L\u2019\u00celot M\u00f4mes, situ\u00e9e au c\u0153ur de Saint-Pierre-d\u2019Ol\u00e9ron.<br><br>Cette structure petite enfance rassemble la cr\u00e8che et le relais petit enfance dans un m\u00eame lieu pour r\u00e9pondre aux besoins de tous.<br>Il s&rsquo;agit non seulement plus fonctionnel et spacieux, mais aussi \u00e9cologique et innovant, le tout pens\u00e9 pour le bien-\u00eatre et la sant\u00e9 des enfants, des professionnels et des parents.<br>Ce rapprochement favorise l&rsquo;\u00e9change de savoir-faire et la coh\u00e9rence \u00e9ducative afin de d\u00e9velopper des temps d&rsquo;accueil collectif dans un environnement adapt\u00e9.<br><br>Ce projet illustre une fois encore notre engagement commun en faveur d\u2019un accueil de qualit\u00e9 pour les tout-petits et leurs familles, sur l\u2019ensemble du territoire, y compris en zones insulaires.<br><\/p>\n\n\n\n<p>F\u00e9licitations \u00e0 tous les partenaires mobilis\u00e9s au service des familles ol\u00e9ronaises !<\/p>\n\n\n<div class=\"wp-block-image\">\n<figure class=\"aligncenter size-medium\"><img decoding=\"async\" loading=\"lazy\" width=\"300\" height=\"251\" src=\"https:\/\/caf-rapport-activite.fr\/caf17-2025\/wp-content\/uploads\/sites\/29\/2026\/04\/RS_inauguration_ilomomes_oleron-300x251.jpg\" alt=\"\" class=\"wp-image-1950\" srcset=\"https:\/\/caf-rapport-activite.fr\/caf17-2025\/wp-content\/uploads\/sites\/29\/2026\/04\/RS_inauguration_ilomomes_oleron-300x251.jpg 300w, https:\/\/caf-rapport-activite.fr\/caf17-2025\/wp-content\/uploads\/sites\/29\/2026\/04\/RS_inauguration_ilomomes_oleron-768x643.jpg 768w, https:\/\/caf-rapport-activite.fr\/caf17-2025\/wp-content\/uploads\/sites\/29\/2026\/04\/RS_inauguration_ilomomes_oleron.jpg 800w\" sizes=\"(max-width: 300px) 100vw, 300px\" \/><\/figure><\/div>","protected":false},"excerpt":{"rendered":"<p>Vendredi 27 juin 2025, la Communaut\u00e9 de communes de l\u2019\u00eele d\u2019Ol\u00e9ron, en partenariat avec la Caf de la Charente-Maritime, a [&hellip;]<\/p>\n","protected":false},"featured_media":1950,"parent":0,"menu_order":0,"template":"","activite":[5],"yoast_head":"<!-- This site is optimized with the Yoast SEO plugin v19.11 - https:\/\/yoast.com\/wordpress\/plugins\/seo\/ -->\n<title>Inauguration de L&#039;\u00celot M\u00f4mes \u00e0 Saint-Pierre-d&#039;Ol\u00e9ron - Caf 17 - 2025<\/title>\n<meta name=\"robots\" content=\"index, follow, max-snippet:-1, max-image-preview:large, max-video-preview:-1\" \/>\n<link rel=\"canonical\" href=\"https:\/\/caf-rapport-activite.fr\/caf17-2025\/temp-fort\/inauguration-de-lilot-momes-a-saint-pierre-doleron\/\" \/>\n<meta property=\"og:locale\" content=\"fr_FR\" \/>\n<meta property=\"og:type\" content=\"article\" \/>\n<meta property=\"og:title\" content=\"Inauguration de L&#039;\u00celot M\u00f4mes \u00e0 Saint-Pierre-d&#039;Ol\u00e9ron - Caf 17 - 2025\" \/>\n<meta property=\"og:description\" content=\"Vendredi 27 juin 2025, la Communaut\u00e9 de communes de l\u2019\u00eele d\u2019Ol\u00e9ron, en partenariat avec la Caf de la Charente-Maritime, a [&hellip;]\" \/>\n<meta property=\"og:url\" content=\"https:\/\/caf-rapport-activite.fr\/caf17-2025\/temp-fort\/inauguration-de-lilot-momes-a-saint-pierre-doleron\/\" \/>\n<meta property=\"og:site_name\" content=\"Caf 17 - 2025\" \/>\n<meta property=\"article:modified_time\" content=\"2026-04-21T14:27:32+00:00\" \/>\n<meta property=\"og:image\" content=\"https:\/\/caf-rapport-activite.fr\/caf17-2025\/wp-content\/uploads\/sites\/29\/2026\/04\/RS_inauguration_ilomomes_oleron.jpg\" \/>\n\t<meta property=\"og:image:width\" content=\"800\" \/>\n\t<meta property=\"og:image:height\" content=\"670\" \/>\n\t<meta property=\"og:image:type\" content=\"image\/jpeg\" \/>\n<meta name=\"twitter:card\" content=\"summary_large_image\" \/>\n<meta name=\"twitter:label1\" content=\"Dur\u00e9e de lecture estim\u00e9e\" \/>\n\t<meta name=\"twitter:data1\" content=\"1 minute\" \/>\n<script type=\"application\/ld+json\" class=\"yoast-schema-graph\">{\"@context\":\"https:\/\/schema.org\",\"@graph\":[{\"@type\":\"WebPage\",\"@id\":\"https:\/\/caf-rapport-activite.fr\/caf17-2025\/temp-fort\/inauguration-de-lilot-momes-a-saint-pierre-doleron\/\",\"url\":\"https:\/\/caf-rapport-activite.fr\/caf17-2025\/temp-fort\/inauguration-de-lilot-momes-a-saint-pierre-doleron\/\",\"name\":\"Inauguration de L'\u00celot M\u00f4mes \u00e0 Saint-Pierre-d'Ol\u00e9ron - Caf 17 - 2025\",\"isPartOf\":{\"@id\":\"https:\/\/caf-rapport-activite.fr\/caf17-2025\/#website\"},\"datePublished\":\"2026-04-17T14:38:54+00:00\",\"dateModified\":\"2026-04-21T14:27:32+00:00\",\"breadcrumb\":{\"@id\":\"https:\/\/caf-rapport-activite.fr\/caf17-2025\/temp-fort\/inauguration-de-lilot-momes-a-saint-pierre-doleron\/#breadcrumb\"},\"inLanguage\":\"fr-FR\",\"potentialAction\":[{\"@type\":\"ReadAction\",\"target\":[\"https:\/\/caf-rapport-activite.fr\/caf17-2025\/temp-fort\/inauguration-de-lilot-momes-a-saint-pierre-doleron\/\"]}]},{\"@type\":\"BreadcrumbList\",\"@id\":\"https:\/\/caf-rapport-activite.fr\/caf17-2025\/temp-fort\/inauguration-de-lilot-momes-a-saint-pierre-doleron\/#breadcrumb\",\"itemListElement\":[{\"@type\":\"ListItem\",\"position\":1,\"name\":\"Accueil\",\"item\":\"https:\/\/caf-rapport-activite.fr\/caf17-2025\/\"},{\"@type\":\"ListItem\",\"position\":2,\"name\":\"Temps forts\",\"item\":\"https:\/\/caf-rapport-activite.fr\/caf17-2025\/temp-fort\/\"},{\"@type\":\"ListItem\",\"position\":3,\"name\":\"Inauguration de L&rsquo;\u00celot M\u00f4mes \u00e0 Saint-Pierre-d&rsquo;Ol\u00e9ron\"}]},{\"@type\":\"WebSite\",\"@id\":\"https:\/\/caf-rapport-activite.fr\/caf17-2025\/#website\",\"url\":\"https:\/\/caf-rapport-activite.fr\/caf17-2025\/\",\"name\":\"Caf 17 - 2025\",\"description\":\"\",\"potentialAction\":[{\"@type\":\"SearchAction\",\"target\":{\"@type\":\"EntryPoint\",\"urlTemplate\":\"https:\/\/caf-rapport-activite.fr\/caf17-2025\/?s={search_term_string}\"},\"query-input\":\"required name=search_term_string\"}],\"inLanguage\":\"fr-FR\"}]}<\/script>\n<!-- \/ Yoast SEO plugin. -->","yoast_head_json":{"title":"Inauguration de L'\u00celot M\u00f4mes \u00e0 Saint-Pierre-d'Ol\u00e9ron - Caf 17 - 2025","robots":{"index":"index","follow":"follow","max-snippet":"max-snippet:-1","max-image-preview":"max-image-preview:large","max-video-preview":"max-video-preview:-1"},"canonical":"https:\/\/caf-rapport-activite.fr\/caf17-2025\/temp-fort\/inauguration-de-lilot-momes-a-saint-pierre-doleron\/","og_locale":"fr_FR","og_type":"article","og_title":"Inauguration de L'\u00celot M\u00f4mes \u00e0 Saint-Pierre-d'Ol\u00e9ron - Caf 17 - 2025","og_description":"Vendredi 27 juin 2025, la Communaut\u00e9 de communes de l\u2019\u00eele d\u2019Ol\u00e9ron, en partenariat avec la Caf de la Charente-Maritime, a [&hellip;]","og_url":"https:\/\/caf-rapport-activite.fr\/caf17-2025\/temp-fort\/inauguration-de-lilot-momes-a-saint-pierre-doleron\/","og_site_name":"Caf 17 - 2025","article_modified_time":"2026-04-21T14:27:32+00:00","og_image":[{"width":800,"height":670,"url":"https:\/\/caf-rapport-activite.fr\/caf17-2025\/wp-content\/uploads\/sites\/29\/2026\/04\/RS_inauguration_ilomomes_oleron.jpg","type":"image\/jpeg"}],"twitter_card":"summary_large_image","twitter_misc":{"Dur\u00e9e de lecture estim\u00e9e":"1 minute"},"schema":{"@context":"https:\/\/schema.org","@graph":[{"@type":"WebPage","@id":"https:\/\/caf-rapport-activite.fr\/caf17-2025\/temp-fort\/inauguration-de-lilot-momes-a-saint-pierre-doleron\/","url":"https:\/\/caf-rapport-activite.fr\/caf17-2025\/temp-fort\/inauguration-de-lilot-momes-a-saint-pierre-doleron\/","name":"Inauguration de L'\u00celot M\u00f4mes \u00e0 Saint-Pierre-d'Ol\u00e9ron - Caf 17 - 2025","isPartOf":{"@id":"https:\/\/caf-rapport-activite.fr\/caf17-2025\/#website"},"datePublished":"2026-04-17T14:38:54+00:00","dateModified":"2026-04-21T14:27:32+00:00","breadcrumb":{"@id":"https:\/\/caf-rapport-activite.fr\/caf17-2025\/temp-fort\/inauguration-de-lilot-momes-a-saint-pierre-doleron\/#breadcrumb"},"inLanguage":"fr-FR","potentialAction":[{"@type":"ReadAction","target":["https:\/\/caf-rapport-activite.fr\/caf17-2025\/temp-fort\/inauguration-de-lilot-momes-a-saint-pierre-doleron\/"]}]},{"@type":"BreadcrumbList","@id":"https:\/\/caf-rapport-activite.fr\/caf17-2025\/temp-fort\/inauguration-de-lilot-momes-a-saint-pierre-doleron\/#breadcrumb","itemListElement":[{"@type":"ListItem","position":1,"name":"Accueil","item":"https:\/\/caf-rapport-activite.fr\/caf17-2025\/"},{"@type":"ListItem","position":2,"name":"Temps forts","item":"https:\/\/caf-rapport-activite.fr\/caf17-2025\/temp-fort\/"},{"@type":"ListItem","position":3,"name":"Inauguration de L&rsquo;\u00celot M\u00f4mes \u00e0 Saint-Pierre-d&rsquo;Ol\u00e9ron"}]},{"@type":"WebSite","@id":"https:\/\/caf-rapport-activite.fr\/caf17-2025\/#website","url":"https:\/\/caf-rapport-activite.fr\/caf17-2025\/","name":"Caf 17 - 2025","description":"","potentialAction":[{"@type":"SearchAction","target":{"@type":"EntryPoint","urlTemplate":"https:\/\/caf-rapport-activite.fr\/caf17-2025\/?s={search_term_string}"},"query-input":"required name=search_term_string"}],"inLanguage":"fr-FR"}]}},"_links":{"self":[{"href":"https:\/\/caf-rapport-activite.fr\/caf17-2025\/wp-json\/wp\/v2\/temp-fort\/1949"}],"collection":[{"href":"https:\/\/caf-rapport-activite.fr\/caf17-2025\/wp-json\/wp\/v2\/temp-fort"}],"about":[{"href":"https:\/\/caf-rapport-activite.fr\/caf17-2025\/wp-json\/wp\/v2\/types\/temp-fort"}],"wp:featuredmedia":[{"embeddable":true,"href":"https:\/\/caf-rapport-activite.fr\/caf17-2025\/wp-json\/wp\/v2\/media\/1950"}],"wp:attachment":[{"href":"https:\/\/caf-rapport-activite.fr\/caf17-2025\/wp-json\/wp\/v2\/media?parent=1949"}],"wp:term":[{"taxonomy":"activite","embeddable":true,"href":"https:\/\/caf-rapport-activite.fr\/caf17-2025\/wp-json\/wp\/v2\/activite?post=1949"}],"curies":[{"name":"wp","href":"https:\/\/api.w.org\/{rel}","templated":true}]}}

Inauguration de L&rsquo;Îlot Mômes à Saint-Pierre-d&rsquo;Oléron

<p>Vendredi 27 juin 2025, la Communauté de communes de l’île d’Oléron, en partenariat avec la Caf de la Charente-Maritime, a inauguré L’Îlot Mômes, située au cœur de Saint-Pierre-d’Oléron.<br><br>Cette structure petite enfance rassemble la crèche et le relais petit enfance dans un même lieu pour répondre aux besoins de tous.<br>Il s&rsquo;agit non seulement plus fonctionnel et spacieux, mais aussi écologique et innovant, le tout pensé pour le bien-être et la santé des enfants, des professionnels et des parents.<br>Ce rapprochement favorise l&rsquo;échange de savoir-faire et la cohérence éducative afin de développer des temps d&rsquo;accueil collectif dans un environnement adapté.<br><br>Ce projet illustre une fois encore notre engagement commun en faveur d’un accueil de qualité pour les tout-petits et leurs familles, sur l’ensemble du territoire, y compris en zones insulaires.<br></p>



<p>Félicitations à tous les partenaires mobilisés au service des familles oléronaises !</p>


<div class="wp-block-image">
<figure class="aligncenter size-medium"><img decoding="async" loading="lazy" width="300" height="251" src="https://caf-rapport-activite.fr/caf17-2025/wp-content/uploads/sites/29/2026/04/RS_inauguration_ilomomes_oleron-300x251.jpg" alt="" class="wp-image-1950" srcset="https://caf-rapport-activite.fr/caf17-2025/wp-content/uploads/sites/29/2026/04/RS_inauguration_ilomomes_oleron-300x251.jpg 300w, https://caf-rapport-activite.fr/caf17-2025/wp-content/uploads/sites/29/2026/04/RS_inauguration_ilomomes_oleron-768x643.jpg 768w, https://caf-rapport-activite.fr/caf17-2025/wp-content/uploads/sites/29/2026/04/RS_inauguration_ilomomes_oleron.jpg 800w" sizes="(max-width: 300px) 100vw, 300px" /></figure></div>

<p>Vendredi 27 juin 2025, la Communauté de communes de l’île d’Oléron, en partenariat avec la Caf de la Charente-Maritime, a [&hellip;]</p>

<!-- This site is optimized with the Yoast SEO plugin v19.11 - https://yoast.com/wordpress/plugins/seo/ -->
<title>Inauguration de L&#039;Îlot Mômes à Saint-Pierre-d&#039;Oléron - Caf 17 - 2025</title>
<meta name="robots" content="index, follow, max-snippet:-1, max-image-preview:large, max-video-preview:-1" />
<link rel="canonical" href="https://caf-rapport-activite.fr/caf17-2025/temp-fort/inauguration-de-lilot-momes-a-saint-pierre-doleron/" />
<meta property="og:locale" content="fr_FR" />
<meta property="og:type" content="article" />
<meta property="og:title" content="Inauguration de L&#039;Îlot Mômes à Saint-Pierre-d&#039;Oléron - Caf 17 - 2025" />
<meta property="og:description" content="Vendredi 27 juin 2025, la Communauté de communes de l’île d’Oléron, en partenariat avec la Caf de la Charente-Maritime, a [&hellip;]" />
<meta property="og:url" content="https://caf-rapport-activite.fr/caf17-2025/temp-fort/inauguration-de-lilot-momes-a-saint-pierre-doleron/" />
<meta property="og:site_name" content="Caf 17 - 2025" />
<meta property="article:modified_time" content="2026-04-21T14:27:32+00:00" />
<meta property="og:image" content="https://caf-rapport-activite.fr/caf17-2025/wp-content/uploads/sites/29/2026/04/RS_inauguration_ilomomes_oleron.jpg" />
	<meta property="og:image:width" content="800" />
	<meta property="og:image:height" content="670" />
	<meta property="og:image:type" content="image/jpeg" />
<meta name="twitter:card" content="summary_large_image" />
<meta name="twitter:label1" content="Durée de lecture estimée" />
	<meta name="twitter:data1" content="1 minute" />
<script type="application/ld+json" class="yoast-schema-graph">{"@context":"https://schema.org","@graph":[{"@type":"WebPage","@id":"https://caf-rapport-activite.fr/caf17-2025/temp-fort/inauguration-de-lilot-momes-a-saint-pierre-doleron/","url":"https://caf-rapport-activite.fr/caf17-2025/temp-fort/inauguration-de-lilot-momes-a-saint-pierre-doleron/","name":"Inauguration de L'Îlot Mômes à Saint-Pierre-d'Oléron - Caf 17 - 2025","isPartOf":{"@id":"https://caf-rapport-activite.fr/caf17-2025/#website"},"datePublished":"2026-04-17T14:38:54+00:00","dateModified":"2026-04-21T14:27:32+00:00","breadcrumb":{"@id":"https://caf-rapport-activite.fr/caf17-2025/temp-fort/inauguration-de-lilot-momes-a-saint-pierre-doleron/#breadcrumb"},"inLanguage":"fr-FR","potentialAction":[{"@type":"ReadAction","target":["https://caf-rapport-activite.fr/caf17-2025/temp-fort/inauguration-de-lilot-momes-a-saint-pierre-doleron/"]}]},{"@type":"BreadcrumbList","@id":"https://caf-rapport-activite.fr/caf17-2025/temp-fort/inauguration-de-lilot-momes-a-saint-pierre-doleron/#breadcrumb","itemListElement":[{"@type":"ListItem","position":1,"name":"Accueil","item":"https://caf-rapport-activite.fr/caf17-2025/"},{"@type":"ListItem","position":2,"name":"Temps forts","item":"https://caf-rapport-activite.fr/caf17-2025/temp-fort/"},{"@type":"ListItem","position":3,"name":"Inauguration de L&rsquo;Îlot Mômes à Saint-Pierre-d&rsquo;Oléron"}]},{"@type":"WebSite","@id":"https://caf-rapport-activite.fr/caf17-2025/#website","url":"https://caf-rapport-activite.fr/caf17-2025/","name":"Caf 17 - 2025","description":"","potentialAction":[{"@type":"SearchAction","target":{"@type":"EntryPoint","urlTemplate":"https://caf-rapport-activite.fr/caf17-2025/?s={search_term_string}"},"query-input":"required name=search_term_string"}],"inLanguage":"fr-FR"}]}</script>
<!-- / Yoast SEO plugin. -->

Inauguration de L'Îlot Mômes à Saint-Pierre-d'Oléron - Caf 17 - 2025

Vendredi 27 juin 2025, la Communauté de communes de l’île d’Oléron, en partenariat avec la Caf de la Charente-Maritime, a [&hellip;]
