{"id":1944,"date":"2026-04-17T16:13:30","date_gmt":"2026-04-17T14:13:30","guid":{"rendered":"https:\/\/caf-rapport-activite.fr\/caf17-2025\/?post_type=temp-fort&#038;p=1944"},"modified":"2026-04-24T14:03:07","modified_gmt":"2026-04-24T12:03:07","slug":"agglo-de-la-rochelle-la-caf-aux-cotes-des-acteurs-locaux-pour-le-projet-de-services-aux-familles-2023-2027","status":"publish","type":"temp-fort","link":"https:\/\/caf-rapport-activite.fr\/caf17-2025\/temp-fort\/agglo-de-la-rochelle-la-caf-aux-cotes-des-acteurs-locaux-pour-le-projet-de-services-aux-familles-2023-2027\/","title":{"rendered":"Agglo de La Rochelle : la Caf aux c\u00f4t\u00e9s des acteurs locaux"},"content":{"rendered":"\n<p>Le S\u00e9minaire de la convention territoriale globale de l&rsquo;agglom\u00e9ration des 28 communes de La Rochelle a \u00e9t\u00e9 une journ\u00e9e riche en \u00e9changes qui a mis en lumi\u00e8re l\u2019importance de penser ensemble am\u00e9nagement du territoire, sant\u00e9 publique et services aux familles.<br><br>L\u2019apr\u00e8s-midi s\u2019est articul\u00e9 autour :<br>&#8211; d\u2019une d\u00e9ambulation parmi les stands pr\u00e9sentant les actions phares port\u00e9es dans le cadre de la Ctg,<br>&#8211; de la projection du film r\u00e9alis\u00e9 par Marc Lacault sur les m\u00e9tiers de la petite enfance,<br>&#8211; d\u2019un temps pl\u00e9nier avec les interventions de Jean-Jacques Rodrigues (Caf de la Charente-Maritime), Vincent Demester (\u00e9lu r\u00e9f\u00e9rent Ctg\u2013 Cda), et Priscille Godde (Charg\u00e9e de coop\u00e9ration strat\u00e9gique \u2013 Cda).<br><br>Aux c\u00f4t\u00e9s des communes signataires, ce s\u00e9minaire a permis de :<br>&#8211; pr\u00e9senter les actions concr\u00e8tes port\u00e9es dans le cadre de la Ctg,<br>&#8211; partager un premier point d\u2019\u00e9tape collectif,<br>&#8211; initier une r\u00e9flexion partag\u00e9e sur les impacts du projet pour les familles du territoire.<br><br>Merci aux partenaires, communes signataires et professionnels mobilis\u00e9s.<br>Ce temps d\u2019\u00e9tape nous permet de mesurer les avanc\u00e9es, d\u2019ajuster nos actions et de mieux r\u00e9pondre aux besoins des familles.<\/p>\n\n\n<div class=\"wp-block-image\">\n<figure class=\"aligncenter size-medium\"><img decoding=\"async\" loading=\"lazy\" width=\"300\" height=\"225\" src=\"https:\/\/caf-rapport-activite.fr\/caf17-2025\/wp-content\/uploads\/sites\/29\/2026\/04\/20250619_seminaire_ctg-300x225.jpg\" alt=\"\" class=\"wp-image-1945\" srcset=\"https:\/\/caf-rapport-activite.fr\/caf17-2025\/wp-content\/uploads\/sites\/29\/2026\/04\/20250619_seminaire_ctg-300x225.jpg 300w, https:\/\/caf-rapport-activite.fr\/caf17-2025\/wp-content\/uploads\/sites\/29\/2026\/04\/20250619_seminaire_ctg-768x576.jpg 768w, https:\/\/caf-rapport-activite.fr\/caf17-2025\/wp-content\/uploads\/sites\/29\/2026\/04\/20250619_seminaire_ctg.jpg 1024w\" sizes=\"(max-width: 300px) 100vw, 300px\" \/><\/figure><\/div>","protected":false},"excerpt":{"rendered":"<p>Le S\u00e9minaire de la convention territoriale globale de l&rsquo;agglom\u00e9ration des 28 communes de La Rochelle a \u00e9t\u00e9 une journ\u00e9e riche [&hellip;]<\/p>\n","protected":false},"featured_media":1945,"parent":0,"menu_order":0,"template":"","activite":[],"yoast_head":"<!-- This site is optimized with the Yoast SEO plugin v19.11 - https:\/\/yoast.com\/wordpress\/plugins\/seo\/ -->\n<title>Agglo de La Rochelle : la Caf aux c\u00f4t\u00e9s des acteurs locaux - Caf 17 - 2025<\/title>\n<meta name=\"robots\" content=\"index, follow, max-snippet:-1, max-image-preview:large, max-video-preview:-1\" \/>\n<link rel=\"canonical\" href=\"https:\/\/caf-rapport-activite.fr\/caf17-2025\/temp-fort\/agglo-de-la-rochelle-la-caf-aux-cotes-des-acteurs-locaux-pour-le-projet-de-services-aux-familles-2023-2027\/\" \/>\n<meta property=\"og:locale\" content=\"fr_FR\" \/>\n<meta property=\"og:type\" content=\"article\" \/>\n<meta property=\"og:title\" content=\"Agglo de La Rochelle : la Caf aux c\u00f4t\u00e9s des acteurs locaux - Caf 17 - 2025\" \/>\n<meta property=\"og:description\" content=\"Le S\u00e9minaire de la convention territoriale globale de l&rsquo;agglom\u00e9ration des 28 communes de La Rochelle a \u00e9t\u00e9 une journ\u00e9e riche [&hellip;]\" \/>\n<meta property=\"og:url\" content=\"https:\/\/caf-rapport-activite.fr\/caf17-2025\/temp-fort\/agglo-de-la-rochelle-la-caf-aux-cotes-des-acteurs-locaux-pour-le-projet-de-services-aux-familles-2023-2027\/\" \/>\n<meta property=\"og:site_name\" content=\"Caf 17 - 2025\" \/>\n<meta property=\"article:modified_time\" content=\"2026-04-24T12:03:07+00:00\" \/>\n<meta property=\"og:image\" content=\"https:\/\/caf-rapport-activite.fr\/caf17-2025\/wp-content\/uploads\/sites\/29\/2026\/04\/20250619_seminaire_ctg.jpg\" \/>\n\t<meta property=\"og:image:width\" content=\"1024\" \/>\n\t<meta property=\"og:image:height\" content=\"768\" \/>\n\t<meta property=\"og:image:type\" content=\"image\/jpeg\" \/>\n<meta name=\"twitter:card\" content=\"summary_large_image\" \/>\n<meta name=\"twitter:label1\" content=\"Dur\u00e9e de lecture estim\u00e9e\" \/>\n\t<meta name=\"twitter:data1\" content=\"2 minutes\" \/>\n<script type=\"application\/ld+json\" class=\"yoast-schema-graph\">{\"@context\":\"https:\/\/schema.org\",\"@graph\":[{\"@type\":\"WebPage\",\"@id\":\"https:\/\/caf-rapport-activite.fr\/caf17-2025\/temp-fort\/agglo-de-la-rochelle-la-caf-aux-cotes-des-acteurs-locaux-pour-le-projet-de-services-aux-familles-2023-2027\/\",\"url\":\"https:\/\/caf-rapport-activite.fr\/caf17-2025\/temp-fort\/agglo-de-la-rochelle-la-caf-aux-cotes-des-acteurs-locaux-pour-le-projet-de-services-aux-familles-2023-2027\/\",\"name\":\"Agglo de La Rochelle : la Caf aux c\u00f4t\u00e9s des acteurs locaux - Caf 17 - 2025\",\"isPartOf\":{\"@id\":\"https:\/\/caf-rapport-activite.fr\/caf17-2025\/#website\"},\"datePublished\":\"2026-04-17T14:13:30+00:00\",\"dateModified\":\"2026-04-24T12:03:07+00:00\",\"breadcrumb\":{\"@id\":\"https:\/\/caf-rapport-activite.fr\/caf17-2025\/temp-fort\/agglo-de-la-rochelle-la-caf-aux-cotes-des-acteurs-locaux-pour-le-projet-de-services-aux-familles-2023-2027\/#breadcrumb\"},\"inLanguage\":\"fr-FR\",\"potentialAction\":[{\"@type\":\"ReadAction\",\"target\":[\"https:\/\/caf-rapport-activite.fr\/caf17-2025\/temp-fort\/agglo-de-la-rochelle-la-caf-aux-cotes-des-acteurs-locaux-pour-le-projet-de-services-aux-familles-2023-2027\/\"]}]},{\"@type\":\"BreadcrumbList\",\"@id\":\"https:\/\/caf-rapport-activite.fr\/caf17-2025\/temp-fort\/agglo-de-la-rochelle-la-caf-aux-cotes-des-acteurs-locaux-pour-le-projet-de-services-aux-familles-2023-2027\/#breadcrumb\",\"itemListElement\":[{\"@type\":\"ListItem\",\"position\":1,\"name\":\"Accueil\",\"item\":\"https:\/\/caf-rapport-activite.fr\/caf17-2025\/\"},{\"@type\":\"ListItem\",\"position\":2,\"name\":\"Temps forts\",\"item\":\"https:\/\/caf-rapport-activite.fr\/caf17-2025\/temp-fort\/\"},{\"@type\":\"ListItem\",\"position\":3,\"name\":\"Agglo de La Rochelle : la Caf aux c\u00f4t\u00e9s des acteurs locaux\"}]},{\"@type\":\"WebSite\",\"@id\":\"https:\/\/caf-rapport-activite.fr\/caf17-2025\/#website\",\"url\":\"https:\/\/caf-rapport-activite.fr\/caf17-2025\/\",\"name\":\"Caf 17 - 2025\",\"description\":\"\",\"potentialAction\":[{\"@type\":\"SearchAction\",\"target\":{\"@type\":\"EntryPoint\",\"urlTemplate\":\"https:\/\/caf-rapport-activite.fr\/caf17-2025\/?s={search_term_string}\"},\"query-input\":\"required name=search_term_string\"}],\"inLanguage\":\"fr-FR\"}]}<\/script>\n<!-- \/ Yoast SEO plugin. -->","yoast_head_json":{"title":"Agglo de La Rochelle : la Caf aux c\u00f4t\u00e9s des acteurs locaux - Caf 17 - 2025","robots":{"index":"index","follow":"follow","max-snippet":"max-snippet:-1","max-image-preview":"max-image-preview:large","max-video-preview":"max-video-preview:-1"},"canonical":"https:\/\/caf-rapport-activite.fr\/caf17-2025\/temp-fort\/agglo-de-la-rochelle-la-caf-aux-cotes-des-acteurs-locaux-pour-le-projet-de-services-aux-familles-2023-2027\/","og_locale":"fr_FR","og_type":"article","og_title":"Agglo de La Rochelle : la Caf aux c\u00f4t\u00e9s des acteurs locaux - Caf 17 - 2025","og_description":"Le S\u00e9minaire de la convention territoriale globale de l&rsquo;agglom\u00e9ration des 28 communes de La Rochelle a \u00e9t\u00e9 une journ\u00e9e riche [&hellip;]","og_url":"https:\/\/caf-rapport-activite.fr\/caf17-2025\/temp-fort\/agglo-de-la-rochelle-la-caf-aux-cotes-des-acteurs-locaux-pour-le-projet-de-services-aux-familles-2023-2027\/","og_site_name":"Caf 17 - 2025","article_modified_time":"2026-04-24T12:03:07+00:00","og_image":[{"width":1024,"height":768,"url":"https:\/\/caf-rapport-activite.fr\/caf17-2025\/wp-content\/uploads\/sites\/29\/2026\/04\/20250619_seminaire_ctg.jpg","type":"image\/jpeg"}],"twitter_card":"summary_large_image","twitter_misc":{"Dur\u00e9e de lecture estim\u00e9e":"2 minutes"},"schema":{"@context":"https:\/\/schema.org","@graph":[{"@type":"WebPage","@id":"https:\/\/caf-rapport-activite.fr\/caf17-2025\/temp-fort\/agglo-de-la-rochelle-la-caf-aux-cotes-des-acteurs-locaux-pour-le-projet-de-services-aux-familles-2023-2027\/","url":"https:\/\/caf-rapport-activite.fr\/caf17-2025\/temp-fort\/agglo-de-la-rochelle-la-caf-aux-cotes-des-acteurs-locaux-pour-le-projet-de-services-aux-familles-2023-2027\/","name":"Agglo de La Rochelle : la Caf aux c\u00f4t\u00e9s des acteurs locaux - Caf 17 - 2025","isPartOf":{"@id":"https:\/\/caf-rapport-activite.fr\/caf17-2025\/#website"},"datePublished":"2026-04-17T14:13:30+00:00","dateModified":"2026-04-24T12:03:07+00:00","breadcrumb":{"@id":"https:\/\/caf-rapport-activite.fr\/caf17-2025\/temp-fort\/agglo-de-la-rochelle-la-caf-aux-cotes-des-acteurs-locaux-pour-le-projet-de-services-aux-familles-2023-2027\/#breadcrumb"},"inLanguage":"fr-FR","potentialAction":[{"@type":"ReadAction","target":["https:\/\/caf-rapport-activite.fr\/caf17-2025\/temp-fort\/agglo-de-la-rochelle-la-caf-aux-cotes-des-acteurs-locaux-pour-le-projet-de-services-aux-familles-2023-2027\/"]}]},{"@type":"BreadcrumbList","@id":"https:\/\/caf-rapport-activite.fr\/caf17-2025\/temp-fort\/agglo-de-la-rochelle-la-caf-aux-cotes-des-acteurs-locaux-pour-le-projet-de-services-aux-familles-2023-2027\/#breadcrumb","itemListElement":[{"@type":"ListItem","position":1,"name":"Accueil","item":"https:\/\/caf-rapport-activite.fr\/caf17-2025\/"},{"@type":"ListItem","position":2,"name":"Temps forts","item":"https:\/\/caf-rapport-activite.fr\/caf17-2025\/temp-fort\/"},{"@type":"ListItem","position":3,"name":"Agglo de La Rochelle : la Caf aux c\u00f4t\u00e9s des acteurs locaux"}]},{"@type":"WebSite","@id":"https:\/\/caf-rapport-activite.fr\/caf17-2025\/#website","url":"https:\/\/caf-rapport-activite.fr\/caf17-2025\/","name":"Caf 17 - 2025","description":"","potentialAction":[{"@type":"SearchAction","target":{"@type":"EntryPoint","urlTemplate":"https:\/\/caf-rapport-activite.fr\/caf17-2025\/?s={search_term_string}"},"query-input":"required name=search_term_string"}],"inLanguage":"fr-FR"}]}},"_links":{"self":[{"href":"https:\/\/caf-rapport-activite.fr\/caf17-2025\/wp-json\/wp\/v2\/temp-fort\/1944"}],"collection":[{"href":"https:\/\/caf-rapport-activite.fr\/caf17-2025\/wp-json\/wp\/v2\/temp-fort"}],"about":[{"href":"https:\/\/caf-rapport-activite.fr\/caf17-2025\/wp-json\/wp\/v2\/types\/temp-fort"}],"wp:featuredmedia":[{"embeddable":true,"href":"https:\/\/caf-rapport-activite.fr\/caf17-2025\/wp-json\/wp\/v2\/media\/1945"}],"wp:attachment":[{"href":"https:\/\/caf-rapport-activite.fr\/caf17-2025\/wp-json\/wp\/v2\/media?parent=1944"}],"wp:term":[{"taxonomy":"activite","embeddable":true,"href":"https:\/\/caf-rapport-activite.fr\/caf17-2025\/wp-json\/wp\/v2\/activite?post=1944"}],"curies":[{"name":"wp","href":"https:\/\/api.w.org\/{rel}","templated":true}]}}

Agglo de La Rochelle : la Caf aux côtés des acteurs locaux

<p>Le Séminaire de la convention territoriale globale de l&rsquo;agglomération des 28 communes de La Rochelle a été une journée riche en échanges qui a mis en lumière l’importance de penser ensemble aménagement du territoire, santé publique et services aux familles.<br><br>L’après-midi s’est articulé autour :<br>&#8211; d’une déambulation parmi les stands présentant les actions phares portées dans le cadre de la Ctg,<br>&#8211; de la projection du film réalisé par Marc Lacault sur les métiers de la petite enfance,<br>&#8211; d’un temps plénier avec les interventions de Jean-Jacques Rodrigues (Caf de la Charente-Maritime), Vincent Demester (élu référent Ctg– Cda), et Priscille Godde (Chargée de coopération stratégique – Cda).<br><br>Aux côtés des communes signataires, ce séminaire a permis de :<br>&#8211; présenter les actions concrètes portées dans le cadre de la Ctg,<br>&#8211; partager un premier point d’étape collectif,<br>&#8211; initier une réflexion partagée sur les impacts du projet pour les familles du territoire.<br><br>Merci aux partenaires, communes signataires et professionnels mobilisés.<br>Ce temps d’étape nous permet de mesurer les avancées, d’ajuster nos actions et de mieux répondre aux besoins des familles.</p>


<div class="wp-block-image">
<figure class="aligncenter size-medium"><img decoding="async" loading="lazy" width="300" height="225" src="https://caf-rapport-activite.fr/caf17-2025/wp-content/uploads/sites/29/2026/04/20250619_seminaire_ctg-300x225.jpg" alt="" class="wp-image-1945" srcset="https://caf-rapport-activite.fr/caf17-2025/wp-content/uploads/sites/29/2026/04/20250619_seminaire_ctg-300x225.jpg 300w, https://caf-rapport-activite.fr/caf17-2025/wp-content/uploads/sites/29/2026/04/20250619_seminaire_ctg-768x576.jpg 768w, https://caf-rapport-activite.fr/caf17-2025/wp-content/uploads/sites/29/2026/04/20250619_seminaire_ctg.jpg 1024w" sizes="(max-width: 300px) 100vw, 300px" /></figure></div>

<p>Le Séminaire de la convention territoriale globale de l&rsquo;agglomération des 28 communes de La Rochelle a été une journée riche [&hellip;]</p>

<!-- This site is optimized with the Yoast SEO plugin v19.11 - https://yoast.com/wordpress/plugins/seo/ -->
<title>Agglo de La Rochelle : la Caf aux côtés des acteurs locaux - Caf 17 - 2025</title>
<meta name="robots" content="index, follow, max-snippet:-1, max-image-preview:large, max-video-preview:-1" />
<link rel="canonical" href="https://caf-rapport-activite.fr/caf17-2025/temp-fort/agglo-de-la-rochelle-la-caf-aux-cotes-des-acteurs-locaux-pour-le-projet-de-services-aux-familles-2023-2027/" />
<meta property="og:locale" content="fr_FR" />
<meta property="og:type" content="article" />
<meta property="og:title" content="Agglo de La Rochelle : la Caf aux côtés des acteurs locaux - Caf 17 - 2025" />
<meta property="og:description" content="Le Séminaire de la convention territoriale globale de l&rsquo;agglomération des 28 communes de La Rochelle a été une journée riche [&hellip;]" />
<meta property="og:url" content="https://caf-rapport-activite.fr/caf17-2025/temp-fort/agglo-de-la-rochelle-la-caf-aux-cotes-des-acteurs-locaux-pour-le-projet-de-services-aux-familles-2023-2027/" />
<meta property="og:site_name" content="Caf 17 - 2025" />
<meta property="article:modified_time" content="2026-04-24T12:03:07+00:00" />
<meta property="og:image" content="https://caf-rapport-activite.fr/caf17-2025/wp-content/uploads/sites/29/2026/04/20250619_seminaire_ctg.jpg" />
	<meta property="og:image:width" content="1024" />
	<meta property="og:image:height" content="768" />
	<meta property="og:image:type" content="image/jpeg" />
<meta name="twitter:card" content="summary_large_image" />
<meta name="twitter:label1" content="Durée de lecture estimée" />
	<meta name="twitter:data1" content="2 minutes" />
<script type="application/ld+json" class="yoast-schema-graph">{"@context":"https://schema.org","@graph":[{"@type":"WebPage","@id":"https://caf-rapport-activite.fr/caf17-2025/temp-fort/agglo-de-la-rochelle-la-caf-aux-cotes-des-acteurs-locaux-pour-le-projet-de-services-aux-familles-2023-2027/","url":"https://caf-rapport-activite.fr/caf17-2025/temp-fort/agglo-de-la-rochelle-la-caf-aux-cotes-des-acteurs-locaux-pour-le-projet-de-services-aux-familles-2023-2027/","name":"Agglo de La Rochelle : la Caf aux côtés des acteurs locaux - Caf 17 - 2025","isPartOf":{"@id":"https://caf-rapport-activite.fr/caf17-2025/#website"},"datePublished":"2026-04-17T14:13:30+00:00","dateModified":"2026-04-24T12:03:07+00:00","breadcrumb":{"@id":"https://caf-rapport-activite.fr/caf17-2025/temp-fort/agglo-de-la-rochelle-la-caf-aux-cotes-des-acteurs-locaux-pour-le-projet-de-services-aux-familles-2023-2027/#breadcrumb"},"inLanguage":"fr-FR","potentialAction":[{"@type":"ReadAction","target":["https://caf-rapport-activite.fr/caf17-2025/temp-fort/agglo-de-la-rochelle-la-caf-aux-cotes-des-acteurs-locaux-pour-le-projet-de-services-aux-familles-2023-2027/"]}]},{"@type":"BreadcrumbList","@id":"https://caf-rapport-activite.fr/caf17-2025/temp-fort/agglo-de-la-rochelle-la-caf-aux-cotes-des-acteurs-locaux-pour-le-projet-de-services-aux-familles-2023-2027/#breadcrumb","itemListElement":[{"@type":"ListItem","position":1,"name":"Accueil","item":"https://caf-rapport-activite.fr/caf17-2025/"},{"@type":"ListItem","position":2,"name":"Temps forts","item":"https://caf-rapport-activite.fr/caf17-2025/temp-fort/"},{"@type":"ListItem","position":3,"name":"Agglo de La Rochelle : la Caf aux côtés des acteurs locaux"}]},{"@type":"WebSite","@id":"https://caf-rapport-activite.fr/caf17-2025/#website","url":"https://caf-rapport-activite.fr/caf17-2025/","name":"Caf 17 - 2025","description":"","potentialAction":[{"@type":"SearchAction","target":{"@type":"EntryPoint","urlTemplate":"https://caf-rapport-activite.fr/caf17-2025/?s={search_term_string}"},"query-input":"required name=search_term_string"}],"inLanguage":"fr-FR"}]}</script>
<!-- / Yoast SEO plugin. -->

Agglo de La Rochelle : la Caf aux côtés des acteurs locaux - Caf 17 - 2025

Le Séminaire de la convention territoriale globale de l&rsquo;agglomération des 28 communes de La Rochelle a été une journée riche [&hellip;]
