{"id":1939,"date":"2026-04-16T16:16:09","date_gmt":"2026-04-16T14:16:09","guid":{"rendered":"https:\/\/caf-rapport-activite.fr\/caf17-2025\/?post_type=temp-fort&#038;p=1939"},"modified":"2026-04-16T16:16:11","modified_gmt":"2026-04-16T14:16:11","slug":"festiprev-2025-la-caf-aux-cotes-de-la-jeunesse-et-de-la-citoyennete","status":"publish","type":"temp-fort","link":"https:\/\/caf-rapport-activite.fr\/caf17-2025\/temp-fort\/festiprev-2025-la-caf-aux-cotes-de-la-jeunesse-et-de-la-citoyennete\/","title":{"rendered":"FestiPREV 2025 : La Caf aux c\u00f4t\u00e9s de la jeunesse et de la citoyennet\u00e9 !"},"content":{"rendered":"\n<p><br>Pour la 10\u00e8me ann\u00e9e cons\u00e9cutive, l\u2019association Angoul\u2019loisirs b\u00e9n\u00e9ficie du soutien financier et technique de la Caf dans le cadre de son Festival de film jeunesse et citoyennet\u00e9.<br><br>Encadr\u00e9 par une convention pluriannuelle de partenariat 2025-2027 sur la base d\u2019un financement annuel de 30 000 \u20ac, le financement de la Caf repr\u00e9sente 15 % du co\u00fbt global du projet.<br><br>Festiprev et la Caf, ensemble pour des objectifs communs :<\/p>\n\n\n\n<ul>\n<li>Favoriser l\u2019\u00e9ducation aux m\u00e9dias et \u00e0 la citoyennet\u00e9<\/li>\n\n\n\n<li>Valoriser la parole et les r\u00e9alisations des jeunes<\/li>\n\n\n\n<li>D\u00e9velopper les comp\u00e9tences psychosociales des acteurs du projet<\/li>\n\n\n\n<li>Favoriser le \u00ab vivre ensemble \u00bb<\/li>\n\n\n\n<li>Renforcer la co-\u00e9ducation et la co-construction entre tous les acteurs \u00e9ducatifs et p\u00e9dagogiques d\u2019un territoire.<\/li>\n<\/ul>\n\n\n\n<p>En 2025, nous avons \u00e9galement \u00e9t\u00e9 pr\u00e9sents au sein du Village Citoyen du 22 au 24 mai, pour animer un atelier participatif, ouvert \u00e0 tous, autour des th\u00e9matiques de la pr\u00e9vention, de l\u2019engagement citoyen et du bien-\u00eatre des jeunes.<\/p>\n\n\n\n<figure class=\"is-layout-flex wp-block-gallery-1 wp-block-gallery has-nested-images columns-default is-cropped\">\n<figure class=\"wp-block-image size-large\"><img decoding=\"async\" loading=\"lazy\" width=\"1024\" height=\"768\" data-id=\"1940\"  src=\"https:\/\/caf-rapport-activite.fr\/caf17-2025\/wp-content\/uploads\/sites\/29\/2026\/04\/festiprev_jury.jpg\" alt=\"\" class=\"wp-image-1940\" srcset=\"https:\/\/caf-rapport-activite.fr\/caf17-2025\/wp-content\/uploads\/sites\/29\/2026\/04\/festiprev_jury.jpg 1024w, https:\/\/caf-rapport-activite.fr\/caf17-2025\/wp-content\/uploads\/sites\/29\/2026\/04\/festiprev_jury-300x225.jpg 300w, https:\/\/caf-rapport-activite.fr\/caf17-2025\/wp-content\/uploads\/sites\/29\/2026\/04\/festiprev_jury-768x576.jpg 768w\" sizes=\"(max-width: 1024px) 100vw, 1024px\" \/><\/figure>\n\n\n\n<figure class=\"wp-block-image size-large\"><img decoding=\"async\" loading=\"lazy\" width=\"1024\" height=\"768\" data-id=\"1941\"  src=\"https:\/\/caf-rapport-activite.fr\/caf17-2025\/wp-content\/uploads\/sites\/29\/2026\/04\/Image-1024x768.jpg\" alt=\"\" class=\"wp-image-1941\" srcset=\"https:\/\/caf-rapport-activite.fr\/caf17-2025\/wp-content\/uploads\/sites\/29\/2026\/04\/Image-1024x768.jpg 1024w, https:\/\/caf-rapport-activite.fr\/caf17-2025\/wp-content\/uploads\/sites\/29\/2026\/04\/Image-300x225.jpg 300w, https:\/\/caf-rapport-activite.fr\/caf17-2025\/wp-content\/uploads\/sites\/29\/2026\/04\/Image-768x576.jpg 768w, https:\/\/caf-rapport-activite.fr\/caf17-2025\/wp-content\/uploads\/sites\/29\/2026\/04\/Image-1536x1152.jpg 1536w, https:\/\/caf-rapport-activite.fr\/caf17-2025\/wp-content\/uploads\/sites\/29\/2026\/04\/Image-2048x1536.jpg 2048w\" sizes=\"(max-width: 1024px) 100vw, 1024px\" \/><\/figure>\n\n\n\n<figure class=\"wp-block-image size-large\"><img decoding=\"async\" loading=\"lazy\" width=\"1024\" height=\"576\" data-id=\"1942\"  src=\"https:\/\/caf-rapport-activite.fr\/caf17-2025\/wp-content\/uploads\/sites\/29\/2026\/04\/MRodrigues_festiprev2025-1024x576.png\" alt=\"\" class=\"wp-image-1942\" srcset=\"https:\/\/caf-rapport-activite.fr\/caf17-2025\/wp-content\/uploads\/sites\/29\/2026\/04\/MRodrigues_festiprev2025-1024x576.png 1024w, https:\/\/caf-rapport-activite.fr\/caf17-2025\/wp-content\/uploads\/sites\/29\/2026\/04\/MRodrigues_festiprev2025-300x169.png 300w, https:\/\/caf-rapport-activite.fr\/caf17-2025\/wp-content\/uploads\/sites\/29\/2026\/04\/MRodrigues_festiprev2025-768x432.png 768w, https:\/\/caf-rapport-activite.fr\/caf17-2025\/wp-content\/uploads\/sites\/29\/2026\/04\/MRodrigues_festiprev2025-1536x864.png 1536w, https:\/\/caf-rapport-activite.fr\/caf17-2025\/wp-content\/uploads\/sites\/29\/2026\/04\/MRodrigues_festiprev2025.png 1920w\" sizes=\"(max-width: 1024px) 100vw, 1024px\" \/><\/figure>\n<\/figure>\n","protected":false},"excerpt":{"rendered":"<p>Pour la 10\u00e8me ann\u00e9e cons\u00e9cutive, l\u2019association Angoul\u2019loisirs b\u00e9n\u00e9ficie du soutien financier et technique de la Caf dans le cadre de [&hellip;]<\/p>\n","protected":false},"featured_media":1940,"parent":0,"menu_order":0,"template":"","activite":[5],"yoast_head":"<!-- This site is optimized with the Yoast SEO plugin v19.11 - https:\/\/yoast.com\/wordpress\/plugins\/seo\/ -->\n<title>FestiPREV 2025 : La Caf aux c\u00f4t\u00e9s de la jeunesse et de la citoyennet\u00e9 ! - Caf 17 - 2025<\/title>\n<meta name=\"robots\" content=\"index, follow, max-snippet:-1, max-image-preview:large, max-video-preview:-1\" \/>\n<link rel=\"canonical\" href=\"https:\/\/caf-rapport-activite.fr\/caf17-2025\/temp-fort\/festiprev-2025-la-caf-aux-cotes-de-la-jeunesse-et-de-la-citoyennete\/\" \/>\n<meta property=\"og:locale\" content=\"fr_FR\" \/>\n<meta property=\"og:type\" content=\"article\" \/>\n<meta property=\"og:title\" content=\"FestiPREV 2025 : La Caf aux c\u00f4t\u00e9s de la jeunesse et de la citoyennet\u00e9 ! - Caf 17 - 2025\" \/>\n<meta property=\"og:description\" content=\"Pour la 10\u00e8me ann\u00e9e cons\u00e9cutive, l\u2019association Angoul\u2019loisirs b\u00e9n\u00e9ficie du soutien financier et technique de la Caf dans le cadre de [&hellip;]\" \/>\n<meta property=\"og:url\" content=\"https:\/\/caf-rapport-activite.fr\/caf17-2025\/temp-fort\/festiprev-2025-la-caf-aux-cotes-de-la-jeunesse-et-de-la-citoyennete\/\" \/>\n<meta property=\"og:site_name\" content=\"Caf 17 - 2025\" \/>\n<meta property=\"article:modified_time\" content=\"2026-04-16T14:16:11+00:00\" \/>\n<meta property=\"og:image\" content=\"https:\/\/caf-rapport-activite.fr\/caf17-2025\/wp-content\/uploads\/sites\/29\/2026\/04\/festiprev_jury.jpg\" \/>\n\t<meta property=\"og:image:width\" content=\"1024\" \/>\n\t<meta property=\"og:image:height\" content=\"768\" \/>\n\t<meta property=\"og:image:type\" content=\"image\/jpeg\" \/>\n<meta name=\"twitter:card\" content=\"summary_large_image\" \/>\n<meta name=\"twitter:label1\" content=\"Dur\u00e9e de lecture estim\u00e9e\" \/>\n\t<meta name=\"twitter:data1\" content=\"2 minutes\" \/>\n<script type=\"application\/ld+json\" class=\"yoast-schema-graph\">{\"@context\":\"https:\/\/schema.org\",\"@graph\":[{\"@type\":\"WebPage\",\"@id\":\"https:\/\/caf-rapport-activite.fr\/caf17-2025\/temp-fort\/festiprev-2025-la-caf-aux-cotes-de-la-jeunesse-et-de-la-citoyennete\/\",\"url\":\"https:\/\/caf-rapport-activite.fr\/caf17-2025\/temp-fort\/festiprev-2025-la-caf-aux-cotes-de-la-jeunesse-et-de-la-citoyennete\/\",\"name\":\"FestiPREV 2025 : La Caf aux c\u00f4t\u00e9s de la jeunesse et de la citoyennet\u00e9 ! - Caf 17 - 2025\",\"isPartOf\":{\"@id\":\"https:\/\/caf-rapport-activite.fr\/caf17-2025\/#website\"},\"datePublished\":\"2026-04-16T14:16:09+00:00\",\"dateModified\":\"2026-04-16T14:16:11+00:00\",\"breadcrumb\":{\"@id\":\"https:\/\/caf-rapport-activite.fr\/caf17-2025\/temp-fort\/festiprev-2025-la-caf-aux-cotes-de-la-jeunesse-et-de-la-citoyennete\/#breadcrumb\"},\"inLanguage\":\"fr-FR\",\"potentialAction\":[{\"@type\":\"ReadAction\",\"target\":[\"https:\/\/caf-rapport-activite.fr\/caf17-2025\/temp-fort\/festiprev-2025-la-caf-aux-cotes-de-la-jeunesse-et-de-la-citoyennete\/\"]}]},{\"@type\":\"BreadcrumbList\",\"@id\":\"https:\/\/caf-rapport-activite.fr\/caf17-2025\/temp-fort\/festiprev-2025-la-caf-aux-cotes-de-la-jeunesse-et-de-la-citoyennete\/#breadcrumb\",\"itemListElement\":[{\"@type\":\"ListItem\",\"position\":1,\"name\":\"Accueil\",\"item\":\"https:\/\/caf-rapport-activite.fr\/caf17-2025\/\"},{\"@type\":\"ListItem\",\"position\":2,\"name\":\"Temps forts\",\"item\":\"https:\/\/caf-rapport-activite.fr\/caf17-2025\/temp-fort\/\"},{\"@type\":\"ListItem\",\"position\":3,\"name\":\"FestiPREV 2025 : La Caf aux c\u00f4t\u00e9s de la jeunesse et de la citoyennet\u00e9 !\"}]},{\"@type\":\"WebSite\",\"@id\":\"https:\/\/caf-rapport-activite.fr\/caf17-2025\/#website\",\"url\":\"https:\/\/caf-rapport-activite.fr\/caf17-2025\/\",\"name\":\"Caf 17 - 2025\",\"description\":\"\",\"potentialAction\":[{\"@type\":\"SearchAction\",\"target\":{\"@type\":\"EntryPoint\",\"urlTemplate\":\"https:\/\/caf-rapport-activite.fr\/caf17-2025\/?s={search_term_string}\"},\"query-input\":\"required name=search_term_string\"}],\"inLanguage\":\"fr-FR\"}]}<\/script>\n<!-- \/ Yoast SEO plugin. -->","yoast_head_json":{"title":"FestiPREV 2025 : La Caf aux c\u00f4t\u00e9s de la jeunesse et de la citoyennet\u00e9 ! - Caf 17 - 2025","robots":{"index":"index","follow":"follow","max-snippet":"max-snippet:-1","max-image-preview":"max-image-preview:large","max-video-preview":"max-video-preview:-1"},"canonical":"https:\/\/caf-rapport-activite.fr\/caf17-2025\/temp-fort\/festiprev-2025-la-caf-aux-cotes-de-la-jeunesse-et-de-la-citoyennete\/","og_locale":"fr_FR","og_type":"article","og_title":"FestiPREV 2025 : La Caf aux c\u00f4t\u00e9s de la jeunesse et de la citoyennet\u00e9 ! - Caf 17 - 2025","og_description":"Pour la 10\u00e8me ann\u00e9e cons\u00e9cutive, l\u2019association Angoul\u2019loisirs b\u00e9n\u00e9ficie du soutien financier et technique de la Caf dans le cadre de [&hellip;]","og_url":"https:\/\/caf-rapport-activite.fr\/caf17-2025\/temp-fort\/festiprev-2025-la-caf-aux-cotes-de-la-jeunesse-et-de-la-citoyennete\/","og_site_name":"Caf 17 - 2025","article_modified_time":"2026-04-16T14:16:11+00:00","og_image":[{"width":1024,"height":768,"url":"https:\/\/caf-rapport-activite.fr\/caf17-2025\/wp-content\/uploads\/sites\/29\/2026\/04\/festiprev_jury.jpg","type":"image\/jpeg"}],"twitter_card":"summary_large_image","twitter_misc":{"Dur\u00e9e de lecture estim\u00e9e":"2 minutes"},"schema":{"@context":"https:\/\/schema.org","@graph":[{"@type":"WebPage","@id":"https:\/\/caf-rapport-activite.fr\/caf17-2025\/temp-fort\/festiprev-2025-la-caf-aux-cotes-de-la-jeunesse-et-de-la-citoyennete\/","url":"https:\/\/caf-rapport-activite.fr\/caf17-2025\/temp-fort\/festiprev-2025-la-caf-aux-cotes-de-la-jeunesse-et-de-la-citoyennete\/","name":"FestiPREV 2025 : La Caf aux c\u00f4t\u00e9s de la jeunesse et de la citoyennet\u00e9 ! - Caf 17 - 2025","isPartOf":{"@id":"https:\/\/caf-rapport-activite.fr\/caf17-2025\/#website"},"datePublished":"2026-04-16T14:16:09+00:00","dateModified":"2026-04-16T14:16:11+00:00","breadcrumb":{"@id":"https:\/\/caf-rapport-activite.fr\/caf17-2025\/temp-fort\/festiprev-2025-la-caf-aux-cotes-de-la-jeunesse-et-de-la-citoyennete\/#breadcrumb"},"inLanguage":"fr-FR","potentialAction":[{"@type":"ReadAction","target":["https:\/\/caf-rapport-activite.fr\/caf17-2025\/temp-fort\/festiprev-2025-la-caf-aux-cotes-de-la-jeunesse-et-de-la-citoyennete\/"]}]},{"@type":"BreadcrumbList","@id":"https:\/\/caf-rapport-activite.fr\/caf17-2025\/temp-fort\/festiprev-2025-la-caf-aux-cotes-de-la-jeunesse-et-de-la-citoyennete\/#breadcrumb","itemListElement":[{"@type":"ListItem","position":1,"name":"Accueil","item":"https:\/\/caf-rapport-activite.fr\/caf17-2025\/"},{"@type":"ListItem","position":2,"name":"Temps forts","item":"https:\/\/caf-rapport-activite.fr\/caf17-2025\/temp-fort\/"},{"@type":"ListItem","position":3,"name":"FestiPREV 2025 : La Caf aux c\u00f4t\u00e9s de la jeunesse et de la citoyennet\u00e9 !"}]},{"@type":"WebSite","@id":"https:\/\/caf-rapport-activite.fr\/caf17-2025\/#website","url":"https:\/\/caf-rapport-activite.fr\/caf17-2025\/","name":"Caf 17 - 2025","description":"","potentialAction":[{"@type":"SearchAction","target":{"@type":"EntryPoint","urlTemplate":"https:\/\/caf-rapport-activite.fr\/caf17-2025\/?s={search_term_string}"},"query-input":"required name=search_term_string"}],"inLanguage":"fr-FR"}]}},"_links":{"self":[{"href":"https:\/\/caf-rapport-activite.fr\/caf17-2025\/wp-json\/wp\/v2\/temp-fort\/1939"}],"collection":[{"href":"https:\/\/caf-rapport-activite.fr\/caf17-2025\/wp-json\/wp\/v2\/temp-fort"}],"about":[{"href":"https:\/\/caf-rapport-activite.fr\/caf17-2025\/wp-json\/wp\/v2\/types\/temp-fort"}],"wp:featuredmedia":[{"embeddable":true,"href":"https:\/\/caf-rapport-activite.fr\/caf17-2025\/wp-json\/wp\/v2\/media\/1940"}],"wp:attachment":[{"href":"https:\/\/caf-rapport-activite.fr\/caf17-2025\/wp-json\/wp\/v2\/media?parent=1939"}],"wp:term":[{"taxonomy":"activite","embeddable":true,"href":"https:\/\/caf-rapport-activite.fr\/caf17-2025\/wp-json\/wp\/v2\/activite?post=1939"}],"curies":[{"name":"wp","href":"https:\/\/api.w.org\/{rel}","templated":true}]}}

FestiPREV 2025 : La Caf aux côtés de la jeunesse et de la citoyenneté !

<p><br>Pour la 10ème année consécutive, l’association Angoul’loisirs bénéficie du soutien financier et technique de la Caf dans le cadre de son Festival de film jeunesse et citoyenneté.<br><br>Encadré par une convention pluriannuelle de partenariat 2025-2027 sur la base d’un financement annuel de 30 000 €, le financement de la Caf représente 15 % du coût global du projet.<br><br>Festiprev et la Caf, ensemble pour des objectifs communs :</p>



<ul>
<li>Favoriser l’éducation aux médias et à la citoyenneté</li>



<li>Valoriser la parole et les réalisations des jeunes</li>



<li>Développer les compétences psychosociales des acteurs du projet</li>



<li>Favoriser le « vivre ensemble »</li>



<li>Renforcer la co-éducation et la co-construction entre tous les acteurs éducatifs et pédagogiques d’un territoire.</li>
</ul>



<p>En 2025, nous avons également été présents au sein du Village Citoyen du 22 au 24 mai, pour animer un atelier participatif, ouvert à tous, autour des thématiques de la prévention, de l’engagement citoyen et du bien-être des jeunes.</p>



<figure class="is-layout-flex wp-block-gallery-1 wp-block-gallery has-nested-images columns-default is-cropped">
<figure class="wp-block-image size-large"><img decoding="async" loading="lazy" width="1024" height="768" data-id="1940"  src="https://caf-rapport-activite.fr/caf17-2025/wp-content/uploads/sites/29/2026/04/festiprev_jury.jpg" alt="" class="wp-image-1940" srcset="https://caf-rapport-activite.fr/caf17-2025/wp-content/uploads/sites/29/2026/04/festiprev_jury.jpg 1024w, https://caf-rapport-activite.fr/caf17-2025/wp-content/uploads/sites/29/2026/04/festiprev_jury-300x225.jpg 300w, https://caf-rapport-activite.fr/caf17-2025/wp-content/uploads/sites/29/2026/04/festiprev_jury-768x576.jpg 768w" sizes="(max-width: 1024px) 100vw, 1024px" /></figure>



<figure class="wp-block-image size-large"><img decoding="async" loading="lazy" width="1024" height="768" data-id="1941"  src="https://caf-rapport-activite.fr/caf17-2025/wp-content/uploads/sites/29/2026/04/Image-1024x768.jpg" alt="" class="wp-image-1941" srcset="https://caf-rapport-activite.fr/caf17-2025/wp-content/uploads/sites/29/2026/04/Image-1024x768.jpg 1024w, https://caf-rapport-activite.fr/caf17-2025/wp-content/uploads/sites/29/2026/04/Image-300x225.jpg 300w, https://caf-rapport-activite.fr/caf17-2025/wp-content/uploads/sites/29/2026/04/Image-768x576.jpg 768w, https://caf-rapport-activite.fr/caf17-2025/wp-content/uploads/sites/29/2026/04/Image-1536x1152.jpg 1536w, https://caf-rapport-activite.fr/caf17-2025/wp-content/uploads/sites/29/2026/04/Image-2048x1536.jpg 2048w" sizes="(max-width: 1024px) 100vw, 1024px" /></figure>



<figure class="wp-block-image size-large"><img decoding="async" loading="lazy" width="1024" height="576" data-id="1942"  src="https://caf-rapport-activite.fr/caf17-2025/wp-content/uploads/sites/29/2026/04/MRodrigues_festiprev2025-1024x576.png" alt="" class="wp-image-1942" srcset="https://caf-rapport-activite.fr/caf17-2025/wp-content/uploads/sites/29/2026/04/MRodrigues_festiprev2025-1024x576.png 1024w, https://caf-rapport-activite.fr/caf17-2025/wp-content/uploads/sites/29/2026/04/MRodrigues_festiprev2025-300x169.png 300w, https://caf-rapport-activite.fr/caf17-2025/wp-content/uploads/sites/29/2026/04/MRodrigues_festiprev2025-768x432.png 768w, https://caf-rapport-activite.fr/caf17-2025/wp-content/uploads/sites/29/2026/04/MRodrigues_festiprev2025-1536x864.png 1536w, https://caf-rapport-activite.fr/caf17-2025/wp-content/uploads/sites/29/2026/04/MRodrigues_festiprev2025.png 1920w" sizes="(max-width: 1024px) 100vw, 1024px" /></figure>
</figure>

<p>Pour la 10ème année consécutive, l’association Angoul’loisirs bénéficie du soutien financier et technique de la Caf dans le cadre de [&hellip;]</p>

<!-- This site is optimized with the Yoast SEO plugin v19.11 - https://yoast.com/wordpress/plugins/seo/ -->
<title>FestiPREV 2025 : La Caf aux côtés de la jeunesse et de la citoyenneté ! - Caf 17 - 2025</title>
<meta name="robots" content="index, follow, max-snippet:-1, max-image-preview:large, max-video-preview:-1" />
<link rel="canonical" href="https://caf-rapport-activite.fr/caf17-2025/temp-fort/festiprev-2025-la-caf-aux-cotes-de-la-jeunesse-et-de-la-citoyennete/" />
<meta property="og:locale" content="fr_FR" />
<meta property="og:type" content="article" />
<meta property="og:title" content="FestiPREV 2025 : La Caf aux côtés de la jeunesse et de la citoyenneté ! - Caf 17 - 2025" />
<meta property="og:description" content="Pour la 10ème année consécutive, l’association Angoul’loisirs bénéficie du soutien financier et technique de la Caf dans le cadre de [&hellip;]" />
<meta property="og:url" content="https://caf-rapport-activite.fr/caf17-2025/temp-fort/festiprev-2025-la-caf-aux-cotes-de-la-jeunesse-et-de-la-citoyennete/" />
<meta property="og:site_name" content="Caf 17 - 2025" />
<meta property="article:modified_time" content="2026-04-16T14:16:11+00:00" />
<meta property="og:image" content="https://caf-rapport-activite.fr/caf17-2025/wp-content/uploads/sites/29/2026/04/festiprev_jury.jpg" />
	<meta property="og:image:width" content="1024" />
	<meta property="og:image:height" content="768" />
	<meta property="og:image:type" content="image/jpeg" />
<meta name="twitter:card" content="summary_large_image" />
<meta name="twitter:label1" content="Durée de lecture estimée" />
	<meta name="twitter:data1" content="2 minutes" />
<script type="application/ld+json" class="yoast-schema-graph">{"@context":"https://schema.org","@graph":[{"@type":"WebPage","@id":"https://caf-rapport-activite.fr/caf17-2025/temp-fort/festiprev-2025-la-caf-aux-cotes-de-la-jeunesse-et-de-la-citoyennete/","url":"https://caf-rapport-activite.fr/caf17-2025/temp-fort/festiprev-2025-la-caf-aux-cotes-de-la-jeunesse-et-de-la-citoyennete/","name":"FestiPREV 2025 : La Caf aux côtés de la jeunesse et de la citoyenneté ! - Caf 17 - 2025","isPartOf":{"@id":"https://caf-rapport-activite.fr/caf17-2025/#website"},"datePublished":"2026-04-16T14:16:09+00:00","dateModified":"2026-04-16T14:16:11+00:00","breadcrumb":{"@id":"https://caf-rapport-activite.fr/caf17-2025/temp-fort/festiprev-2025-la-caf-aux-cotes-de-la-jeunesse-et-de-la-citoyennete/#breadcrumb"},"inLanguage":"fr-FR","potentialAction":[{"@type":"ReadAction","target":["https://caf-rapport-activite.fr/caf17-2025/temp-fort/festiprev-2025-la-caf-aux-cotes-de-la-jeunesse-et-de-la-citoyennete/"]}]},{"@type":"BreadcrumbList","@id":"https://caf-rapport-activite.fr/caf17-2025/temp-fort/festiprev-2025-la-caf-aux-cotes-de-la-jeunesse-et-de-la-citoyennete/#breadcrumb","itemListElement":[{"@type":"ListItem","position":1,"name":"Accueil","item":"https://caf-rapport-activite.fr/caf17-2025/"},{"@type":"ListItem","position":2,"name":"Temps forts","item":"https://caf-rapport-activite.fr/caf17-2025/temp-fort/"},{"@type":"ListItem","position":3,"name":"FestiPREV 2025 : La Caf aux côtés de la jeunesse et de la citoyenneté !"}]},{"@type":"WebSite","@id":"https://caf-rapport-activite.fr/caf17-2025/#website","url":"https://caf-rapport-activite.fr/caf17-2025/","name":"Caf 17 - 2025","description":"","potentialAction":[{"@type":"SearchAction","target":{"@type":"EntryPoint","urlTemplate":"https://caf-rapport-activite.fr/caf17-2025/?s={search_term_string}"},"query-input":"required name=search_term_string"}],"inLanguage":"fr-FR"}]}</script>
<!-- / Yoast SEO plugin. -->

FestiPREV 2025 : La Caf aux côtés de la jeunesse et de la citoyenneté ! - Caf 17 - 2025

Pour la 10ème année consécutive, l’association Angoul’loisirs bénéficie du soutien financier et technique de la Caf dans le cadre de [&hellip;]
