{"id":1935,"date":"2026-04-16T14:39:52","date_gmt":"2026-04-16T12:39:52","guid":{"rendered":"https:\/\/caf-rapport-activite.fr\/caf17-2025\/?post_type=temp-fort&#038;p=1935"},"modified":"2026-04-16T14:39:54","modified_gmt":"2026-04-16T12:39:54","slug":"le-canton-des-3-monts-un-territoire-uni-pour-penser-laccueil-des-tout-petits","status":"publish","type":"temp-fort","link":"https:\/\/caf-rapport-activite.fr\/caf17-2025\/temp-fort\/le-canton-des-3-monts-un-territoire-uni-pour-penser-laccueil-des-tout-petits\/","title":{"rendered":"Le canton des 3 Monts : un territoire uni pour penser l\u2019accueil des tout-petits"},"content":{"rendered":"\n<p id=\"block-7237ae82-7f29-432c-8ce7-75decb44dffc\"><br>Depuis le 1er janvier, avec la cr\u00e9ation du Service Public de la Petite Enfance (SPPE), les communes sont d\u00e9sormais au c\u0153ur du dispositif d\u2019accueil des tout-petits.<br><br>Pour anticiper les enjeux \u00e0 venir, le canton des 3 Monts s\u2019est r\u00e9uni le 16 avril 2025 autour d\u2019un apr\u00e8s-midi d\u00e9di\u00e9 \u00e0 la petite enfance.<br><br>Au programme :<br>\u2022 D\u00e9couverte des services du territoire : cr\u00e8ches, relais petite enfance, lieux d\u2019accueil enfants-parents<br>\u2022 \u00c9clairage sur les sp\u00e9cificit\u00e9s d\u00e9mographiques locales<br>\u2022 Intervention du sociologue <a href=\"https:\/\/www.linkedin.com\/in\/sociologuepierremoisset\/\">Pierre Moisset<\/a>, sp\u00e9cialiste des politiques familiales<br><br>Une mobilisation pr\u00e9cieuse qui permet aux \u00e9lus et professionnels de mieux penser et construire la politique petite enfance de demain.<br><br>L&rsquo;actualit\u00e9 en la mati\u00e8re est particuli\u00e8rement dense puisque le territoire doit non seulement mettre en place le Service Public de la Petite Enfance, mais aussi renouveler les conventions territoriales globales et l&rsquo;agr\u00e9ment du Relais Petite Enfance itin\u00e9rant.<\/p>\n\n\n\n<figure class=\"wp-block-image size-full\"><img decoding=\"async\" loading=\"lazy\" width=\"900\" height=\"900\" src=\"https:\/\/caf-rapport-activite.fr\/caf17-2025\/wp-content\/uploads\/sites\/29\/2026\/04\/20250416_Sppe_cantondes3monts.png\" alt=\"\" class=\"wp-image-1936\" srcset=\"https:\/\/caf-rapport-activite.fr\/caf17-2025\/wp-content\/uploads\/sites\/29\/2026\/04\/20250416_Sppe_cantondes3monts.png 900w, https:\/\/caf-rapport-activite.fr\/caf17-2025\/wp-content\/uploads\/sites\/29\/2026\/04\/20250416_Sppe_cantondes3monts-300x300.png 300w, https:\/\/caf-rapport-activite.fr\/caf17-2025\/wp-content\/uploads\/sites\/29\/2026\/04\/20250416_Sppe_cantondes3monts-150x150.png 150w, https:\/\/caf-rapport-activite.fr\/caf17-2025\/wp-content\/uploads\/sites\/29\/2026\/04\/20250416_Sppe_cantondes3monts-768x768.png 768w\" sizes=\"(max-width: 900px) 100vw, 900px\" \/><\/figure>\n\n\n\n<p><\/p>\n","protected":false},"excerpt":{"rendered":"<p>Depuis le 1er janvier, avec la cr\u00e9ation du Service Public de la Petite Enfance (SPPE), les communes sont d\u00e9sormais au [&hellip;]<\/p>\n","protected":false},"featured_media":1936,"parent":0,"menu_order":0,"template":"","activite":[5],"yoast_head":"<!-- This site is optimized with the Yoast SEO plugin v19.11 - https:\/\/yoast.com\/wordpress\/plugins\/seo\/ -->\n<title>Le canton des 3 Monts : un territoire uni pour penser l\u2019accueil des tout-petits - Caf 17 - 2025<\/title>\n<meta name=\"robots\" content=\"index, follow, max-snippet:-1, max-image-preview:large, max-video-preview:-1\" \/>\n<link rel=\"canonical\" href=\"https:\/\/caf-rapport-activite.fr\/caf17-2025\/temp-fort\/le-canton-des-3-monts-un-territoire-uni-pour-penser-laccueil-des-tout-petits\/\" \/>\n<meta property=\"og:locale\" content=\"fr_FR\" \/>\n<meta property=\"og:type\" content=\"article\" \/>\n<meta property=\"og:title\" content=\"Le canton des 3 Monts : un territoire uni pour penser l\u2019accueil des tout-petits - Caf 17 - 2025\" \/>\n<meta property=\"og:description\" content=\"Depuis le 1er janvier, avec la cr\u00e9ation du Service Public de la Petite Enfance (SPPE), les communes sont d\u00e9sormais au [&hellip;]\" \/>\n<meta property=\"og:url\" content=\"https:\/\/caf-rapport-activite.fr\/caf17-2025\/temp-fort\/le-canton-des-3-monts-un-territoire-uni-pour-penser-laccueil-des-tout-petits\/\" \/>\n<meta property=\"og:site_name\" content=\"Caf 17 - 2025\" \/>\n<meta property=\"article:modified_time\" content=\"2026-04-16T12:39:54+00:00\" \/>\n<meta property=\"og:image\" content=\"https:\/\/caf-rapport-activite.fr\/caf17-2025\/wp-content\/uploads\/sites\/29\/2026\/04\/20250416_Sppe_cantondes3monts.png\" \/>\n\t<meta property=\"og:image:width\" content=\"900\" \/>\n\t<meta property=\"og:image:height\" content=\"900\" \/>\n\t<meta property=\"og:image:type\" content=\"image\/png\" \/>\n<meta name=\"twitter:card\" content=\"summary_large_image\" \/>\n<meta name=\"twitter:label1\" content=\"Dur\u00e9e de lecture estim\u00e9e\" \/>\n\t<meta name=\"twitter:data1\" content=\"1 minute\" \/>\n<script type=\"application\/ld+json\" class=\"yoast-schema-graph\">{\"@context\":\"https:\/\/schema.org\",\"@graph\":[{\"@type\":\"WebPage\",\"@id\":\"https:\/\/caf-rapport-activite.fr\/caf17-2025\/temp-fort\/le-canton-des-3-monts-un-territoire-uni-pour-penser-laccueil-des-tout-petits\/\",\"url\":\"https:\/\/caf-rapport-activite.fr\/caf17-2025\/temp-fort\/le-canton-des-3-monts-un-territoire-uni-pour-penser-laccueil-des-tout-petits\/\",\"name\":\"Le canton des 3 Monts : un territoire uni pour penser l\u2019accueil des tout-petits - Caf 17 - 2025\",\"isPartOf\":{\"@id\":\"https:\/\/caf-rapport-activite.fr\/caf17-2025\/#website\"},\"datePublished\":\"2026-04-16T12:39:52+00:00\",\"dateModified\":\"2026-04-16T12:39:54+00:00\",\"breadcrumb\":{\"@id\":\"https:\/\/caf-rapport-activite.fr\/caf17-2025\/temp-fort\/le-canton-des-3-monts-un-territoire-uni-pour-penser-laccueil-des-tout-petits\/#breadcrumb\"},\"inLanguage\":\"fr-FR\",\"potentialAction\":[{\"@type\":\"ReadAction\",\"target\":[\"https:\/\/caf-rapport-activite.fr\/caf17-2025\/temp-fort\/le-canton-des-3-monts-un-territoire-uni-pour-penser-laccueil-des-tout-petits\/\"]}]},{\"@type\":\"BreadcrumbList\",\"@id\":\"https:\/\/caf-rapport-activite.fr\/caf17-2025\/temp-fort\/le-canton-des-3-monts-un-territoire-uni-pour-penser-laccueil-des-tout-petits\/#breadcrumb\",\"itemListElement\":[{\"@type\":\"ListItem\",\"position\":1,\"name\":\"Accueil\",\"item\":\"https:\/\/caf-rapport-activite.fr\/caf17-2025\/\"},{\"@type\":\"ListItem\",\"position\":2,\"name\":\"Temps forts\",\"item\":\"https:\/\/caf-rapport-activite.fr\/caf17-2025\/temp-fort\/\"},{\"@type\":\"ListItem\",\"position\":3,\"name\":\"Le canton des 3 Monts : un territoire uni pour penser l\u2019accueil des tout-petits\"}]},{\"@type\":\"WebSite\",\"@id\":\"https:\/\/caf-rapport-activite.fr\/caf17-2025\/#website\",\"url\":\"https:\/\/caf-rapport-activite.fr\/caf17-2025\/\",\"name\":\"Caf 17 - 2025\",\"description\":\"\",\"potentialAction\":[{\"@type\":\"SearchAction\",\"target\":{\"@type\":\"EntryPoint\",\"urlTemplate\":\"https:\/\/caf-rapport-activite.fr\/caf17-2025\/?s={search_term_string}\"},\"query-input\":\"required name=search_term_string\"}],\"inLanguage\":\"fr-FR\"}]}<\/script>\n<!-- \/ Yoast SEO plugin. -->","yoast_head_json":{"title":"Le canton des 3 Monts : un territoire uni pour penser l\u2019accueil des tout-petits - Caf 17 - 2025","robots":{"index":"index","follow":"follow","max-snippet":"max-snippet:-1","max-image-preview":"max-image-preview:large","max-video-preview":"max-video-preview:-1"},"canonical":"https:\/\/caf-rapport-activite.fr\/caf17-2025\/temp-fort\/le-canton-des-3-monts-un-territoire-uni-pour-penser-laccueil-des-tout-petits\/","og_locale":"fr_FR","og_type":"article","og_title":"Le canton des 3 Monts : un territoire uni pour penser l\u2019accueil des tout-petits - Caf 17 - 2025","og_description":"Depuis le 1er janvier, avec la cr\u00e9ation du Service Public de la Petite Enfance (SPPE), les communes sont d\u00e9sormais au [&hellip;]","og_url":"https:\/\/caf-rapport-activite.fr\/caf17-2025\/temp-fort\/le-canton-des-3-monts-un-territoire-uni-pour-penser-laccueil-des-tout-petits\/","og_site_name":"Caf 17 - 2025","article_modified_time":"2026-04-16T12:39:54+00:00","og_image":[{"width":900,"height":900,"url":"https:\/\/caf-rapport-activite.fr\/caf17-2025\/wp-content\/uploads\/sites\/29\/2026\/04\/20250416_Sppe_cantondes3monts.png","type":"image\/png"}],"twitter_card":"summary_large_image","twitter_misc":{"Dur\u00e9e de lecture estim\u00e9e":"1 minute"},"schema":{"@context":"https:\/\/schema.org","@graph":[{"@type":"WebPage","@id":"https:\/\/caf-rapport-activite.fr\/caf17-2025\/temp-fort\/le-canton-des-3-monts-un-territoire-uni-pour-penser-laccueil-des-tout-petits\/","url":"https:\/\/caf-rapport-activite.fr\/caf17-2025\/temp-fort\/le-canton-des-3-monts-un-territoire-uni-pour-penser-laccueil-des-tout-petits\/","name":"Le canton des 3 Monts : un territoire uni pour penser l\u2019accueil des tout-petits - Caf 17 - 2025","isPartOf":{"@id":"https:\/\/caf-rapport-activite.fr\/caf17-2025\/#website"},"datePublished":"2026-04-16T12:39:52+00:00","dateModified":"2026-04-16T12:39:54+00:00","breadcrumb":{"@id":"https:\/\/caf-rapport-activite.fr\/caf17-2025\/temp-fort\/le-canton-des-3-monts-un-territoire-uni-pour-penser-laccueil-des-tout-petits\/#breadcrumb"},"inLanguage":"fr-FR","potentialAction":[{"@type":"ReadAction","target":["https:\/\/caf-rapport-activite.fr\/caf17-2025\/temp-fort\/le-canton-des-3-monts-un-territoire-uni-pour-penser-laccueil-des-tout-petits\/"]}]},{"@type":"BreadcrumbList","@id":"https:\/\/caf-rapport-activite.fr\/caf17-2025\/temp-fort\/le-canton-des-3-monts-un-territoire-uni-pour-penser-laccueil-des-tout-petits\/#breadcrumb","itemListElement":[{"@type":"ListItem","position":1,"name":"Accueil","item":"https:\/\/caf-rapport-activite.fr\/caf17-2025\/"},{"@type":"ListItem","position":2,"name":"Temps forts","item":"https:\/\/caf-rapport-activite.fr\/caf17-2025\/temp-fort\/"},{"@type":"ListItem","position":3,"name":"Le canton des 3 Monts : un territoire uni pour penser l\u2019accueil des tout-petits"}]},{"@type":"WebSite","@id":"https:\/\/caf-rapport-activite.fr\/caf17-2025\/#website","url":"https:\/\/caf-rapport-activite.fr\/caf17-2025\/","name":"Caf 17 - 2025","description":"","potentialAction":[{"@type":"SearchAction","target":{"@type":"EntryPoint","urlTemplate":"https:\/\/caf-rapport-activite.fr\/caf17-2025\/?s={search_term_string}"},"query-input":"required name=search_term_string"}],"inLanguage":"fr-FR"}]}},"_links":{"self":[{"href":"https:\/\/caf-rapport-activite.fr\/caf17-2025\/wp-json\/wp\/v2\/temp-fort\/1935"}],"collection":[{"href":"https:\/\/caf-rapport-activite.fr\/caf17-2025\/wp-json\/wp\/v2\/temp-fort"}],"about":[{"href":"https:\/\/caf-rapport-activite.fr\/caf17-2025\/wp-json\/wp\/v2\/types\/temp-fort"}],"wp:featuredmedia":[{"embeddable":true,"href":"https:\/\/caf-rapport-activite.fr\/caf17-2025\/wp-json\/wp\/v2\/media\/1936"}],"wp:attachment":[{"href":"https:\/\/caf-rapport-activite.fr\/caf17-2025\/wp-json\/wp\/v2\/media?parent=1935"}],"wp:term":[{"taxonomy":"activite","embeddable":true,"href":"https:\/\/caf-rapport-activite.fr\/caf17-2025\/wp-json\/wp\/v2\/activite?post=1935"}],"curies":[{"name":"wp","href":"https:\/\/api.w.org\/{rel}","templated":true}]}}

<p id="block-7237ae82-7f29-432c-8ce7-75decb44dffc"><br>Depuis le 1er janvier, avec la création du Service Public de la Petite Enfance (SPPE), les communes sont désormais au cœur du dispositif d’accueil des tout-petits.<br><br>Pour anticiper les enjeux à venir, le canton des 3 Monts s’est réuni le 16 avril 2025 autour d’un après-midi dédié à la petite enfance.<br><br>Au programme :<br>• Découverte des services du territoire : crèches, relais petite enfance, lieux d’accueil enfants-parents<br>• Éclairage sur les spécificités démographiques locales<br>• Intervention du sociologue <a href="https://www.linkedin.com/in/sociologuepierremoisset/">Pierre Moisset</a>, spécialiste des politiques familiales<br><br>Une mobilisation précieuse qui permet aux élus et professionnels de mieux penser et construire la politique petite enfance de demain.<br><br>L&rsquo;actualité en la matière est particulièrement dense puisque le territoire doit non seulement mettre en place le Service Public de la Petite Enfance, mais aussi renouveler les conventions territoriales globales et l&rsquo;agrément du Relais Petite Enfance itinérant.</p>



<figure class="wp-block-image size-full"><img decoding="async" loading="lazy" width="900" height="900" src="https://caf-rapport-activite.fr/caf17-2025/wp-content/uploads/sites/29/2026/04/20250416_Sppe_cantondes3monts.png" alt="" class="wp-image-1936" srcset="https://caf-rapport-activite.fr/caf17-2025/wp-content/uploads/sites/29/2026/04/20250416_Sppe_cantondes3monts.png 900w, https://caf-rapport-activite.fr/caf17-2025/wp-content/uploads/sites/29/2026/04/20250416_Sppe_cantondes3monts-300x300.png 300w, https://caf-rapport-activite.fr/caf17-2025/wp-content/uploads/sites/29/2026/04/20250416_Sppe_cantondes3monts-150x150.png 150w, https://caf-rapport-activite.fr/caf17-2025/wp-content/uploads/sites/29/2026/04/20250416_Sppe_cantondes3monts-768x768.png 768w" sizes="(max-width: 900px) 100vw, 900px" /></figure>



<p></p>

<p>Depuis le 1er janvier, avec la création du Service Public de la Petite Enfance (SPPE), les communes sont désormais au [&hellip;]</p>

<!-- This site is optimized with the Yoast SEO plugin v19.11 - https://yoast.com/wordpress/plugins/seo/ -->
<title>Le canton des 3 Monts : un territoire uni pour penser l’accueil des tout-petits - Caf 17 - 2025</title>
<meta name="robots" content="index, follow, max-snippet:-1, max-image-preview:large, max-video-preview:-1" />
<link rel="canonical" href="https://caf-rapport-activite.fr/caf17-2025/temp-fort/le-canton-des-3-monts-un-territoire-uni-pour-penser-laccueil-des-tout-petits/" />
<meta property="og:locale" content="fr_FR" />
<meta property="og:type" content="article" />
<meta property="og:title" content="Le canton des 3 Monts : un territoire uni pour penser l’accueil des tout-petits - Caf 17 - 2025" />
<meta property="og:description" content="Depuis le 1er janvier, avec la création du Service Public de la Petite Enfance (SPPE), les communes sont désormais au [&hellip;]" />
<meta property="og:url" content="https://caf-rapport-activite.fr/caf17-2025/temp-fort/le-canton-des-3-monts-un-territoire-uni-pour-penser-laccueil-des-tout-petits/" />
<meta property="og:site_name" content="Caf 17 - 2025" />
<meta property="article:modified_time" content="2026-04-16T12:39:54+00:00" />
<meta property="og:image" content="https://caf-rapport-activite.fr/caf17-2025/wp-content/uploads/sites/29/2026/04/20250416_Sppe_cantondes3monts.png" />
	<meta property="og:image:width" content="900" />
	<meta property="og:image:height" content="900" />
	<meta property="og:image:type" content="image/png" />
<meta name="twitter:card" content="summary_large_image" />
<meta name="twitter:label1" content="Durée de lecture estimée" />
	<meta name="twitter:data1" content="1 minute" />
<script type="application/ld+json" class="yoast-schema-graph">{"@context":"https://schema.org","@graph":[{"@type":"WebPage","@id":"https://caf-rapport-activite.fr/caf17-2025/temp-fort/le-canton-des-3-monts-un-territoire-uni-pour-penser-laccueil-des-tout-petits/","url":"https://caf-rapport-activite.fr/caf17-2025/temp-fort/le-canton-des-3-monts-un-territoire-uni-pour-penser-laccueil-des-tout-petits/","name":"Le canton des 3 Monts : un territoire uni pour penser l’accueil des tout-petits - Caf 17 - 2025","isPartOf":{"@id":"https://caf-rapport-activite.fr/caf17-2025/#website"},"datePublished":"2026-04-16T12:39:52+00:00","dateModified":"2026-04-16T12:39:54+00:00","breadcrumb":{"@id":"https://caf-rapport-activite.fr/caf17-2025/temp-fort/le-canton-des-3-monts-un-territoire-uni-pour-penser-laccueil-des-tout-petits/#breadcrumb"},"inLanguage":"fr-FR","potentialAction":[{"@type":"ReadAction","target":["https://caf-rapport-activite.fr/caf17-2025/temp-fort/le-canton-des-3-monts-un-territoire-uni-pour-penser-laccueil-des-tout-petits/"]}]},{"@type":"BreadcrumbList","@id":"https://caf-rapport-activite.fr/caf17-2025/temp-fort/le-canton-des-3-monts-un-territoire-uni-pour-penser-laccueil-des-tout-petits/#breadcrumb","itemListElement":[{"@type":"ListItem","position":1,"name":"Accueil","item":"https://caf-rapport-activite.fr/caf17-2025/"},{"@type":"ListItem","position":2,"name":"Temps forts","item":"https://caf-rapport-activite.fr/caf17-2025/temp-fort/"},{"@type":"ListItem","position":3,"name":"Le canton des 3 Monts : un territoire uni pour penser l’accueil des tout-petits"}]},{"@type":"WebSite","@id":"https://caf-rapport-activite.fr/caf17-2025/#website","url":"https://caf-rapport-activite.fr/caf17-2025/","name":"Caf 17 - 2025","description":"","potentialAction":[{"@type":"SearchAction","target":{"@type":"EntryPoint","urlTemplate":"https://caf-rapport-activite.fr/caf17-2025/?s={search_term_string}"},"query-input":"required name=search_term_string"}],"inLanguage":"fr-FR"}]}</script>
<!-- / Yoast SEO plugin. -->

Depuis le 1er janvier, avec la création du Service Public de la Petite Enfance (SPPE), les communes sont désormais au [&hellip;]
