{"id":1932,"date":"2026-04-16T14:29:33","date_gmt":"2026-04-16T12:29:33","guid":{"rendered":"https:\/\/caf-rapport-activite.fr\/caf17-2025\/?post_type=temp-fort&#038;p=1932"},"modified":"2026-04-16T14:29:35","modified_gmt":"2026-04-16T12:29:35","slug":"a-la-rencontre-de-la-mdph","status":"publish","type":"temp-fort","link":"https:\/\/caf-rapport-activite.fr\/caf17-2025\/temp-fort\/a-la-rencontre-de-la-mdph\/","title":{"rendered":"A la rencontre de la Mdph"},"content":{"rendered":"\n<p>Le 15 avril 2025, le p\u00f4le \u00ab\u00a0handicap\u00a0\u00bb, du service Prestations, a rencontr\u00e9 la Mdph (maison d\u00e9partementale des personnes handicap\u00e9es).<\/p>\n\n\n\n<p>Mis en place dans le cadre d&rsquo;une nouvelle organisation interne de la Caf, dite \u00ab\u00a0approche populationnelle\u00a0\u00bb, ce p\u00f4le a ainsi pu \u00e9largir le cercle de ses activit\u00e9s habituelles en participant \u00e0 un \u00e9change productif avec un partenaire important.<\/p>\n\n\n\n<h2 id=\"une-quarantaine-d-acteurs-au-service-du-handicap\">Une quarantaine d&rsquo;acteurs au service du handicap<\/h2>\n\n\n\n<p><a href=\"https:\/\/cafdoc.sharepoint.com\/sites\/intranet-org171-local\/SitePages\/Actualit%C3%A9s\/A-la-rencontre-de-la-MDPH.aspx#une-quarantaine-d-acteurs-au-service-du-handicap\"><\/a>Les gestionnaires conseil du p\u00f4le, ont pu \u00e9changer avec les instructeurs, travailleurs sociaux et autres m\u00e9tiers de la Mdph.\u00a0<\/p>\n\n\n\n<p>Les acteurs de la Caf et de la Mdph \u00e9taient donc r\u00e9unis autour de 3 objectifs initiaux :<\/p>\n\n\n\n<ul>\n<li>pr\u00e9senter les missions respectives des deux organismes, illustr\u00e9es de quelques chiffres cl\u00e9s,<\/li>\n\n\n\n<li>pr\u00e9senter les r\u00e8gles essentielles en mati\u00e8re d&rsquo;Aah et d&rsquo;Aeeh, ainsi que les derni\u00e8res \u00e9volutions r\u00e8glementaires,<\/li>\n\n\n\n<li>d\u00e9velopper une interconnaissance mutuelle et r\u00e9pondre aux questions respectives.<\/li>\n<\/ul>\n\n\n\n<h2 id=\"un-premier-pas-vers-un-partenariat-\u00e9largi\">Un premier pas vers un partenariat \u00e9largi<\/h2>\n\n\n\n<p><a href=\"https:\/\/cafdoc.sharepoint.com\/sites\/intranet-org171-local\/SitePages\/Actualit%C3%A9s\/A-la-rencontre-de-la-MDPH.aspx#un-premier-pas-vers-un-partenariat-%C3%A9largi\"><\/a>C\u00f4t\u00e9 Caf, cette pr\u00e9sentation a \u00e9t\u00e9 r\u00e9alis\u00e9e \u00e0 6 voix.\u00a0L&rsquo;ensemble des acteurs de cette rencontre a appr\u00e9ci\u00e9 cette premi\u00e8re \u00e9tape.\u00a0<\/p>\n\n\n\n<p>Elle permettra la\u00a0<strong>construction d&rsquo;un partenariat collaboratif entre les diff\u00e9rents acteurs\u00a0<\/strong>des deux organismes.\u00a0<\/p>\n\n\n\n<figure class=\"wp-block-image size-large\"><img decoding=\"async\" loading=\"lazy\" width=\"1024\" height=\"768\" src=\"https:\/\/caf-rapport-activite.fr\/caf17-2025\/wp-content\/uploads\/sites\/29\/2026\/04\/2025_rencontrecaf-Mdph-1-1024x768.jpg\" alt=\"\" class=\"wp-image-1933\" srcset=\"https:\/\/caf-rapport-activite.fr\/caf17-2025\/wp-content\/uploads\/sites\/29\/2026\/04\/2025_rencontrecaf-Mdph-1-1024x768.jpg 1024w, https:\/\/caf-rapport-activite.fr\/caf17-2025\/wp-content\/uploads\/sites\/29\/2026\/04\/2025_rencontrecaf-Mdph-1-300x225.jpg 300w, https:\/\/caf-rapport-activite.fr\/caf17-2025\/wp-content\/uploads\/sites\/29\/2026\/04\/2025_rencontrecaf-Mdph-1-768x576.jpg 768w, https:\/\/caf-rapport-activite.fr\/caf17-2025\/wp-content\/uploads\/sites\/29\/2026\/04\/2025_rencontrecaf-Mdph-1-1536x1152.jpg 1536w, https:\/\/caf-rapport-activite.fr\/caf17-2025\/wp-content\/uploads\/sites\/29\/2026\/04\/2025_rencontrecaf-Mdph-1-2048x1536.jpg 2048w\" sizes=\"(max-width: 1024px) 100vw, 1024px\" \/><\/figure>\n","protected":false},"excerpt":{"rendered":"<p>Le 15 avril 2025, le p\u00f4le \u00ab\u00a0handicap\u00a0\u00bb, du service Prestations, a rencontr\u00e9 la Mdph (maison d\u00e9partementale des personnes handicap\u00e9es). Mis [&hellip;]<\/p>\n","protected":false},"featured_media":1933,"parent":0,"menu_order":0,"template":"","activite":[2],"yoast_head":"<!-- This site is optimized with the Yoast SEO plugin v19.11 - https:\/\/yoast.com\/wordpress\/plugins\/seo\/ -->\n<title>A la rencontre de la Mdph - Caf 17 - 2025<\/title>\n<meta name=\"robots\" content=\"index, follow, max-snippet:-1, max-image-preview:large, max-video-preview:-1\" \/>\n<link rel=\"canonical\" href=\"https:\/\/caf-rapport-activite.fr\/caf17-2025\/temp-fort\/a-la-rencontre-de-la-mdph\/\" \/>\n<meta property=\"og:locale\" content=\"fr_FR\" \/>\n<meta property=\"og:type\" content=\"article\" \/>\n<meta property=\"og:title\" content=\"A la rencontre de la Mdph - Caf 17 - 2025\" \/>\n<meta property=\"og:description\" content=\"Le 15 avril 2025, le p\u00f4le \u00ab\u00a0handicap\u00a0\u00bb, du service Prestations, a rencontr\u00e9 la Mdph (maison d\u00e9partementale des personnes handicap\u00e9es). Mis [&hellip;]\" \/>\n<meta property=\"og:url\" content=\"https:\/\/caf-rapport-activite.fr\/caf17-2025\/temp-fort\/a-la-rencontre-de-la-mdph\/\" \/>\n<meta property=\"og:site_name\" content=\"Caf 17 - 2025\" \/>\n<meta property=\"article:modified_time\" content=\"2026-04-16T12:29:35+00:00\" \/>\n<meta property=\"og:image\" content=\"https:\/\/caf-rapport-activite.fr\/caf17-2025\/wp-content\/uploads\/sites\/29\/2026\/04\/2025_rencontrecaf-Mdph-1-1024x768.jpg\" \/>\n\t<meta property=\"og:image:width\" content=\"1024\" \/>\n\t<meta property=\"og:image:height\" content=\"768\" \/>\n\t<meta property=\"og:image:type\" content=\"image\/jpeg\" \/>\n<meta name=\"twitter:card\" content=\"summary_large_image\" \/>\n<meta name=\"twitter:label1\" content=\"Dur\u00e9e de lecture estim\u00e9e\" \/>\n\t<meta name=\"twitter:data1\" content=\"2 minutes\" \/>\n<script type=\"application\/ld+json\" class=\"yoast-schema-graph\">{\"@context\":\"https:\/\/schema.org\",\"@graph\":[{\"@type\":\"WebPage\",\"@id\":\"https:\/\/caf-rapport-activite.fr\/caf17-2025\/temp-fort\/a-la-rencontre-de-la-mdph\/\",\"url\":\"https:\/\/caf-rapport-activite.fr\/caf17-2025\/temp-fort\/a-la-rencontre-de-la-mdph\/\",\"name\":\"A la rencontre de la Mdph - Caf 17 - 2025\",\"isPartOf\":{\"@id\":\"https:\/\/caf-rapport-activite.fr\/caf17-2025\/#website\"},\"datePublished\":\"2026-04-16T12:29:33+00:00\",\"dateModified\":\"2026-04-16T12:29:35+00:00\",\"breadcrumb\":{\"@id\":\"https:\/\/caf-rapport-activite.fr\/caf17-2025\/temp-fort\/a-la-rencontre-de-la-mdph\/#breadcrumb\"},\"inLanguage\":\"fr-FR\",\"potentialAction\":[{\"@type\":\"ReadAction\",\"target\":[\"https:\/\/caf-rapport-activite.fr\/caf17-2025\/temp-fort\/a-la-rencontre-de-la-mdph\/\"]}]},{\"@type\":\"BreadcrumbList\",\"@id\":\"https:\/\/caf-rapport-activite.fr\/caf17-2025\/temp-fort\/a-la-rencontre-de-la-mdph\/#breadcrumb\",\"itemListElement\":[{\"@type\":\"ListItem\",\"position\":1,\"name\":\"Accueil\",\"item\":\"https:\/\/caf-rapport-activite.fr\/caf17-2025\/\"},{\"@type\":\"ListItem\",\"position\":2,\"name\":\"Temps forts\",\"item\":\"https:\/\/caf-rapport-activite.fr\/caf17-2025\/temp-fort\/\"},{\"@type\":\"ListItem\",\"position\":3,\"name\":\"A la rencontre de la Mdph\"}]},{\"@type\":\"WebSite\",\"@id\":\"https:\/\/caf-rapport-activite.fr\/caf17-2025\/#website\",\"url\":\"https:\/\/caf-rapport-activite.fr\/caf17-2025\/\",\"name\":\"Caf 17 - 2025\",\"description\":\"\",\"potentialAction\":[{\"@type\":\"SearchAction\",\"target\":{\"@type\":\"EntryPoint\",\"urlTemplate\":\"https:\/\/caf-rapport-activite.fr\/caf17-2025\/?s={search_term_string}\"},\"query-input\":\"required name=search_term_string\"}],\"inLanguage\":\"fr-FR\"}]}<\/script>\n<!-- \/ Yoast SEO plugin. -->","yoast_head_json":{"title":"A la rencontre de la Mdph - Caf 17 - 2025","robots":{"index":"index","follow":"follow","max-snippet":"max-snippet:-1","max-image-preview":"max-image-preview:large","max-video-preview":"max-video-preview:-1"},"canonical":"https:\/\/caf-rapport-activite.fr\/caf17-2025\/temp-fort\/a-la-rencontre-de-la-mdph\/","og_locale":"fr_FR","og_type":"article","og_title":"A la rencontre de la Mdph - Caf 17 - 2025","og_description":"Le 15 avril 2025, le p\u00f4le \u00ab\u00a0handicap\u00a0\u00bb, du service Prestations, a rencontr\u00e9 la Mdph (maison d\u00e9partementale des personnes handicap\u00e9es). Mis [&hellip;]","og_url":"https:\/\/caf-rapport-activite.fr\/caf17-2025\/temp-fort\/a-la-rencontre-de-la-mdph\/","og_site_name":"Caf 17 - 2025","article_modified_time":"2026-04-16T12:29:35+00:00","og_image":[{"width":1024,"height":768,"url":"https:\/\/caf-rapport-activite.fr\/caf17-2025\/wp-content\/uploads\/sites\/29\/2026\/04\/2025_rencontrecaf-Mdph-1-1024x768.jpg","type":"image\/jpeg"}],"twitter_card":"summary_large_image","twitter_misc":{"Dur\u00e9e de lecture estim\u00e9e":"2 minutes"},"schema":{"@context":"https:\/\/schema.org","@graph":[{"@type":"WebPage","@id":"https:\/\/caf-rapport-activite.fr\/caf17-2025\/temp-fort\/a-la-rencontre-de-la-mdph\/","url":"https:\/\/caf-rapport-activite.fr\/caf17-2025\/temp-fort\/a-la-rencontre-de-la-mdph\/","name":"A la rencontre de la Mdph - Caf 17 - 2025","isPartOf":{"@id":"https:\/\/caf-rapport-activite.fr\/caf17-2025\/#website"},"datePublished":"2026-04-16T12:29:33+00:00","dateModified":"2026-04-16T12:29:35+00:00","breadcrumb":{"@id":"https:\/\/caf-rapport-activite.fr\/caf17-2025\/temp-fort\/a-la-rencontre-de-la-mdph\/#breadcrumb"},"inLanguage":"fr-FR","potentialAction":[{"@type":"ReadAction","target":["https:\/\/caf-rapport-activite.fr\/caf17-2025\/temp-fort\/a-la-rencontre-de-la-mdph\/"]}]},{"@type":"BreadcrumbList","@id":"https:\/\/caf-rapport-activite.fr\/caf17-2025\/temp-fort\/a-la-rencontre-de-la-mdph\/#breadcrumb","itemListElement":[{"@type":"ListItem","position":1,"name":"Accueil","item":"https:\/\/caf-rapport-activite.fr\/caf17-2025\/"},{"@type":"ListItem","position":2,"name":"Temps forts","item":"https:\/\/caf-rapport-activite.fr\/caf17-2025\/temp-fort\/"},{"@type":"ListItem","position":3,"name":"A la rencontre de la Mdph"}]},{"@type":"WebSite","@id":"https:\/\/caf-rapport-activite.fr\/caf17-2025\/#website","url":"https:\/\/caf-rapport-activite.fr\/caf17-2025\/","name":"Caf 17 - 2025","description":"","potentialAction":[{"@type":"SearchAction","target":{"@type":"EntryPoint","urlTemplate":"https:\/\/caf-rapport-activite.fr\/caf17-2025\/?s={search_term_string}"},"query-input":"required name=search_term_string"}],"inLanguage":"fr-FR"}]}},"_links":{"self":[{"href":"https:\/\/caf-rapport-activite.fr\/caf17-2025\/wp-json\/wp\/v2\/temp-fort\/1932"}],"collection":[{"href":"https:\/\/caf-rapport-activite.fr\/caf17-2025\/wp-json\/wp\/v2\/temp-fort"}],"about":[{"href":"https:\/\/caf-rapport-activite.fr\/caf17-2025\/wp-json\/wp\/v2\/types\/temp-fort"}],"wp:featuredmedia":[{"embeddable":true,"href":"https:\/\/caf-rapport-activite.fr\/caf17-2025\/wp-json\/wp\/v2\/media\/1933"}],"wp:attachment":[{"href":"https:\/\/caf-rapport-activite.fr\/caf17-2025\/wp-json\/wp\/v2\/media?parent=1932"}],"wp:term":[{"taxonomy":"activite","embeddable":true,"href":"https:\/\/caf-rapport-activite.fr\/caf17-2025\/wp-json\/wp\/v2\/activite?post=1932"}],"curies":[{"name":"wp","href":"https:\/\/api.w.org\/{rel}","templated":true}]}}

<p>Le 15 avril 2025, le pôle « handicap », du service Prestations, a rencontré la Mdph (maison départementale des personnes handicapées).</p>



<p>Mis en place dans le cadre d&rsquo;une nouvelle organisation interne de la Caf, dite « approche populationnelle », ce pôle a ainsi pu élargir le cercle de ses activités habituelles en participant à un échange productif avec un partenaire important.</p>



<h2 id="une-quarantaine-d-acteurs-au-service-du-handicap">Une quarantaine d&rsquo;acteurs au service du handicap</h2>



<p><a href="https://cafdoc.sharepoint.com/sites/intranet-org171-local/SitePages/Actualit%C3%A9s/A-la-rencontre-de-la-MDPH.aspx#une-quarantaine-d-acteurs-au-service-du-handicap"></a>Les gestionnaires conseil du pôle, ont pu échanger avec les instructeurs, travailleurs sociaux et autres métiers de la Mdph. </p>



<p>Les acteurs de la Caf et de la Mdph étaient donc réunis autour de 3 objectifs initiaux :</p>



<ul>
<li>présenter les missions respectives des deux organismes, illustrées de quelques chiffres clés,</li>



<li>présenter les règles essentielles en matière d&rsquo;Aah et d&rsquo;Aeeh, ainsi que les dernières évolutions règlementaires,</li>



<li>développer une interconnaissance mutuelle et répondre aux questions respectives.</li>
</ul>



<h2 id="un-premier-pas-vers-un-partenariat-élargi">Un premier pas vers un partenariat élargi</h2>



<p><a href="https://cafdoc.sharepoint.com/sites/intranet-org171-local/SitePages/Actualit%C3%A9s/A-la-rencontre-de-la-MDPH.aspx#un-premier-pas-vers-un-partenariat-%C3%A9largi"></a>Côté Caf, cette présentation a été réalisée à 6 voix. L&rsquo;ensemble des acteurs de cette rencontre a apprécié cette première étape. </p>



<p>Elle permettra la <strong>construction d&rsquo;un partenariat collaboratif entre les différents acteurs </strong>des deux organismes. </p>



<figure class="wp-block-image size-large"><img decoding="async" loading="lazy" width="1024" height="768" src="https://caf-rapport-activite.fr/caf17-2025/wp-content/uploads/sites/29/2026/04/2025_rencontrecaf-Mdph-1-1024x768.jpg" alt="" class="wp-image-1933" srcset="https://caf-rapport-activite.fr/caf17-2025/wp-content/uploads/sites/29/2026/04/2025_rencontrecaf-Mdph-1-1024x768.jpg 1024w, https://caf-rapport-activite.fr/caf17-2025/wp-content/uploads/sites/29/2026/04/2025_rencontrecaf-Mdph-1-300x225.jpg 300w, https://caf-rapport-activite.fr/caf17-2025/wp-content/uploads/sites/29/2026/04/2025_rencontrecaf-Mdph-1-768x576.jpg 768w, https://caf-rapport-activite.fr/caf17-2025/wp-content/uploads/sites/29/2026/04/2025_rencontrecaf-Mdph-1-1536x1152.jpg 1536w, https://caf-rapport-activite.fr/caf17-2025/wp-content/uploads/sites/29/2026/04/2025_rencontrecaf-Mdph-1-2048x1536.jpg 2048w" sizes="(max-width: 1024px) 100vw, 1024px" /></figure>

<p>Le 15 avril 2025, le pôle « handicap », du service Prestations, a rencontré la Mdph (maison départementale des personnes handicapées). Mis [&hellip;]</p>

<!-- This site is optimized with the Yoast SEO plugin v19.11 - https://yoast.com/wordpress/plugins/seo/ -->
<title>A la rencontre de la Mdph - Caf 17 - 2025</title>
<meta name="robots" content="index, follow, max-snippet:-1, max-image-preview:large, max-video-preview:-1" />
<link rel="canonical" href="https://caf-rapport-activite.fr/caf17-2025/temp-fort/a-la-rencontre-de-la-mdph/" />
<meta property="og:locale" content="fr_FR" />
<meta property="og:type" content="article" />
<meta property="og:title" content="A la rencontre de la Mdph - Caf 17 - 2025" />
<meta property="og:description" content="Le 15 avril 2025, le pôle « handicap », du service Prestations, a rencontré la Mdph (maison départementale des personnes handicapées). Mis [&hellip;]" />
<meta property="og:url" content="https://caf-rapport-activite.fr/caf17-2025/temp-fort/a-la-rencontre-de-la-mdph/" />
<meta property="og:site_name" content="Caf 17 - 2025" />
<meta property="article:modified_time" content="2026-04-16T12:29:35+00:00" />
<meta property="og:image" content="https://caf-rapport-activite.fr/caf17-2025/wp-content/uploads/sites/29/2026/04/2025_rencontrecaf-Mdph-1-1024x768.jpg" />
	<meta property="og:image:width" content="1024" />
	<meta property="og:image:height" content="768" />
	<meta property="og:image:type" content="image/jpeg" />
<meta name="twitter:card" content="summary_large_image" />
<meta name="twitter:label1" content="Durée de lecture estimée" />
	<meta name="twitter:data1" content="2 minutes" />
<script type="application/ld+json" class="yoast-schema-graph">{"@context":"https://schema.org","@graph":[{"@type":"WebPage","@id":"https://caf-rapport-activite.fr/caf17-2025/temp-fort/a-la-rencontre-de-la-mdph/","url":"https://caf-rapport-activite.fr/caf17-2025/temp-fort/a-la-rencontre-de-la-mdph/","name":"A la rencontre de la Mdph - Caf 17 - 2025","isPartOf":{"@id":"https://caf-rapport-activite.fr/caf17-2025/#website"},"datePublished":"2026-04-16T12:29:33+00:00","dateModified":"2026-04-16T12:29:35+00:00","breadcrumb":{"@id":"https://caf-rapport-activite.fr/caf17-2025/temp-fort/a-la-rencontre-de-la-mdph/#breadcrumb"},"inLanguage":"fr-FR","potentialAction":[{"@type":"ReadAction","target":["https://caf-rapport-activite.fr/caf17-2025/temp-fort/a-la-rencontre-de-la-mdph/"]}]},{"@type":"BreadcrumbList","@id":"https://caf-rapport-activite.fr/caf17-2025/temp-fort/a-la-rencontre-de-la-mdph/#breadcrumb","itemListElement":[{"@type":"ListItem","position":1,"name":"Accueil","item":"https://caf-rapport-activite.fr/caf17-2025/"},{"@type":"ListItem","position":2,"name":"Temps forts","item":"https://caf-rapport-activite.fr/caf17-2025/temp-fort/"},{"@type":"ListItem","position":3,"name":"A la rencontre de la Mdph"}]},{"@type":"WebSite","@id":"https://caf-rapport-activite.fr/caf17-2025/#website","url":"https://caf-rapport-activite.fr/caf17-2025/","name":"Caf 17 - 2025","description":"","potentialAction":[{"@type":"SearchAction","target":{"@type":"EntryPoint","urlTemplate":"https://caf-rapport-activite.fr/caf17-2025/?s={search_term_string}"},"query-input":"required name=search_term_string"}],"inLanguage":"fr-FR"}]}</script>
<!-- / Yoast SEO plugin. -->

Le 15 avril 2025, le pôle « handicap », du service Prestations, a rencontré la Mdph (maison départementale des personnes handicapées). Mis [&hellip;]
