{"id":1902,"date":"2026-04-16T12:11:20","date_gmt":"2026-04-16T10:11:20","guid":{"rendered":"https:\/\/caf-rapport-activite.fr\/caf17-2025\/?post_type=temp-fort&#038;p=1902"},"modified":"2026-04-16T14:16:20","modified_gmt":"2026-04-16T12:16:20","slug":"animation-du-reseau-des-rpe","status":"publish","type":"temp-fort","link":"https:\/\/caf-rapport-activite.fr\/caf17-2025\/temp-fort\/animation-du-reseau-des-rpe\/","title":{"rendered":"Animation du r\u00e9seau des RPE"},"content":{"rendered":"\n<p>Le 11 mars 2025, le r\u00e9seau d\u00e9partemental des Relais Petite Enfance (RPE) s\u2019est r\u00e9uni \u00e0 Saint-Jean d\u2019Ang\u00e9ly, lors d\u2019une r\u00e9union anim\u00e9e par la Caf de la Charente-Maritime. <br><br>Une trentaine d&rsquo;animatrices de Relais se sont retrouv\u00e9es pour partager et \u00e9changer sur diff\u00e9rents sujets, dont :<\/p>\n\n\n\n<ul>\n<li>Les actualit\u00e9s en petite enfance (Service public de la petite enfance, exp\u00e9rimentation Laep, informations sur les groupes de travail du Sdsf, \u2026)<\/li>\n\n\n\n<li>Le nouveau processus d\u2019accompagnement des lieux d\u2019accueil en itin\u00e9rance des Rpe<\/li>\n\n\n\n<li>La pr\u00e9sentation d\u2019une trame d\u2019accompagnement des projets de Mam par les Rpe<\/li>\n\n\n\n<li>Les formations.<\/li>\n<\/ul>\n\n\n\n<p>Des groupes de travail se sont \u00e9galement investis dans la communication et la valorisation de leurs actions sur les territoires, avec un focus sur 4 th\u00e9matiques importantes :<\/p>\n\n\n\n<ul>\n<li>Handicap et inclusion (parents et\/ou enfants)<\/li>\n\n\n\n<li>Mise en place de temps passerelles<\/li>\n\n\n\n<li>Accessibilit\u00e9 \u00e0 la culture et\/ou au sport pour tous<\/li>\n\n\n\n<li>Sensibilisation au d\u00e9veloppement durable et \u00e0 la transition \u00e9cologique.<\/li>\n<\/ul>\n\n\n\n<p>Gr\u00e2ce \u00e0 ces moments d&rsquo;\u00e9changes orchestr\u00e9s par la Caf de la Charente-Maritime, le r\u00e9seau RPE reste attentif aux enjeux des territoires.<\/p>\n\n\n\n<p>Il est pleinement \u00e0 l&rsquo;\u00e9coute des besoins et pr\u00e9occupations des acteurs locaux, pour favoriser une collaboration renforc\u00e9e.<\/p>\n\n\n\n<p>Cette approche permet de r\u00e9pondre efficacement aux d\u00e9fis de la petite enfance.<\/p>\n\n\n\n<div class=\"is-layout-flex wp-block-buttons\"><\/div>\n\n\n\n<figure class=\"is-layout-flex wp-block-gallery-2 wp-block-gallery has-nested-images columns-default is-cropped\">\n<figure class=\"wp-block-image size-large\"><img decoding=\"async\" loading=\"lazy\" width=\"1024\" height=\"768\" data-id=\"1927\"  src=\"https:\/\/caf-rapport-activite.fr\/caf17-2025\/wp-content\/uploads\/sites\/29\/2026\/04\/20250311_150007-1-1024x768.jpg\" alt=\"\" class=\"wp-image-1927\" srcset=\"https:\/\/caf-rapport-activite.fr\/caf17-2025\/wp-content\/uploads\/sites\/29\/2026\/04\/20250311_150007-1-1024x768.jpg 1024w, https:\/\/caf-rapport-activite.fr\/caf17-2025\/wp-content\/uploads\/sites\/29\/2026\/04\/20250311_150007-1-300x225.jpg 300w, https:\/\/caf-rapport-activite.fr\/caf17-2025\/wp-content\/uploads\/sites\/29\/2026\/04\/20250311_150007-1-768x576.jpg 768w, https:\/\/caf-rapport-activite.fr\/caf17-2025\/wp-content\/uploads\/sites\/29\/2026\/04\/20250311_150007-1-1536x1152.jpg 1536w, https:\/\/caf-rapport-activite.fr\/caf17-2025\/wp-content\/uploads\/sites\/29\/2026\/04\/20250311_150007-1-2048x1536.jpg 2048w\" sizes=\"(max-width: 1024px) 100vw, 1024px\" \/><\/figure>\n\n\n\n<figure class=\"wp-block-image size-large\"><img decoding=\"async\" loading=\"lazy\" width=\"480\" height=\"640\" data-id=\"1928\"  src=\"https:\/\/caf-rapport-activite.fr\/caf17-2025\/wp-content\/uploads\/sites\/29\/2026\/04\/Reseau-RPE-2-11-03-2025.jpg\" alt=\"\" class=\"wp-image-1928\" srcset=\"https:\/\/caf-rapport-activite.fr\/caf17-2025\/wp-content\/uploads\/sites\/29\/2026\/04\/Reseau-RPE-2-11-03-2025.jpg 480w, https:\/\/caf-rapport-activite.fr\/caf17-2025\/wp-content\/uploads\/sites\/29\/2026\/04\/Reseau-RPE-2-11-03-2025-225x300.jpg 225w\" sizes=\"(max-width: 480px) 100vw, 480px\" \/><\/figure>\n\n\n\n<figure class=\"wp-block-image size-large\"><img decoding=\"async\" loading=\"lazy\" width=\"1024\" height=\"768\" data-id=\"1929\"  src=\"https:\/\/caf-rapport-activite.fr\/caf17-2025\/wp-content\/uploads\/sites\/29\/2026\/04\/20250311_095158-1024x768.jpg\" alt=\"\" class=\"wp-image-1929\" srcset=\"https:\/\/caf-rapport-activite.fr\/caf17-2025\/wp-content\/uploads\/sites\/29\/2026\/04\/20250311_095158-1024x768.jpg 1024w, https:\/\/caf-rapport-activite.fr\/caf17-2025\/wp-content\/uploads\/sites\/29\/2026\/04\/20250311_095158-300x225.jpg 300w, https:\/\/caf-rapport-activite.fr\/caf17-2025\/wp-content\/uploads\/sites\/29\/2026\/04\/20250311_095158-768x576.jpg 768w, https:\/\/caf-rapport-activite.fr\/caf17-2025\/wp-content\/uploads\/sites\/29\/2026\/04\/20250311_095158-1536x1152.jpg 1536w, https:\/\/caf-rapport-activite.fr\/caf17-2025\/wp-content\/uploads\/sites\/29\/2026\/04\/20250311_095158-2048x1536.jpg 2048w\" sizes=\"(max-width: 1024px) 100vw, 1024px\" \/><\/figure>\n<\/figure>\n","protected":false},"excerpt":{"rendered":"<p>Le 11 mars 2025, le r\u00e9seau d\u00e9partemental des Relais Petite Enfance (RPE) s\u2019est r\u00e9uni \u00e0 Saint-Jean d\u2019Ang\u00e9ly, lors d\u2019une r\u00e9union [&hellip;]<\/p>\n","protected":false},"featured_media":1929,"parent":0,"menu_order":0,"template":"","activite":[5],"yoast_head":"<!-- This site is optimized with the Yoast SEO plugin v19.11 - https:\/\/yoast.com\/wordpress\/plugins\/seo\/ -->\n<title>Animation du r\u00e9seau des RPE - Caf 17 - 2025<\/title>\n<meta name=\"robots\" content=\"index, follow, max-snippet:-1, max-image-preview:large, max-video-preview:-1\" \/>\n<link rel=\"canonical\" href=\"https:\/\/caf-rapport-activite.fr\/caf17-2025\/temp-fort\/animation-du-reseau-des-rpe\/\" \/>\n<meta property=\"og:locale\" content=\"fr_FR\" \/>\n<meta property=\"og:type\" content=\"article\" \/>\n<meta property=\"og:title\" content=\"Animation du r\u00e9seau des RPE - Caf 17 - 2025\" \/>\n<meta property=\"og:description\" content=\"Le 11 mars 2025, le r\u00e9seau d\u00e9partemental des Relais Petite Enfance (RPE) s\u2019est r\u00e9uni \u00e0 Saint-Jean d\u2019Ang\u00e9ly, lors d\u2019une r\u00e9union [&hellip;]\" \/>\n<meta property=\"og:url\" content=\"https:\/\/caf-rapport-activite.fr\/caf17-2025\/temp-fort\/animation-du-reseau-des-rpe\/\" \/>\n<meta property=\"og:site_name\" content=\"Caf 17 - 2025\" \/>\n<meta property=\"article:modified_time\" content=\"2026-04-16T12:16:20+00:00\" \/>\n<meta property=\"og:image\" content=\"https:\/\/caf-rapport-activite.fr\/caf17-2025\/wp-content\/uploads\/sites\/29\/2026\/04\/20250311_095158-1024x768.jpg\" \/>\n\t<meta property=\"og:image:width\" content=\"1024\" \/>\n\t<meta property=\"og:image:height\" content=\"768\" \/>\n\t<meta property=\"og:image:type\" content=\"image\/jpeg\" \/>\n<meta name=\"twitter:card\" content=\"summary_large_image\" \/>\n<meta name=\"twitter:label1\" content=\"Dur\u00e9e de lecture estim\u00e9e\" \/>\n\t<meta name=\"twitter:data1\" content=\"2 minutes\" \/>\n<script type=\"application\/ld+json\" class=\"yoast-schema-graph\">{\"@context\":\"https:\/\/schema.org\",\"@graph\":[{\"@type\":\"WebPage\",\"@id\":\"https:\/\/caf-rapport-activite.fr\/caf17-2025\/temp-fort\/animation-du-reseau-des-rpe\/\",\"url\":\"https:\/\/caf-rapport-activite.fr\/caf17-2025\/temp-fort\/animation-du-reseau-des-rpe\/\",\"name\":\"Animation du r\u00e9seau des RPE - Caf 17 - 2025\",\"isPartOf\":{\"@id\":\"https:\/\/caf-rapport-activite.fr\/caf17-2025\/#website\"},\"datePublished\":\"2026-04-16T10:11:20+00:00\",\"dateModified\":\"2026-04-16T12:16:20+00:00\",\"breadcrumb\":{\"@id\":\"https:\/\/caf-rapport-activite.fr\/caf17-2025\/temp-fort\/animation-du-reseau-des-rpe\/#breadcrumb\"},\"inLanguage\":\"fr-FR\",\"potentialAction\":[{\"@type\":\"ReadAction\",\"target\":[\"https:\/\/caf-rapport-activite.fr\/caf17-2025\/temp-fort\/animation-du-reseau-des-rpe\/\"]}]},{\"@type\":\"BreadcrumbList\",\"@id\":\"https:\/\/caf-rapport-activite.fr\/caf17-2025\/temp-fort\/animation-du-reseau-des-rpe\/#breadcrumb\",\"itemListElement\":[{\"@type\":\"ListItem\",\"position\":1,\"name\":\"Accueil\",\"item\":\"https:\/\/caf-rapport-activite.fr\/caf17-2025\/\"},{\"@type\":\"ListItem\",\"position\":2,\"name\":\"Temps forts\",\"item\":\"https:\/\/caf-rapport-activite.fr\/caf17-2025\/temp-fort\/\"},{\"@type\":\"ListItem\",\"position\":3,\"name\":\"Animation du r\u00e9seau des RPE\"}]},{\"@type\":\"WebSite\",\"@id\":\"https:\/\/caf-rapport-activite.fr\/caf17-2025\/#website\",\"url\":\"https:\/\/caf-rapport-activite.fr\/caf17-2025\/\",\"name\":\"Caf 17 - 2025\",\"description\":\"\",\"potentialAction\":[{\"@type\":\"SearchAction\",\"target\":{\"@type\":\"EntryPoint\",\"urlTemplate\":\"https:\/\/caf-rapport-activite.fr\/caf17-2025\/?s={search_term_string}\"},\"query-input\":\"required name=search_term_string\"}],\"inLanguage\":\"fr-FR\"}]}<\/script>\n<!-- \/ Yoast SEO plugin. -->","yoast_head_json":{"title":"Animation du r\u00e9seau des RPE - Caf 17 - 2025","robots":{"index":"index","follow":"follow","max-snippet":"max-snippet:-1","max-image-preview":"max-image-preview:large","max-video-preview":"max-video-preview:-1"},"canonical":"https:\/\/caf-rapport-activite.fr\/caf17-2025\/temp-fort\/animation-du-reseau-des-rpe\/","og_locale":"fr_FR","og_type":"article","og_title":"Animation du r\u00e9seau des RPE - Caf 17 - 2025","og_description":"Le 11 mars 2025, le r\u00e9seau d\u00e9partemental des Relais Petite Enfance (RPE) s\u2019est r\u00e9uni \u00e0 Saint-Jean d\u2019Ang\u00e9ly, lors d\u2019une r\u00e9union [&hellip;]","og_url":"https:\/\/caf-rapport-activite.fr\/caf17-2025\/temp-fort\/animation-du-reseau-des-rpe\/","og_site_name":"Caf 17 - 2025","article_modified_time":"2026-04-16T12:16:20+00:00","og_image":[{"width":1024,"height":768,"url":"https:\/\/caf-rapport-activite.fr\/caf17-2025\/wp-content\/uploads\/sites\/29\/2026\/04\/20250311_095158-1024x768.jpg","type":"image\/jpeg"}],"twitter_card":"summary_large_image","twitter_misc":{"Dur\u00e9e de lecture estim\u00e9e":"2 minutes"},"schema":{"@context":"https:\/\/schema.org","@graph":[{"@type":"WebPage","@id":"https:\/\/caf-rapport-activite.fr\/caf17-2025\/temp-fort\/animation-du-reseau-des-rpe\/","url":"https:\/\/caf-rapport-activite.fr\/caf17-2025\/temp-fort\/animation-du-reseau-des-rpe\/","name":"Animation du r\u00e9seau des RPE - Caf 17 - 2025","isPartOf":{"@id":"https:\/\/caf-rapport-activite.fr\/caf17-2025\/#website"},"datePublished":"2026-04-16T10:11:20+00:00","dateModified":"2026-04-16T12:16:20+00:00","breadcrumb":{"@id":"https:\/\/caf-rapport-activite.fr\/caf17-2025\/temp-fort\/animation-du-reseau-des-rpe\/#breadcrumb"},"inLanguage":"fr-FR","potentialAction":[{"@type":"ReadAction","target":["https:\/\/caf-rapport-activite.fr\/caf17-2025\/temp-fort\/animation-du-reseau-des-rpe\/"]}]},{"@type":"BreadcrumbList","@id":"https:\/\/caf-rapport-activite.fr\/caf17-2025\/temp-fort\/animation-du-reseau-des-rpe\/#breadcrumb","itemListElement":[{"@type":"ListItem","position":1,"name":"Accueil","item":"https:\/\/caf-rapport-activite.fr\/caf17-2025\/"},{"@type":"ListItem","position":2,"name":"Temps forts","item":"https:\/\/caf-rapport-activite.fr\/caf17-2025\/temp-fort\/"},{"@type":"ListItem","position":3,"name":"Animation du r\u00e9seau des RPE"}]},{"@type":"WebSite","@id":"https:\/\/caf-rapport-activite.fr\/caf17-2025\/#website","url":"https:\/\/caf-rapport-activite.fr\/caf17-2025\/","name":"Caf 17 - 2025","description":"","potentialAction":[{"@type":"SearchAction","target":{"@type":"EntryPoint","urlTemplate":"https:\/\/caf-rapport-activite.fr\/caf17-2025\/?s={search_term_string}"},"query-input":"required name=search_term_string"}],"inLanguage":"fr-FR"}]}},"_links":{"self":[{"href":"https:\/\/caf-rapport-activite.fr\/caf17-2025\/wp-json\/wp\/v2\/temp-fort\/1902"}],"collection":[{"href":"https:\/\/caf-rapport-activite.fr\/caf17-2025\/wp-json\/wp\/v2\/temp-fort"}],"about":[{"href":"https:\/\/caf-rapport-activite.fr\/caf17-2025\/wp-json\/wp\/v2\/types\/temp-fort"}],"wp:featuredmedia":[{"embeddable":true,"href":"https:\/\/caf-rapport-activite.fr\/caf17-2025\/wp-json\/wp\/v2\/media\/1929"}],"wp:attachment":[{"href":"https:\/\/caf-rapport-activite.fr\/caf17-2025\/wp-json\/wp\/v2\/media?parent=1902"}],"wp:term":[{"taxonomy":"activite","embeddable":true,"href":"https:\/\/caf-rapport-activite.fr\/caf17-2025\/wp-json\/wp\/v2\/activite?post=1902"}],"curies":[{"name":"wp","href":"https:\/\/api.w.org\/{rel}","templated":true}]}}

Animation du réseau des RPE

<p>Le 11 mars 2025, le réseau départemental des Relais Petite Enfance (RPE) s’est réuni à Saint-Jean d’Angély, lors d’une réunion animée par la Caf de la Charente-Maritime. <br><br>Une trentaine d&rsquo;animatrices de Relais se sont retrouvées pour partager et échanger sur différents sujets, dont :</p>



<ul>
<li>Les actualités en petite enfance (Service public de la petite enfance, expérimentation Laep, informations sur les groupes de travail du Sdsf, …)</li>



<li>Le nouveau processus d’accompagnement des lieux d’accueil en itinérance des Rpe</li>



<li>La présentation d’une trame d’accompagnement des projets de Mam par les Rpe</li>



<li>Les formations.</li>
</ul>



<p>Des groupes de travail se sont également investis dans la communication et la valorisation de leurs actions sur les territoires, avec un focus sur 4 thématiques importantes :</p>



<ul>
<li>Handicap et inclusion (parents et/ou enfants)</li>



<li>Mise en place de temps passerelles</li>



<li>Accessibilité à la culture et/ou au sport pour tous</li>



<li>Sensibilisation au développement durable et à la transition écologique.</li>
</ul>



<p>Grâce à ces moments d&rsquo;échanges orchestrés par la Caf de la Charente-Maritime, le réseau RPE reste attentif aux enjeux des territoires.</p>



<p>Il est pleinement à l&rsquo;écoute des besoins et préoccupations des acteurs locaux, pour favoriser une collaboration renforcée.</p>



<p>Cette approche permet de répondre efficacement aux défis de la petite enfance.</p>



<div class="is-layout-flex wp-block-buttons"></div>



<figure class="is-layout-flex wp-block-gallery-2 wp-block-gallery has-nested-images columns-default is-cropped">
<figure class="wp-block-image size-large"><img decoding="async" loading="lazy" width="1024" height="768" data-id="1927"  src="https://caf-rapport-activite.fr/caf17-2025/wp-content/uploads/sites/29/2026/04/20250311_150007-1-1024x768.jpg" alt="" class="wp-image-1927" srcset="https://caf-rapport-activite.fr/caf17-2025/wp-content/uploads/sites/29/2026/04/20250311_150007-1-1024x768.jpg 1024w, https://caf-rapport-activite.fr/caf17-2025/wp-content/uploads/sites/29/2026/04/20250311_150007-1-300x225.jpg 300w, https://caf-rapport-activite.fr/caf17-2025/wp-content/uploads/sites/29/2026/04/20250311_150007-1-768x576.jpg 768w, https://caf-rapport-activite.fr/caf17-2025/wp-content/uploads/sites/29/2026/04/20250311_150007-1-1536x1152.jpg 1536w, https://caf-rapport-activite.fr/caf17-2025/wp-content/uploads/sites/29/2026/04/20250311_150007-1-2048x1536.jpg 2048w" sizes="(max-width: 1024px) 100vw, 1024px" /></figure>



<figure class="wp-block-image size-large"><img decoding="async" loading="lazy" width="480" height="640" data-id="1928"  src="https://caf-rapport-activite.fr/caf17-2025/wp-content/uploads/sites/29/2026/04/Reseau-RPE-2-11-03-2025.jpg" alt="" class="wp-image-1928" srcset="https://caf-rapport-activite.fr/caf17-2025/wp-content/uploads/sites/29/2026/04/Reseau-RPE-2-11-03-2025.jpg 480w, https://caf-rapport-activite.fr/caf17-2025/wp-content/uploads/sites/29/2026/04/Reseau-RPE-2-11-03-2025-225x300.jpg 225w" sizes="(max-width: 480px) 100vw, 480px" /></figure>



<figure class="wp-block-image size-large"><img decoding="async" loading="lazy" width="1024" height="768" data-id="1929"  src="https://caf-rapport-activite.fr/caf17-2025/wp-content/uploads/sites/29/2026/04/20250311_095158-1024x768.jpg" alt="" class="wp-image-1929" srcset="https://caf-rapport-activite.fr/caf17-2025/wp-content/uploads/sites/29/2026/04/20250311_095158-1024x768.jpg 1024w, https://caf-rapport-activite.fr/caf17-2025/wp-content/uploads/sites/29/2026/04/20250311_095158-300x225.jpg 300w, https://caf-rapport-activite.fr/caf17-2025/wp-content/uploads/sites/29/2026/04/20250311_095158-768x576.jpg 768w, https://caf-rapport-activite.fr/caf17-2025/wp-content/uploads/sites/29/2026/04/20250311_095158-1536x1152.jpg 1536w, https://caf-rapport-activite.fr/caf17-2025/wp-content/uploads/sites/29/2026/04/20250311_095158-2048x1536.jpg 2048w" sizes="(max-width: 1024px) 100vw, 1024px" /></figure>
</figure>

<p>Le 11 mars 2025, le réseau départemental des Relais Petite Enfance (RPE) s’est réuni à Saint-Jean d’Angély, lors d’une réunion [&hellip;]</p>

<!-- This site is optimized with the Yoast SEO plugin v19.11 - https://yoast.com/wordpress/plugins/seo/ -->
<title>Animation du réseau des RPE - Caf 17 - 2025</title>
<meta name="robots" content="index, follow, max-snippet:-1, max-image-preview:large, max-video-preview:-1" />
<link rel="canonical" href="https://caf-rapport-activite.fr/caf17-2025/temp-fort/animation-du-reseau-des-rpe/" />
<meta property="og:locale" content="fr_FR" />
<meta property="og:type" content="article" />
<meta property="og:title" content="Animation du réseau des RPE - Caf 17 - 2025" />
<meta property="og:description" content="Le 11 mars 2025, le réseau départemental des Relais Petite Enfance (RPE) s’est réuni à Saint-Jean d’Angély, lors d’une réunion [&hellip;]" />
<meta property="og:url" content="https://caf-rapport-activite.fr/caf17-2025/temp-fort/animation-du-reseau-des-rpe/" />
<meta property="og:site_name" content="Caf 17 - 2025" />
<meta property="article:modified_time" content="2026-04-16T12:16:20+00:00" />
<meta property="og:image" content="https://caf-rapport-activite.fr/caf17-2025/wp-content/uploads/sites/29/2026/04/20250311_095158-1024x768.jpg" />
	<meta property="og:image:width" content="1024" />
	<meta property="og:image:height" content="768" />
	<meta property="og:image:type" content="image/jpeg" />
<meta name="twitter:card" content="summary_large_image" />
<meta name="twitter:label1" content="Durée de lecture estimée" />
	<meta name="twitter:data1" content="2 minutes" />
<script type="application/ld+json" class="yoast-schema-graph">{"@context":"https://schema.org","@graph":[{"@type":"WebPage","@id":"https://caf-rapport-activite.fr/caf17-2025/temp-fort/animation-du-reseau-des-rpe/","url":"https://caf-rapport-activite.fr/caf17-2025/temp-fort/animation-du-reseau-des-rpe/","name":"Animation du réseau des RPE - Caf 17 - 2025","isPartOf":{"@id":"https://caf-rapport-activite.fr/caf17-2025/#website"},"datePublished":"2026-04-16T10:11:20+00:00","dateModified":"2026-04-16T12:16:20+00:00","breadcrumb":{"@id":"https://caf-rapport-activite.fr/caf17-2025/temp-fort/animation-du-reseau-des-rpe/#breadcrumb"},"inLanguage":"fr-FR","potentialAction":[{"@type":"ReadAction","target":["https://caf-rapport-activite.fr/caf17-2025/temp-fort/animation-du-reseau-des-rpe/"]}]},{"@type":"BreadcrumbList","@id":"https://caf-rapport-activite.fr/caf17-2025/temp-fort/animation-du-reseau-des-rpe/#breadcrumb","itemListElement":[{"@type":"ListItem","position":1,"name":"Accueil","item":"https://caf-rapport-activite.fr/caf17-2025/"},{"@type":"ListItem","position":2,"name":"Temps forts","item":"https://caf-rapport-activite.fr/caf17-2025/temp-fort/"},{"@type":"ListItem","position":3,"name":"Animation du réseau des RPE"}]},{"@type":"WebSite","@id":"https://caf-rapport-activite.fr/caf17-2025/#website","url":"https://caf-rapport-activite.fr/caf17-2025/","name":"Caf 17 - 2025","description":"","potentialAction":[{"@type":"SearchAction","target":{"@type":"EntryPoint","urlTemplate":"https://caf-rapport-activite.fr/caf17-2025/?s={search_term_string}"},"query-input":"required name=search_term_string"}],"inLanguage":"fr-FR"}]}</script>
<!-- / Yoast SEO plugin. -->

Animation du réseau des RPE - Caf 17 - 2025

Le 11 mars 2025, le réseau départemental des Relais Petite Enfance (RPE) s’est réuni à Saint-Jean d’Angély, lors d’une réunion [&hellip;]
