{"id":1900,"date":"2026-04-15T16:54:22","date_gmt":"2026-04-15T14:54:22","guid":{"rendered":"https:\/\/caf-rapport-activite.fr\/caf17-2025\/?post_type=temp-fort&#038;p=1900"},"modified":"2026-04-15T16:54:24","modified_gmt":"2026-04-15T14:54:24","slug":"visite-de-nicolas-grivel-directeur-general-de-la-cnaf","status":"publish","type":"temp-fort","link":"https:\/\/caf-rapport-activite.fr\/caf17-2025\/temp-fort\/visite-de-nicolas-grivel-directeur-general-de-la-cnaf\/","title":{"rendered":"Visite de Nicolas Grivel, directeur g\u00e9n\u00e9ral de la Cnaf"},"content":{"rendered":"\n<p>Le 21 mars 2025, le directeur g\u00e9n\u00e9ral de la Cnaf, Nicolas GRIVEL, nous a rendu visite.<\/p>\n\n\n\n<p>Au programme : une journ\u00e9e pour d\u00e9couvrir les m\u00e9tiers, les sp\u00e9cificit\u00e9s de la Caf de la Charente-Maritime et \u00e9changer avec les agents.<\/p>\n\n\n\n<p>Le programme fut donc intense avec un d\u00e9marrage sur le site de la rue Villeneuve, \u00e0 La Rochelle : \u00e9changes avec les coll\u00e8gues de la plateforme de services et les formateurs et stagiaires Vademecaf.&nbsp;<\/p>\n\n\n\n<p>Retour au si\u00e8ge pour :<\/p>\n\n\n\n<ul>\n<li>une rencontre avec les services ; &nbsp;<\/li>\n\n\n\n<li>une pr\u00e9sentation des grandes lignes de notre projet d&rsquo;entreprise et en particulier du sch\u00e9ma d\u00e9partemental d&rsquo;accompagnement au changement climatique (Sdacc) ;&nbsp;<\/li>\n\n\n\n<li>des \u00e9changes sur notre politique territoriale, les conventions territoriales globales, les relations avec les partenaires et \u00e9lus ;&nbsp;<\/li>\n<\/ul>\n\n\n\n<p>Et enfin, visite de notre cr\u00e8che d&rsquo;entreprise, la Maisonn\u00e9e de J\u00e9richo, premi\u00e8re \u00e9colo-cr\u00e8che du d\u00e9partement.<\/p>\n\n\n\n<figure class=\"is-layout-flex wp-block-gallery-1 wp-block-gallery has-nested-images columns-default is-cropped\">\n<figure class=\"wp-block-image size-large\"><img decoding=\"async\" loading=\"lazy\" width=\"1024\" height=\"576\" data-id=\"1895\"  src=\"https:\/\/caf-rapport-activite.fr\/caf17-2025\/wp-content\/uploads\/sites\/29\/2026\/04\/IMG_E4890-1024x576.jpg\" alt=\"\" class=\"wp-image-1895\" srcset=\"https:\/\/caf-rapport-activite.fr\/caf17-2025\/wp-content\/uploads\/sites\/29\/2026\/04\/IMG_E4890-1024x576.jpg 1024w, https:\/\/caf-rapport-activite.fr\/caf17-2025\/wp-content\/uploads\/sites\/29\/2026\/04\/IMG_E4890-300x169.jpg 300w, https:\/\/caf-rapport-activite.fr\/caf17-2025\/wp-content\/uploads\/sites\/29\/2026\/04\/IMG_E4890-768x432.jpg 768w, https:\/\/caf-rapport-activite.fr\/caf17-2025\/wp-content\/uploads\/sites\/29\/2026\/04\/IMG_E4890-1536x864.jpg 1536w, https:\/\/caf-rapport-activite.fr\/caf17-2025\/wp-content\/uploads\/sites\/29\/2026\/04\/IMG_E4890-2048x1152.jpg 2048w\" sizes=\"(max-width: 1024px) 100vw, 1024px\" \/><figcaption class=\"wp-element-caption\">Les formateurs Vademecaf<\/figcaption><\/figure>\n\n\n\n<figure class=\"wp-block-image size-large\"><img decoding=\"async\" loading=\"lazy\" width=\"1024\" height=\"576\" data-id=\"1896\"  src=\"https:\/\/caf-rapport-activite.fr\/caf17-2025\/wp-content\/uploads\/sites\/29\/2026\/04\/IMG_E4910-1024x576.jpg\" alt=\"\" class=\"wp-image-1896\" srcset=\"https:\/\/caf-rapport-activite.fr\/caf17-2025\/wp-content\/uploads\/sites\/29\/2026\/04\/IMG_E4910-1024x576.jpg 1024w, https:\/\/caf-rapport-activite.fr\/caf17-2025\/wp-content\/uploads\/sites\/29\/2026\/04\/IMG_E4910-300x169.jpg 300w, https:\/\/caf-rapport-activite.fr\/caf17-2025\/wp-content\/uploads\/sites\/29\/2026\/04\/IMG_E4910-768x432.jpg 768w, https:\/\/caf-rapport-activite.fr\/caf17-2025\/wp-content\/uploads\/sites\/29\/2026\/04\/IMG_E4910-1536x864.jpg 1536w, https:\/\/caf-rapport-activite.fr\/caf17-2025\/wp-content\/uploads\/sites\/29\/2026\/04\/IMG_E4910-2048x1152.jpg 2048w\" sizes=\"(max-width: 1024px) 100vw, 1024px\" \/><figcaption class=\"wp-element-caption\">Echanges au service RH<\/figcaption><\/figure>\n\n\n\n<figure class=\"wp-block-image size-large\"><img decoding=\"async\" loading=\"lazy\" width=\"1024\" height=\"768\" data-id=\"1897\"  src=\"https:\/\/caf-rapport-activite.fr\/caf17-2025\/wp-content\/uploads\/sites\/29\/2026\/04\/IMG_4996-1024x768.jpg\" alt=\"\" class=\"wp-image-1897\" srcset=\"https:\/\/caf-rapport-activite.fr\/caf17-2025\/wp-content\/uploads\/sites\/29\/2026\/04\/IMG_4996-1024x768.jpg 1024w, https:\/\/caf-rapport-activite.fr\/caf17-2025\/wp-content\/uploads\/sites\/29\/2026\/04\/IMG_4996-300x225.jpg 300w, https:\/\/caf-rapport-activite.fr\/caf17-2025\/wp-content\/uploads\/sites\/29\/2026\/04\/IMG_4996-768x576.jpg 768w, https:\/\/caf-rapport-activite.fr\/caf17-2025\/wp-content\/uploads\/sites\/29\/2026\/04\/IMG_4996-1536x1152.jpg 1536w, https:\/\/caf-rapport-activite.fr\/caf17-2025\/wp-content\/uploads\/sites\/29\/2026\/04\/IMG_4996-2048x1536.jpg 2048w\" sizes=\"(max-width: 1024px) 100vw, 1024px\" \/><figcaption class=\"wp-element-caption\">Le partenariat en action \u00e0 la cr\u00e8che d&rsquo;entreprise<\/figcaption><\/figure>\n<\/figure>\n","protected":false},"excerpt":{"rendered":"<p>Le 21 mars 2025, le directeur g\u00e9n\u00e9ral de la Cnaf, Nicolas GRIVEL, nous a rendu visite. Au programme : une [&hellip;]<\/p>\n","protected":false},"featured_media":1898,"parent":0,"menu_order":0,"template":"","activite":[],"yoast_head":"<!-- This site is optimized with the Yoast SEO plugin v19.11 - https:\/\/yoast.com\/wordpress\/plugins\/seo\/ -->\n<title>Visite de Nicolas Grivel, directeur g\u00e9n\u00e9ral de la Cnaf - Caf 17 - 2025<\/title>\n<meta name=\"robots\" content=\"index, follow, max-snippet:-1, max-image-preview:large, max-video-preview:-1\" \/>\n<link rel=\"canonical\" href=\"https:\/\/caf-rapport-activite.fr\/caf17-2025\/temp-fort\/visite-de-nicolas-grivel-directeur-general-de-la-cnaf\/\" \/>\n<meta property=\"og:locale\" content=\"fr_FR\" \/>\n<meta property=\"og:type\" content=\"article\" \/>\n<meta property=\"og:title\" content=\"Visite de Nicolas Grivel, directeur g\u00e9n\u00e9ral de la Cnaf - Caf 17 - 2025\" \/>\n<meta property=\"og:description\" content=\"Le 21 mars 2025, le directeur g\u00e9n\u00e9ral de la Cnaf, Nicolas GRIVEL, nous a rendu visite. Au programme : une [&hellip;]\" \/>\n<meta property=\"og:url\" content=\"https:\/\/caf-rapport-activite.fr\/caf17-2025\/temp-fort\/visite-de-nicolas-grivel-directeur-general-de-la-cnaf\/\" \/>\n<meta property=\"og:site_name\" content=\"Caf 17 - 2025\" \/>\n<meta property=\"article:modified_time\" content=\"2026-04-15T14:54:24+00:00\" \/>\n<meta property=\"og:image\" content=\"https:\/\/caf-rapport-activite.fr\/caf17-2025\/wp-content\/uploads\/sites\/29\/2026\/04\/IMG_4977.jpg\" \/>\n\t<meta property=\"og:image:width\" content=\"4032\" \/>\n\t<meta property=\"og:image:height\" content=\"3024\" \/>\n\t<meta property=\"og:image:type\" content=\"image\/jpeg\" \/>\n<meta name=\"twitter:card\" content=\"summary_large_image\" \/>\n<meta name=\"twitter:label1\" content=\"Dur\u00e9e de lecture estim\u00e9e\" \/>\n\t<meta name=\"twitter:data1\" content=\"2 minutes\" \/>\n<script type=\"application\/ld+json\" class=\"yoast-schema-graph\">{\"@context\":\"https:\/\/schema.org\",\"@graph\":[{\"@type\":\"WebPage\",\"@id\":\"https:\/\/caf-rapport-activite.fr\/caf17-2025\/temp-fort\/visite-de-nicolas-grivel-directeur-general-de-la-cnaf\/\",\"url\":\"https:\/\/caf-rapport-activite.fr\/caf17-2025\/temp-fort\/visite-de-nicolas-grivel-directeur-general-de-la-cnaf\/\",\"name\":\"Visite de Nicolas Grivel, directeur g\u00e9n\u00e9ral de la Cnaf - Caf 17 - 2025\",\"isPartOf\":{\"@id\":\"https:\/\/caf-rapport-activite.fr\/caf17-2025\/#website\"},\"datePublished\":\"2026-04-15T14:54:22+00:00\",\"dateModified\":\"2026-04-15T14:54:24+00:00\",\"breadcrumb\":{\"@id\":\"https:\/\/caf-rapport-activite.fr\/caf17-2025\/temp-fort\/visite-de-nicolas-grivel-directeur-general-de-la-cnaf\/#breadcrumb\"},\"inLanguage\":\"fr-FR\",\"potentialAction\":[{\"@type\":\"ReadAction\",\"target\":[\"https:\/\/caf-rapport-activite.fr\/caf17-2025\/temp-fort\/visite-de-nicolas-grivel-directeur-general-de-la-cnaf\/\"]}]},{\"@type\":\"BreadcrumbList\",\"@id\":\"https:\/\/caf-rapport-activite.fr\/caf17-2025\/temp-fort\/visite-de-nicolas-grivel-directeur-general-de-la-cnaf\/#breadcrumb\",\"itemListElement\":[{\"@type\":\"ListItem\",\"position\":1,\"name\":\"Accueil\",\"item\":\"https:\/\/caf-rapport-activite.fr\/caf17-2025\/\"},{\"@type\":\"ListItem\",\"position\":2,\"name\":\"Temps forts\",\"item\":\"https:\/\/caf-rapport-activite.fr\/caf17-2025\/temp-fort\/\"},{\"@type\":\"ListItem\",\"position\":3,\"name\":\"Visite de Nicolas Grivel, directeur g\u00e9n\u00e9ral de la Cnaf\"}]},{\"@type\":\"WebSite\",\"@id\":\"https:\/\/caf-rapport-activite.fr\/caf17-2025\/#website\",\"url\":\"https:\/\/caf-rapport-activite.fr\/caf17-2025\/\",\"name\":\"Caf 17 - 2025\",\"description\":\"\",\"potentialAction\":[{\"@type\":\"SearchAction\",\"target\":{\"@type\":\"EntryPoint\",\"urlTemplate\":\"https:\/\/caf-rapport-activite.fr\/caf17-2025\/?s={search_term_string}\"},\"query-input\":\"required name=search_term_string\"}],\"inLanguage\":\"fr-FR\"}]}<\/script>\n<!-- \/ Yoast SEO plugin. -->","yoast_head_json":{"title":"Visite de Nicolas Grivel, directeur g\u00e9n\u00e9ral de la Cnaf - Caf 17 - 2025","robots":{"index":"index","follow":"follow","max-snippet":"max-snippet:-1","max-image-preview":"max-image-preview:large","max-video-preview":"max-video-preview:-1"},"canonical":"https:\/\/caf-rapport-activite.fr\/caf17-2025\/temp-fort\/visite-de-nicolas-grivel-directeur-general-de-la-cnaf\/","og_locale":"fr_FR","og_type":"article","og_title":"Visite de Nicolas Grivel, directeur g\u00e9n\u00e9ral de la Cnaf - Caf 17 - 2025","og_description":"Le 21 mars 2025, le directeur g\u00e9n\u00e9ral de la Cnaf, Nicolas GRIVEL, nous a rendu visite. Au programme : une [&hellip;]","og_url":"https:\/\/caf-rapport-activite.fr\/caf17-2025\/temp-fort\/visite-de-nicolas-grivel-directeur-general-de-la-cnaf\/","og_site_name":"Caf 17 - 2025","article_modified_time":"2026-04-15T14:54:24+00:00","og_image":[{"width":4032,"height":3024,"url":"https:\/\/caf-rapport-activite.fr\/caf17-2025\/wp-content\/uploads\/sites\/29\/2026\/04\/IMG_4977.jpg","type":"image\/jpeg"}],"twitter_card":"summary_large_image","twitter_misc":{"Dur\u00e9e de lecture estim\u00e9e":"2 minutes"},"schema":{"@context":"https:\/\/schema.org","@graph":[{"@type":"WebPage","@id":"https:\/\/caf-rapport-activite.fr\/caf17-2025\/temp-fort\/visite-de-nicolas-grivel-directeur-general-de-la-cnaf\/","url":"https:\/\/caf-rapport-activite.fr\/caf17-2025\/temp-fort\/visite-de-nicolas-grivel-directeur-general-de-la-cnaf\/","name":"Visite de Nicolas Grivel, directeur g\u00e9n\u00e9ral de la Cnaf - Caf 17 - 2025","isPartOf":{"@id":"https:\/\/caf-rapport-activite.fr\/caf17-2025\/#website"},"datePublished":"2026-04-15T14:54:22+00:00","dateModified":"2026-04-15T14:54:24+00:00","breadcrumb":{"@id":"https:\/\/caf-rapport-activite.fr\/caf17-2025\/temp-fort\/visite-de-nicolas-grivel-directeur-general-de-la-cnaf\/#breadcrumb"},"inLanguage":"fr-FR","potentialAction":[{"@type":"ReadAction","target":["https:\/\/caf-rapport-activite.fr\/caf17-2025\/temp-fort\/visite-de-nicolas-grivel-directeur-general-de-la-cnaf\/"]}]},{"@type":"BreadcrumbList","@id":"https:\/\/caf-rapport-activite.fr\/caf17-2025\/temp-fort\/visite-de-nicolas-grivel-directeur-general-de-la-cnaf\/#breadcrumb","itemListElement":[{"@type":"ListItem","position":1,"name":"Accueil","item":"https:\/\/caf-rapport-activite.fr\/caf17-2025\/"},{"@type":"ListItem","position":2,"name":"Temps forts","item":"https:\/\/caf-rapport-activite.fr\/caf17-2025\/temp-fort\/"},{"@type":"ListItem","position":3,"name":"Visite de Nicolas Grivel, directeur g\u00e9n\u00e9ral de la Cnaf"}]},{"@type":"WebSite","@id":"https:\/\/caf-rapport-activite.fr\/caf17-2025\/#website","url":"https:\/\/caf-rapport-activite.fr\/caf17-2025\/","name":"Caf 17 - 2025","description":"","potentialAction":[{"@type":"SearchAction","target":{"@type":"EntryPoint","urlTemplate":"https:\/\/caf-rapport-activite.fr\/caf17-2025\/?s={search_term_string}"},"query-input":"required name=search_term_string"}],"inLanguage":"fr-FR"}]}},"_links":{"self":[{"href":"https:\/\/caf-rapport-activite.fr\/caf17-2025\/wp-json\/wp\/v2\/temp-fort\/1900"}],"collection":[{"href":"https:\/\/caf-rapport-activite.fr\/caf17-2025\/wp-json\/wp\/v2\/temp-fort"}],"about":[{"href":"https:\/\/caf-rapport-activite.fr\/caf17-2025\/wp-json\/wp\/v2\/types\/temp-fort"}],"wp:featuredmedia":[{"embeddable":true,"href":"https:\/\/caf-rapport-activite.fr\/caf17-2025\/wp-json\/wp\/v2\/media\/1898"}],"wp:attachment":[{"href":"https:\/\/caf-rapport-activite.fr\/caf17-2025\/wp-json\/wp\/v2\/media?parent=1900"}],"wp:term":[{"taxonomy":"activite","embeddable":true,"href":"https:\/\/caf-rapport-activite.fr\/caf17-2025\/wp-json\/wp\/v2\/activite?post=1900"}],"curies":[{"name":"wp","href":"https:\/\/api.w.org\/{rel}","templated":true}]}}

Visite de Nicolas Grivel, directeur général de la Cnaf

<p>Le 21 mars 2025, le directeur général de la Cnaf, Nicolas GRIVEL, nous a rendu visite.</p>



<p>Au programme : une journée pour découvrir les métiers, les spécificités de la Caf de la Charente-Maritime et échanger avec les agents.</p>



<p>Le programme fut donc intense avec un démarrage sur le site de la rue Villeneuve, à La Rochelle : échanges avec les collègues de la plateforme de services et les formateurs et stagiaires Vademecaf.&nbsp;</p>



<p>Retour au siège pour :</p>



<ul>
<li>une rencontre avec les services ; &nbsp;</li>



<li>une présentation des grandes lignes de notre projet d&rsquo;entreprise et en particulier du schéma départemental d&rsquo;accompagnement au changement climatique (Sdacc) ;&nbsp;</li>



<li>des échanges sur notre politique territoriale, les conventions territoriales globales, les relations avec les partenaires et élus ;&nbsp;</li>
</ul>



<p>Et enfin, visite de notre crèche d&rsquo;entreprise, la Maisonnée de Jéricho, première écolo-crèche du département.</p>



<figure class="is-layout-flex wp-block-gallery-1 wp-block-gallery has-nested-images columns-default is-cropped">
<figure class="wp-block-image size-large"><img decoding="async" loading="lazy" width="1024" height="576" data-id="1895"  src="https://caf-rapport-activite.fr/caf17-2025/wp-content/uploads/sites/29/2026/04/IMG_E4890-1024x576.jpg" alt="" class="wp-image-1895" srcset="https://caf-rapport-activite.fr/caf17-2025/wp-content/uploads/sites/29/2026/04/IMG_E4890-1024x576.jpg 1024w, https://caf-rapport-activite.fr/caf17-2025/wp-content/uploads/sites/29/2026/04/IMG_E4890-300x169.jpg 300w, https://caf-rapport-activite.fr/caf17-2025/wp-content/uploads/sites/29/2026/04/IMG_E4890-768x432.jpg 768w, https://caf-rapport-activite.fr/caf17-2025/wp-content/uploads/sites/29/2026/04/IMG_E4890-1536x864.jpg 1536w, https://caf-rapport-activite.fr/caf17-2025/wp-content/uploads/sites/29/2026/04/IMG_E4890-2048x1152.jpg 2048w" sizes="(max-width: 1024px) 100vw, 1024px" /><figcaption class="wp-element-caption">Les formateurs Vademecaf</figcaption></figure>



<figure class="wp-block-image size-large"><img decoding="async" loading="lazy" width="1024" height="576" data-id="1896"  src="https://caf-rapport-activite.fr/caf17-2025/wp-content/uploads/sites/29/2026/04/IMG_E4910-1024x576.jpg" alt="" class="wp-image-1896" srcset="https://caf-rapport-activite.fr/caf17-2025/wp-content/uploads/sites/29/2026/04/IMG_E4910-1024x576.jpg 1024w, https://caf-rapport-activite.fr/caf17-2025/wp-content/uploads/sites/29/2026/04/IMG_E4910-300x169.jpg 300w, https://caf-rapport-activite.fr/caf17-2025/wp-content/uploads/sites/29/2026/04/IMG_E4910-768x432.jpg 768w, https://caf-rapport-activite.fr/caf17-2025/wp-content/uploads/sites/29/2026/04/IMG_E4910-1536x864.jpg 1536w, https://caf-rapport-activite.fr/caf17-2025/wp-content/uploads/sites/29/2026/04/IMG_E4910-2048x1152.jpg 2048w" sizes="(max-width: 1024px) 100vw, 1024px" /><figcaption class="wp-element-caption">Echanges au service RH</figcaption></figure>



<figure class="wp-block-image size-large"><img decoding="async" loading="lazy" width="1024" height="768" data-id="1897"  src="https://caf-rapport-activite.fr/caf17-2025/wp-content/uploads/sites/29/2026/04/IMG_4996-1024x768.jpg" alt="" class="wp-image-1897" srcset="https://caf-rapport-activite.fr/caf17-2025/wp-content/uploads/sites/29/2026/04/IMG_4996-1024x768.jpg 1024w, https://caf-rapport-activite.fr/caf17-2025/wp-content/uploads/sites/29/2026/04/IMG_4996-300x225.jpg 300w, https://caf-rapport-activite.fr/caf17-2025/wp-content/uploads/sites/29/2026/04/IMG_4996-768x576.jpg 768w, https://caf-rapport-activite.fr/caf17-2025/wp-content/uploads/sites/29/2026/04/IMG_4996-1536x1152.jpg 1536w, https://caf-rapport-activite.fr/caf17-2025/wp-content/uploads/sites/29/2026/04/IMG_4996-2048x1536.jpg 2048w" sizes="(max-width: 1024px) 100vw, 1024px" /><figcaption class="wp-element-caption">Le partenariat en action à la crèche d&rsquo;entreprise</figcaption></figure>
</figure>

<p>Le 21 mars 2025, le directeur général de la Cnaf, Nicolas GRIVEL, nous a rendu visite. Au programme : une [&hellip;]</p>

<!-- This site is optimized with the Yoast SEO plugin v19.11 - https://yoast.com/wordpress/plugins/seo/ -->
<title>Visite de Nicolas Grivel, directeur général de la Cnaf - Caf 17 - 2025</title>
<meta name="robots" content="index, follow, max-snippet:-1, max-image-preview:large, max-video-preview:-1" />
<link rel="canonical" href="https://caf-rapport-activite.fr/caf17-2025/temp-fort/visite-de-nicolas-grivel-directeur-general-de-la-cnaf/" />
<meta property="og:locale" content="fr_FR" />
<meta property="og:type" content="article" />
<meta property="og:title" content="Visite de Nicolas Grivel, directeur général de la Cnaf - Caf 17 - 2025" />
<meta property="og:description" content="Le 21 mars 2025, le directeur général de la Cnaf, Nicolas GRIVEL, nous a rendu visite. Au programme : une [&hellip;]" />
<meta property="og:url" content="https://caf-rapport-activite.fr/caf17-2025/temp-fort/visite-de-nicolas-grivel-directeur-general-de-la-cnaf/" />
<meta property="og:site_name" content="Caf 17 - 2025" />
<meta property="article:modified_time" content="2026-04-15T14:54:24+00:00" />
<meta property="og:image" content="https://caf-rapport-activite.fr/caf17-2025/wp-content/uploads/sites/29/2026/04/IMG_4977.jpg" />
	<meta property="og:image:width" content="4032" />
	<meta property="og:image:height" content="3024" />
	<meta property="og:image:type" content="image/jpeg" />
<meta name="twitter:card" content="summary_large_image" />
<meta name="twitter:label1" content="Durée de lecture estimée" />
	<meta name="twitter:data1" content="2 minutes" />
<script type="application/ld+json" class="yoast-schema-graph">{"@context":"https://schema.org","@graph":[{"@type":"WebPage","@id":"https://caf-rapport-activite.fr/caf17-2025/temp-fort/visite-de-nicolas-grivel-directeur-general-de-la-cnaf/","url":"https://caf-rapport-activite.fr/caf17-2025/temp-fort/visite-de-nicolas-grivel-directeur-general-de-la-cnaf/","name":"Visite de Nicolas Grivel, directeur général de la Cnaf - Caf 17 - 2025","isPartOf":{"@id":"https://caf-rapport-activite.fr/caf17-2025/#website"},"datePublished":"2026-04-15T14:54:22+00:00","dateModified":"2026-04-15T14:54:24+00:00","breadcrumb":{"@id":"https://caf-rapport-activite.fr/caf17-2025/temp-fort/visite-de-nicolas-grivel-directeur-general-de-la-cnaf/#breadcrumb"},"inLanguage":"fr-FR","potentialAction":[{"@type":"ReadAction","target":["https://caf-rapport-activite.fr/caf17-2025/temp-fort/visite-de-nicolas-grivel-directeur-general-de-la-cnaf/"]}]},{"@type":"BreadcrumbList","@id":"https://caf-rapport-activite.fr/caf17-2025/temp-fort/visite-de-nicolas-grivel-directeur-general-de-la-cnaf/#breadcrumb","itemListElement":[{"@type":"ListItem","position":1,"name":"Accueil","item":"https://caf-rapport-activite.fr/caf17-2025/"},{"@type":"ListItem","position":2,"name":"Temps forts","item":"https://caf-rapport-activite.fr/caf17-2025/temp-fort/"},{"@type":"ListItem","position":3,"name":"Visite de Nicolas Grivel, directeur général de la Cnaf"}]},{"@type":"WebSite","@id":"https://caf-rapport-activite.fr/caf17-2025/#website","url":"https://caf-rapport-activite.fr/caf17-2025/","name":"Caf 17 - 2025","description":"","potentialAction":[{"@type":"SearchAction","target":{"@type":"EntryPoint","urlTemplate":"https://caf-rapport-activite.fr/caf17-2025/?s={search_term_string}"},"query-input":"required name=search_term_string"}],"inLanguage":"fr-FR"}]}</script>
<!-- / Yoast SEO plugin. -->

Visite de Nicolas Grivel, directeur général de la Cnaf - Caf 17 - 2025

Le 21 mars 2025, le directeur général de la Cnaf, Nicolas GRIVEL, nous a rendu visite. Au programme : une [&hellip;]
