{"id":1887,"date":"2026-04-15T16:23:33","date_gmt":"2026-04-15T14:23:33","guid":{"rendered":"https:\/\/caf-rapport-activite.fr\/caf17-2025\/?post_type=temp-fort&#038;p=1887"},"modified":"2026-04-15T16:27:57","modified_gmt":"2026-04-15T14:27:57","slug":"un-accompagnement-formation-inedit-par-la-gendarmerie","status":"publish","type":"temp-fort","link":"https:\/\/caf-rapport-activite.fr\/caf17-2025\/temp-fort\/un-accompagnement-formation-inedit-par-la-gendarmerie\/","title":{"rendered":"Un accompagnement formation in\u00e9dit par la gendarmerie"},"content":{"rendered":"\n<p>Dans le cadre de la gestion des incivilit\u00e9s, la Caf a sign\u00e9 une convention avec la Gendarmerie qui a propos\u00e9 d\u2019animer une formation sur la gestion des entretiens difficiles. <\/p>\n\n\n\n<p>Cette formation a \u00e9t\u00e9 dispens\u00e9e le 28 janvier 2025 \u00e0 l\u2019ensemble des agents de la relation de service de niveau 1.<\/p>\n\n\n\n<p>Elle a \u00e9t\u00e9 anim\u00e9e par deux gendarmes qui sont n\u00e9gociateurs pour le GIGN et qui interviennent r\u00e9guli\u00e8rement sur le terrain.<\/p>\n\n\n\n<p><strong>\ud83c\udfafLes objectifs principaux \u00e9taient&nbsp;:<\/strong><\/p>\n\n\n\n<ul>\n<li>D\u00e9samorcer les conflits<\/li>\n\n\n\n<li>Faciliter la communication<\/li>\n\n\n\n<li>R\u00e9tablir la relation<\/li>\n<\/ul>\n\n\n\n<p>Si l\u2019importance de l\u2019\u00e9coute a \u00e9t\u00e9 mise en avant, de nombreux points ont \u00e9t\u00e9 \u00e9voqu\u00e9s comme la compr\u00e9hension de notre fonctionnement dans la relation avec autrui ainsi que les impacts du stress dans les \u00e9changes.<\/p>\n\n\n\n<p>Ponctu\u00e9e d\u2019anecdotes, cette formation a \u00e9t\u00e9 tr\u00e8s appr\u00e9ci\u00e9e par l\u2019ensemble des agents.<\/p>\n\n\n\n<figure class=\"wp-block-image size-medium\"><img decoding=\"async\" loading=\"lazy\" width=\"300\" height=\"225\" src=\"https:\/\/caf-rapport-activite.fr\/caf17-2025\/wp-content\/uploads\/sites\/29\/2026\/04\/20250128_intervention-gendarmerie-300x225.jpg\" alt=\"\" class=\"wp-image-1888\" srcset=\"https:\/\/caf-rapport-activite.fr\/caf17-2025\/wp-content\/uploads\/sites\/29\/2026\/04\/20250128_intervention-gendarmerie-300x225.jpg 300w, https:\/\/caf-rapport-activite.fr\/caf17-2025\/wp-content\/uploads\/sites\/29\/2026\/04\/20250128_intervention-gendarmerie-1024x768.jpg 1024w, https:\/\/caf-rapport-activite.fr\/caf17-2025\/wp-content\/uploads\/sites\/29\/2026\/04\/20250128_intervention-gendarmerie-768x576.jpg 768w, https:\/\/caf-rapport-activite.fr\/caf17-2025\/wp-content\/uploads\/sites\/29\/2026\/04\/20250128_intervention-gendarmerie-1536x1152.jpg 1536w, https:\/\/caf-rapport-activite.fr\/caf17-2025\/wp-content\/uploads\/sites\/29\/2026\/04\/20250128_intervention-gendarmerie-2048x1536.jpg 2048w\" sizes=\"(max-width: 300px) 100vw, 300px\" \/><\/figure>\n","protected":false},"excerpt":{"rendered":"<p>Dans le cadre de la gestion des incivilit\u00e9s, la Caf a sign\u00e9 une convention avec la Gendarmerie qui a propos\u00e9 [&hellip;]<\/p>\n","protected":false},"featured_media":1888,"parent":0,"menu_order":0,"template":"","activite":[3],"yoast_head":"<!-- This site is optimized with the Yoast SEO plugin v19.11 - https:\/\/yoast.com\/wordpress\/plugins\/seo\/ -->\n<title>Un accompagnement formation in\u00e9dit par la gendarmerie - Caf 17 - 2025<\/title>\n<meta name=\"robots\" content=\"index, follow, max-snippet:-1, max-image-preview:large, max-video-preview:-1\" \/>\n<link rel=\"canonical\" href=\"https:\/\/caf-rapport-activite.fr\/caf17-2025\/temp-fort\/un-accompagnement-formation-inedit-par-la-gendarmerie\/\" \/>\n<meta property=\"og:locale\" content=\"fr_FR\" \/>\n<meta property=\"og:type\" content=\"article\" \/>\n<meta property=\"og:title\" content=\"Un accompagnement formation in\u00e9dit par la gendarmerie - Caf 17 - 2025\" \/>\n<meta property=\"og:description\" content=\"Dans le cadre de la gestion des incivilit\u00e9s, la Caf a sign\u00e9 une convention avec la Gendarmerie qui a propos\u00e9 [&hellip;]\" \/>\n<meta property=\"og:url\" content=\"https:\/\/caf-rapport-activite.fr\/caf17-2025\/temp-fort\/un-accompagnement-formation-inedit-par-la-gendarmerie\/\" \/>\n<meta property=\"og:site_name\" content=\"Caf 17 - 2025\" \/>\n<meta property=\"article:modified_time\" content=\"2026-04-15T14:27:57+00:00\" \/>\n<meta property=\"og:image\" content=\"https:\/\/caf-rapport-activite.fr\/caf17-2025\/wp-content\/uploads\/sites\/29\/2026\/04\/20250128_intervention-gendarmerie-1024x768.jpg\" \/>\n\t<meta property=\"og:image:width\" content=\"1024\" \/>\n\t<meta property=\"og:image:height\" content=\"768\" \/>\n\t<meta property=\"og:image:type\" content=\"image\/jpeg\" \/>\n<meta name=\"twitter:card\" content=\"summary_large_image\" \/>\n<meta name=\"twitter:label1\" content=\"Dur\u00e9e de lecture estim\u00e9e\" \/>\n\t<meta name=\"twitter:data1\" content=\"1 minute\" \/>\n<script type=\"application\/ld+json\" class=\"yoast-schema-graph\">{\"@context\":\"https:\/\/schema.org\",\"@graph\":[{\"@type\":\"WebPage\",\"@id\":\"https:\/\/caf-rapport-activite.fr\/caf17-2025\/temp-fort\/un-accompagnement-formation-inedit-par-la-gendarmerie\/\",\"url\":\"https:\/\/caf-rapport-activite.fr\/caf17-2025\/temp-fort\/un-accompagnement-formation-inedit-par-la-gendarmerie\/\",\"name\":\"Un accompagnement formation in\u00e9dit par la gendarmerie - Caf 17 - 2025\",\"isPartOf\":{\"@id\":\"https:\/\/caf-rapport-activite.fr\/caf17-2025\/#website\"},\"datePublished\":\"2026-04-15T14:23:33+00:00\",\"dateModified\":\"2026-04-15T14:27:57+00:00\",\"breadcrumb\":{\"@id\":\"https:\/\/caf-rapport-activite.fr\/caf17-2025\/temp-fort\/un-accompagnement-formation-inedit-par-la-gendarmerie\/#breadcrumb\"},\"inLanguage\":\"fr-FR\",\"potentialAction\":[{\"@type\":\"ReadAction\",\"target\":[\"https:\/\/caf-rapport-activite.fr\/caf17-2025\/temp-fort\/un-accompagnement-formation-inedit-par-la-gendarmerie\/\"]}]},{\"@type\":\"BreadcrumbList\",\"@id\":\"https:\/\/caf-rapport-activite.fr\/caf17-2025\/temp-fort\/un-accompagnement-formation-inedit-par-la-gendarmerie\/#breadcrumb\",\"itemListElement\":[{\"@type\":\"ListItem\",\"position\":1,\"name\":\"Accueil\",\"item\":\"https:\/\/caf-rapport-activite.fr\/caf17-2025\/\"},{\"@type\":\"ListItem\",\"position\":2,\"name\":\"Temps forts\",\"item\":\"https:\/\/caf-rapport-activite.fr\/caf17-2025\/temp-fort\/\"},{\"@type\":\"ListItem\",\"position\":3,\"name\":\"Un accompagnement formation in\u00e9dit par la gendarmerie\"}]},{\"@type\":\"WebSite\",\"@id\":\"https:\/\/caf-rapport-activite.fr\/caf17-2025\/#website\",\"url\":\"https:\/\/caf-rapport-activite.fr\/caf17-2025\/\",\"name\":\"Caf 17 - 2025\",\"description\":\"\",\"potentialAction\":[{\"@type\":\"SearchAction\",\"target\":{\"@type\":\"EntryPoint\",\"urlTemplate\":\"https:\/\/caf-rapport-activite.fr\/caf17-2025\/?s={search_term_string}\"},\"query-input\":\"required name=search_term_string\"}],\"inLanguage\":\"fr-FR\"}]}<\/script>\n<!-- \/ Yoast SEO plugin. -->","yoast_head_json":{"title":"Un accompagnement formation in\u00e9dit par la gendarmerie - Caf 17 - 2025","robots":{"index":"index","follow":"follow","max-snippet":"max-snippet:-1","max-image-preview":"max-image-preview:large","max-video-preview":"max-video-preview:-1"},"canonical":"https:\/\/caf-rapport-activite.fr\/caf17-2025\/temp-fort\/un-accompagnement-formation-inedit-par-la-gendarmerie\/","og_locale":"fr_FR","og_type":"article","og_title":"Un accompagnement formation in\u00e9dit par la gendarmerie - Caf 17 - 2025","og_description":"Dans le cadre de la gestion des incivilit\u00e9s, la Caf a sign\u00e9 une convention avec la Gendarmerie qui a propos\u00e9 [&hellip;]","og_url":"https:\/\/caf-rapport-activite.fr\/caf17-2025\/temp-fort\/un-accompagnement-formation-inedit-par-la-gendarmerie\/","og_site_name":"Caf 17 - 2025","article_modified_time":"2026-04-15T14:27:57+00:00","og_image":[{"width":1024,"height":768,"url":"https:\/\/caf-rapport-activite.fr\/caf17-2025\/wp-content\/uploads\/sites\/29\/2026\/04\/20250128_intervention-gendarmerie-1024x768.jpg","type":"image\/jpeg"}],"twitter_card":"summary_large_image","twitter_misc":{"Dur\u00e9e de lecture estim\u00e9e":"1 minute"},"schema":{"@context":"https:\/\/schema.org","@graph":[{"@type":"WebPage","@id":"https:\/\/caf-rapport-activite.fr\/caf17-2025\/temp-fort\/un-accompagnement-formation-inedit-par-la-gendarmerie\/","url":"https:\/\/caf-rapport-activite.fr\/caf17-2025\/temp-fort\/un-accompagnement-formation-inedit-par-la-gendarmerie\/","name":"Un accompagnement formation in\u00e9dit par la gendarmerie - Caf 17 - 2025","isPartOf":{"@id":"https:\/\/caf-rapport-activite.fr\/caf17-2025\/#website"},"datePublished":"2026-04-15T14:23:33+00:00","dateModified":"2026-04-15T14:27:57+00:00","breadcrumb":{"@id":"https:\/\/caf-rapport-activite.fr\/caf17-2025\/temp-fort\/un-accompagnement-formation-inedit-par-la-gendarmerie\/#breadcrumb"},"inLanguage":"fr-FR","potentialAction":[{"@type":"ReadAction","target":["https:\/\/caf-rapport-activite.fr\/caf17-2025\/temp-fort\/un-accompagnement-formation-inedit-par-la-gendarmerie\/"]}]},{"@type":"BreadcrumbList","@id":"https:\/\/caf-rapport-activite.fr\/caf17-2025\/temp-fort\/un-accompagnement-formation-inedit-par-la-gendarmerie\/#breadcrumb","itemListElement":[{"@type":"ListItem","position":1,"name":"Accueil","item":"https:\/\/caf-rapport-activite.fr\/caf17-2025\/"},{"@type":"ListItem","position":2,"name":"Temps forts","item":"https:\/\/caf-rapport-activite.fr\/caf17-2025\/temp-fort\/"},{"@type":"ListItem","position":3,"name":"Un accompagnement formation in\u00e9dit par la gendarmerie"}]},{"@type":"WebSite","@id":"https:\/\/caf-rapport-activite.fr\/caf17-2025\/#website","url":"https:\/\/caf-rapport-activite.fr\/caf17-2025\/","name":"Caf 17 - 2025","description":"","potentialAction":[{"@type":"SearchAction","target":{"@type":"EntryPoint","urlTemplate":"https:\/\/caf-rapport-activite.fr\/caf17-2025\/?s={search_term_string}"},"query-input":"required name=search_term_string"}],"inLanguage":"fr-FR"}]}},"_links":{"self":[{"href":"https:\/\/caf-rapport-activite.fr\/caf17-2025\/wp-json\/wp\/v2\/temp-fort\/1887"}],"collection":[{"href":"https:\/\/caf-rapport-activite.fr\/caf17-2025\/wp-json\/wp\/v2\/temp-fort"}],"about":[{"href":"https:\/\/caf-rapport-activite.fr\/caf17-2025\/wp-json\/wp\/v2\/types\/temp-fort"}],"wp:featuredmedia":[{"embeddable":true,"href":"https:\/\/caf-rapport-activite.fr\/caf17-2025\/wp-json\/wp\/v2\/media\/1888"}],"wp:attachment":[{"href":"https:\/\/caf-rapport-activite.fr\/caf17-2025\/wp-json\/wp\/v2\/media?parent=1887"}],"wp:term":[{"taxonomy":"activite","embeddable":true,"href":"https:\/\/caf-rapport-activite.fr\/caf17-2025\/wp-json\/wp\/v2\/activite?post=1887"}],"curies":[{"name":"wp","href":"https:\/\/api.w.org\/{rel}","templated":true}]}}

Un accompagnement formation inédit par la gendarmerie

<p>Dans le cadre de la gestion des incivilités, la Caf a signé une convention avec la Gendarmerie qui a proposé d’animer une formation sur la gestion des entretiens difficiles. </p>



<p>Cette formation a été dispensée le 28 janvier 2025 à l’ensemble des agents de la relation de service de niveau 1.</p>



<p>Elle a été animée par deux gendarmes qui sont négociateurs pour le GIGN et qui interviennent régulièrement sur le terrain.</p>



<p><strong>🎯Les objectifs principaux étaient&nbsp;:</strong></p>



<ul>
<li>Désamorcer les conflits</li>



<li>Faciliter la communication</li>



<li>Rétablir la relation</li>
</ul>



<p>Si l’importance de l’écoute a été mise en avant, de nombreux points ont été évoqués comme la compréhension de notre fonctionnement dans la relation avec autrui ainsi que les impacts du stress dans les échanges.</p>



<p>Ponctuée d’anecdotes, cette formation a été très appréciée par l’ensemble des agents.</p>



<figure class="wp-block-image size-medium"><img decoding="async" loading="lazy" width="300" height="225" src="https://caf-rapport-activite.fr/caf17-2025/wp-content/uploads/sites/29/2026/04/20250128_intervention-gendarmerie-300x225.jpg" alt="" class="wp-image-1888" srcset="https://caf-rapport-activite.fr/caf17-2025/wp-content/uploads/sites/29/2026/04/20250128_intervention-gendarmerie-300x225.jpg 300w, https://caf-rapport-activite.fr/caf17-2025/wp-content/uploads/sites/29/2026/04/20250128_intervention-gendarmerie-1024x768.jpg 1024w, https://caf-rapport-activite.fr/caf17-2025/wp-content/uploads/sites/29/2026/04/20250128_intervention-gendarmerie-768x576.jpg 768w, https://caf-rapport-activite.fr/caf17-2025/wp-content/uploads/sites/29/2026/04/20250128_intervention-gendarmerie-1536x1152.jpg 1536w, https://caf-rapport-activite.fr/caf17-2025/wp-content/uploads/sites/29/2026/04/20250128_intervention-gendarmerie-2048x1536.jpg 2048w" sizes="(max-width: 300px) 100vw, 300px" /></figure>

<p>Dans le cadre de la gestion des incivilités, la Caf a signé une convention avec la Gendarmerie qui a proposé [&hellip;]</p>

<!-- This site is optimized with the Yoast SEO plugin v19.11 - https://yoast.com/wordpress/plugins/seo/ -->
<title>Un accompagnement formation inédit par la gendarmerie - Caf 17 - 2025</title>
<meta name="robots" content="index, follow, max-snippet:-1, max-image-preview:large, max-video-preview:-1" />
<link rel="canonical" href="https://caf-rapport-activite.fr/caf17-2025/temp-fort/un-accompagnement-formation-inedit-par-la-gendarmerie/" />
<meta property="og:locale" content="fr_FR" />
<meta property="og:type" content="article" />
<meta property="og:title" content="Un accompagnement formation inédit par la gendarmerie - Caf 17 - 2025" />
<meta property="og:description" content="Dans le cadre de la gestion des incivilités, la Caf a signé une convention avec la Gendarmerie qui a proposé [&hellip;]" />
<meta property="og:url" content="https://caf-rapport-activite.fr/caf17-2025/temp-fort/un-accompagnement-formation-inedit-par-la-gendarmerie/" />
<meta property="og:site_name" content="Caf 17 - 2025" />
<meta property="article:modified_time" content="2026-04-15T14:27:57+00:00" />
<meta property="og:image" content="https://caf-rapport-activite.fr/caf17-2025/wp-content/uploads/sites/29/2026/04/20250128_intervention-gendarmerie-1024x768.jpg" />
	<meta property="og:image:width" content="1024" />
	<meta property="og:image:height" content="768" />
	<meta property="og:image:type" content="image/jpeg" />
<meta name="twitter:card" content="summary_large_image" />
<meta name="twitter:label1" content="Durée de lecture estimée" />
	<meta name="twitter:data1" content="1 minute" />
<script type="application/ld+json" class="yoast-schema-graph">{"@context":"https://schema.org","@graph":[{"@type":"WebPage","@id":"https://caf-rapport-activite.fr/caf17-2025/temp-fort/un-accompagnement-formation-inedit-par-la-gendarmerie/","url":"https://caf-rapport-activite.fr/caf17-2025/temp-fort/un-accompagnement-formation-inedit-par-la-gendarmerie/","name":"Un accompagnement formation inédit par la gendarmerie - Caf 17 - 2025","isPartOf":{"@id":"https://caf-rapport-activite.fr/caf17-2025/#website"},"datePublished":"2026-04-15T14:23:33+00:00","dateModified":"2026-04-15T14:27:57+00:00","breadcrumb":{"@id":"https://caf-rapport-activite.fr/caf17-2025/temp-fort/un-accompagnement-formation-inedit-par-la-gendarmerie/#breadcrumb"},"inLanguage":"fr-FR","potentialAction":[{"@type":"ReadAction","target":["https://caf-rapport-activite.fr/caf17-2025/temp-fort/un-accompagnement-formation-inedit-par-la-gendarmerie/"]}]},{"@type":"BreadcrumbList","@id":"https://caf-rapport-activite.fr/caf17-2025/temp-fort/un-accompagnement-formation-inedit-par-la-gendarmerie/#breadcrumb","itemListElement":[{"@type":"ListItem","position":1,"name":"Accueil","item":"https://caf-rapport-activite.fr/caf17-2025/"},{"@type":"ListItem","position":2,"name":"Temps forts","item":"https://caf-rapport-activite.fr/caf17-2025/temp-fort/"},{"@type":"ListItem","position":3,"name":"Un accompagnement formation inédit par la gendarmerie"}]},{"@type":"WebSite","@id":"https://caf-rapport-activite.fr/caf17-2025/#website","url":"https://caf-rapport-activite.fr/caf17-2025/","name":"Caf 17 - 2025","description":"","potentialAction":[{"@type":"SearchAction","target":{"@type":"EntryPoint","urlTemplate":"https://caf-rapport-activite.fr/caf17-2025/?s={search_term_string}"},"query-input":"required name=search_term_string"}],"inLanguage":"fr-FR"}]}</script>
<!-- / Yoast SEO plugin. -->

Un accompagnement formation inédit par la gendarmerie - Caf 17 - 2025

Dans le cadre de la gestion des incivilités, la Caf a signé une convention avec la Gendarmerie qui a proposé [&hellip;]
