{"id":13,"date":"2022-12-09T16:09:05","date_gmt":"2022-12-09T15:09:05","guid":{"rendered":"http:\/\/localhost\/caf\/?page_id=13"},"modified":"2026-04-23T18:22:49","modified_gmt":"2026-04-23T16:22:49","slug":"notre-organisme","status":"publish","type":"page","link":"https:\/\/caf-rapport-activite.fr\/caf17-2025\/notre-organisme\/","title":{"rendered":"Notre organisme"},"content":{"rendered":"\n<h2>Edito de la Directrice<\/h2>\n\n\n\n<p>edito<\/p>\n\n\n\n<p><strong>Ga\u00eblle GAUTRONNEAU<\/strong> &#8211; <em>Directrice<\/em><\/p>\n\n\n\n<hr class=\"wp-block-separator has-alpha-channel-opacity\" \/>\n\n\n\n<p>La Caf de la Charente-Maritime est un organisme priv\u00e9 charg\u00e9 de la gestion d&rsquo;un service public.<\/p>\n\n\n\n<p>Elle fait partie de la <a href=\"https:\/\/contribution.caf.fr\/nous-connaitre\/qui-sommes-nous\">Branche famille<\/a> de la S\u00e9curit\u00e9 sociale.<\/p>\n\n\n\n<p>Elle a trois missions prioritaires :<\/p>\n\n\n\n<ul>\n<li>aider les familles dans leur vie quotidienne, en facilitant en particulier, l\u2019articulation entre vie familiale et vie professionnelle ;<\/li>\n\n\n\n<li>soutenir les allocataires avec des aides personnelles au logement, notamment pour l\u2019am\u00e9lioration du cadre de vie ;<\/li>\n\n\n\n<li>d\u00e9velopper la solidarit\u00e9 envers les plus vuln\u00e9rables, dont les personnes handicap\u00e9es.<\/li>\n<\/ul>\n\n\n\n<p>Pour remplir ces missions, elle s\u2019appuie sur deux leviers :<\/p>\n\n\n\n<ul>\n<li>le versement de prestations financi\u00e8res aux familles (prestations familiales, aides au logement, prime d\u2019activit\u00e9, minima sociaux comme le revenu de solidarit\u00e9 active et l\u2019allocation aux adultes handicap\u00e9s) ;<\/li>\n\n\n\n<li>l\u2019accompagnement des familles et la mise en place ou le cofinancement de diff\u00e9rents services et \u00e9quipements collectifs qui leur sont destin\u00e9s (comme les cr\u00e8ches).<\/li>\n<\/ul>\n\n\n\n<p><br>Son objectif est de proposer une offre globale de services, au plus pr\u00e8s des habitants, en luttant contre les in\u00e9galit\u00e9s territoriales et sociales.<\/p>\n","protected":false},"excerpt":{"rendered":"<p>Edito de la Directrice edito Ga\u00eblle GAUTRONNEAU &#8211; Directrice La Caf de la Charente-Maritime est un organisme priv\u00e9 charg\u00e9 de [&hellip;]<\/p>\n","protected":false},"author":1,"featured_media":0,"parent":0,"menu_order":4,"comment_status":"closed","ping_status":"closed","template":"page-templates\/notre-organisme.php","meta":[],"yoast_head":"<!-- This site is optimized with the Yoast SEO plugin v19.11 - https:\/\/yoast.com\/wordpress\/plugins\/seo\/ -->\n<title>Notre organisme - Caf 17 - 2025<\/title>\n<meta name=\"robots\" content=\"index, follow, max-snippet:-1, max-image-preview:large, max-video-preview:-1\" \/>\n<link rel=\"canonical\" href=\"https:\/\/caf-rapport-activite.fr\/caf17-2025\/notre-organisme\/\" \/>\n<meta property=\"og:locale\" content=\"fr_FR\" \/>\n<meta property=\"og:type\" content=\"article\" \/>\n<meta property=\"og:title\" content=\"Notre organisme - Caf 17 - 2025\" \/>\n<meta property=\"og:description\" content=\"Edito de la Directrice edito Ga\u00eblle GAUTRONNEAU &#8211; Directrice La Caf de la Charente-Maritime est un organisme priv\u00e9 charg\u00e9 de [&hellip;]\" \/>\n<meta property=\"og:url\" content=\"https:\/\/caf-rapport-activite.fr\/caf17-2025\/notre-organisme\/\" \/>\n<meta property=\"og:site_name\" content=\"Caf 17 - 2025\" \/>\n<meta property=\"article:modified_time\" content=\"2026-04-23T16:22:49+00:00\" \/>\n<meta name=\"twitter:card\" content=\"summary_large_image\" \/>\n<meta name=\"twitter:label1\" content=\"Dur\u00e9e de lecture estim\u00e9e\" \/>\n\t<meta name=\"twitter:data1\" content=\"1 minute\" \/>\n<script type=\"application\/ld+json\" class=\"yoast-schema-graph\">{\"@context\":\"https:\/\/schema.org\",\"@graph\":[{\"@type\":\"WebPage\",\"@id\":\"https:\/\/caf-rapport-activite.fr\/caf17-2025\/notre-organisme\/\",\"url\":\"https:\/\/caf-rapport-activite.fr\/caf17-2025\/notre-organisme\/\",\"name\":\"Notre organisme - Caf 17 - 2025\",\"isPartOf\":{\"@id\":\"https:\/\/caf-rapport-activite.fr\/caf17-2025\/#website\"},\"datePublished\":\"2022-12-09T15:09:05+00:00\",\"dateModified\":\"2026-04-23T16:22:49+00:00\",\"breadcrumb\":{\"@id\":\"https:\/\/caf-rapport-activite.fr\/caf17-2025\/notre-organisme\/#breadcrumb\"},\"inLanguage\":\"fr-FR\",\"potentialAction\":[{\"@type\":\"ReadAction\",\"target\":[\"https:\/\/caf-rapport-activite.fr\/caf17-2025\/notre-organisme\/\"]}]},{\"@type\":\"BreadcrumbList\",\"@id\":\"https:\/\/caf-rapport-activite.fr\/caf17-2025\/notre-organisme\/#breadcrumb\",\"itemListElement\":[{\"@type\":\"ListItem\",\"position\":1,\"name\":\"Accueil\",\"item\":\"https:\/\/caf-rapport-activite.fr\/caf17-2025\/\"},{\"@type\":\"ListItem\",\"position\":2,\"name\":\"Notre organisme\"}]},{\"@type\":\"WebSite\",\"@id\":\"https:\/\/caf-rapport-activite.fr\/caf17-2025\/#website\",\"url\":\"https:\/\/caf-rapport-activite.fr\/caf17-2025\/\",\"name\":\"Caf 17 - 2025\",\"description\":\"\",\"potentialAction\":[{\"@type\":\"SearchAction\",\"target\":{\"@type\":\"EntryPoint\",\"urlTemplate\":\"https:\/\/caf-rapport-activite.fr\/caf17-2025\/?s={search_term_string}\"},\"query-input\":\"required name=search_term_string\"}],\"inLanguage\":\"fr-FR\"}]}<\/script>\n<!-- \/ Yoast SEO plugin. -->","yoast_head_json":{"title":"Notre organisme - Caf 17 - 2025","robots":{"index":"index","follow":"follow","max-snippet":"max-snippet:-1","max-image-preview":"max-image-preview:large","max-video-preview":"max-video-preview:-1"},"canonical":"https:\/\/caf-rapport-activite.fr\/caf17-2025\/notre-organisme\/","og_locale":"fr_FR","og_type":"article","og_title":"Notre organisme - Caf 17 - 2025","og_description":"Edito de la Directrice edito Ga\u00eblle GAUTRONNEAU &#8211; Directrice La Caf de la Charente-Maritime est un organisme priv\u00e9 charg\u00e9 de [&hellip;]","og_url":"https:\/\/caf-rapport-activite.fr\/caf17-2025\/notre-organisme\/","og_site_name":"Caf 17 - 2025","article_modified_time":"2026-04-23T16:22:49+00:00","twitter_card":"summary_large_image","twitter_misc":{"Dur\u00e9e de lecture estim\u00e9e":"1 minute"},"schema":{"@context":"https:\/\/schema.org","@graph":[{"@type":"WebPage","@id":"https:\/\/caf-rapport-activite.fr\/caf17-2025\/notre-organisme\/","url":"https:\/\/caf-rapport-activite.fr\/caf17-2025\/notre-organisme\/","name":"Notre organisme - Caf 17 - 2025","isPartOf":{"@id":"https:\/\/caf-rapport-activite.fr\/caf17-2025\/#website"},"datePublished":"2022-12-09T15:09:05+00:00","dateModified":"2026-04-23T16:22:49+00:00","breadcrumb":{"@id":"https:\/\/caf-rapport-activite.fr\/caf17-2025\/notre-organisme\/#breadcrumb"},"inLanguage":"fr-FR","potentialAction":[{"@type":"ReadAction","target":["https:\/\/caf-rapport-activite.fr\/caf17-2025\/notre-organisme\/"]}]},{"@type":"BreadcrumbList","@id":"https:\/\/caf-rapport-activite.fr\/caf17-2025\/notre-organisme\/#breadcrumb","itemListElement":[{"@type":"ListItem","position":1,"name":"Accueil","item":"https:\/\/caf-rapport-activite.fr\/caf17-2025\/"},{"@type":"ListItem","position":2,"name":"Notre organisme"}]},{"@type":"WebSite","@id":"https:\/\/caf-rapport-activite.fr\/caf17-2025\/#website","url":"https:\/\/caf-rapport-activite.fr\/caf17-2025\/","name":"Caf 17 - 2025","description":"","potentialAction":[{"@type":"SearchAction","target":{"@type":"EntryPoint","urlTemplate":"https:\/\/caf-rapport-activite.fr\/caf17-2025\/?s={search_term_string}"},"query-input":"required name=search_term_string"}],"inLanguage":"fr-FR"}]}},"_links":{"self":[{"href":"https:\/\/caf-rapport-activite.fr\/caf17-2025\/wp-json\/wp\/v2\/pages\/13"}],"collection":[{"href":"https:\/\/caf-rapport-activite.fr\/caf17-2025\/wp-json\/wp\/v2\/pages"}],"about":[{"href":"https:\/\/caf-rapport-activite.fr\/caf17-2025\/wp-json\/wp\/v2\/types\/page"}],"author":[{"embeddable":true,"href":"https:\/\/caf-rapport-activite.fr\/caf17-2025\/wp-json\/wp\/v2\/users\/1"}],"replies":[{"embeddable":true,"href":"https:\/\/caf-rapport-activite.fr\/caf17-2025\/wp-json\/wp\/v2\/comments?post=13"}],"version-history":[{"count":23,"href":"https:\/\/caf-rapport-activite.fr\/caf17-2025\/wp-json\/wp\/v2\/pages\/13\/revisions"}],"predecessor-version":[{"id":2074,"href":"https:\/\/caf-rapport-activite.fr\/caf17-2025\/wp-json\/wp\/v2\/pages\/13\/revisions\/2074"}],"wp:attachment":[{"href":"https:\/\/caf-rapport-activite.fr\/caf17-2025\/wp-json\/wp\/v2\/media?parent=13"}],"curies":[{"name":"wp","href":"https:\/\/api.w.org\/{rel}","templated":true}]}}

<h2>Edito de la Directrice</h2>



<p>edito</p>



<p><strong>Gaëlle GAUTRONNEAU</strong> &#8211; <em>Directrice</em></p>



<hr class="wp-block-separator has-alpha-channel-opacity" />



<p>La Caf de la Charente-Maritime est un organisme privé chargé de la gestion d&rsquo;un service public.</p>



<p>Elle fait partie de la <a href="https://contribution.caf.fr/nous-connaitre/qui-sommes-nous">Branche famille</a> de la Sécurité sociale.</p>



<p>Elle a trois missions prioritaires :</p>



<ul>
<li>aider les familles dans leur vie quotidienne, en facilitant en particulier, l’articulation entre vie familiale et vie professionnelle ;</li>



<li>soutenir les allocataires avec des aides personnelles au logement, notamment pour l’amélioration du cadre de vie ;</li>



<li>développer la solidarité envers les plus vulnérables, dont les personnes handicapées.</li>
</ul>



<p>Pour remplir ces missions, elle s’appuie sur deux leviers :</p>



<ul>
<li>le versement de prestations financières aux familles (prestations familiales, aides au logement, prime d’activité, minima sociaux comme le revenu de solidarité active et l’allocation aux adultes handicapés) ;</li>



<li>l’accompagnement des familles et la mise en place ou le cofinancement de différents services et équipements collectifs qui leur sont destinés (comme les crèches).</li>
</ul>



<p><br>Son objectif est de proposer une offre globale de services, au plus près des habitants, en luttant contre les inégalités territoriales et sociales.</p>

<p>Edito de la Directrice edito Gaëlle GAUTRONNEAU &#8211; Directrice La Caf de la Charente-Maritime est un organisme privé chargé de [&hellip;]</p>

<!-- This site is optimized with the Yoast SEO plugin v19.11 - https://yoast.com/wordpress/plugins/seo/ -->
<title>Notre organisme - Caf 17 - 2025</title>
<meta name="robots" content="index, follow, max-snippet:-1, max-image-preview:large, max-video-preview:-1" />
<link rel="canonical" href="https://caf-rapport-activite.fr/caf17-2025/notre-organisme/" />
<meta property="og:locale" content="fr_FR" />
<meta property="og:type" content="article" />
<meta property="og:title" content="Notre organisme - Caf 17 - 2025" />
<meta property="og:description" content="Edito de la Directrice edito Gaëlle GAUTRONNEAU &#8211; Directrice La Caf de la Charente-Maritime est un organisme privé chargé de [&hellip;]" />
<meta property="og:url" content="https://caf-rapport-activite.fr/caf17-2025/notre-organisme/" />
<meta property="og:site_name" content="Caf 17 - 2025" />
<meta property="article:modified_time" content="2026-04-23T16:22:49+00:00" />
<meta name="twitter:card" content="summary_large_image" />
<meta name="twitter:label1" content="Durée de lecture estimée" />
	<meta name="twitter:data1" content="1 minute" />
<script type="application/ld+json" class="yoast-schema-graph">{"@context":"https://schema.org","@graph":[{"@type":"WebPage","@id":"https://caf-rapport-activite.fr/caf17-2025/notre-organisme/","url":"https://caf-rapport-activite.fr/caf17-2025/notre-organisme/","name":"Notre organisme - Caf 17 - 2025","isPartOf":{"@id":"https://caf-rapport-activite.fr/caf17-2025/#website"},"datePublished":"2022-12-09T15:09:05+00:00","dateModified":"2026-04-23T16:22:49+00:00","breadcrumb":{"@id":"https://caf-rapport-activite.fr/caf17-2025/notre-organisme/#breadcrumb"},"inLanguage":"fr-FR","potentialAction":[{"@type":"ReadAction","target":["https://caf-rapport-activite.fr/caf17-2025/notre-organisme/"]}]},{"@type":"BreadcrumbList","@id":"https://caf-rapport-activite.fr/caf17-2025/notre-organisme/#breadcrumb","itemListElement":[{"@type":"ListItem","position":1,"name":"Accueil","item":"https://caf-rapport-activite.fr/caf17-2025/"},{"@type":"ListItem","position":2,"name":"Notre organisme"}]},{"@type":"WebSite","@id":"https://caf-rapport-activite.fr/caf17-2025/#website","url":"https://caf-rapport-activite.fr/caf17-2025/","name":"Caf 17 - 2025","description":"","potentialAction":[{"@type":"SearchAction","target":{"@type":"EntryPoint","urlTemplate":"https://caf-rapport-activite.fr/caf17-2025/?s={search_term_string}"},"query-input":"required name=search_term_string"}],"inLanguage":"fr-FR"}]}</script>
<!-- / Yoast SEO plugin. -->

Edito de la Directrice edito Gaëlle GAUTRONNEAU &#8211; Directrice La Caf de la Charente-Maritime est un organisme privé chargé de [&hellip;]
