{"id":1183,"date":"2024-05-03T15:00:13","date_gmt":"2024-05-03T13:00:13","guid":{"rendered":"https:\/\/caf-rapport-activite.fr\/caf17-2023\/?post_type=temp-fort&#038;p=1183"},"modified":"2024-07-29T17:07:16","modified_gmt":"2024-07-29T15:07:16","slug":"la-convention-dobjectifs-et-de-gestion-2023-2027","status":"publish","type":"temp-fort","link":"https:\/\/caf-rapport-activite.fr\/caf17-2023\/temp-fort\/la-convention-dobjectifs-et-de-gestion-2023-2027\/","title":{"rendered":"La Convention d&rsquo;objectifs et de gestion 2023-2027"},"content":{"rendered":"\n<p>La Convention d\u2019objectifs et de gestion (Cog) de la branche Famille de la S\u00e9curit\u00e9 Sociale pour la p\u00e9riode 2023-2027 a \u00e9t\u00e9 sign\u00e9e le 10\u00a0juillet 2023.\u00a0<\/p>\n\n\n\n<p><strong>Cette convention d\u00e9finit les priorit\u00e9s d\u2019intervention et les moyens des Caf pour 5 ans.&nbsp;<\/strong><\/p>\n\n\n\n<p>Pour rappel, cette nouvelle Cog s\u2019incarne autour de\u00a0<strong>deux enjeux principaux<\/strong>\u00a0qui sont\u00a0:<\/p>\n\n\n\n<ul>\n<li>revenir \u00e0 une nouvelle qualit\u00e9 de service, attendue par nos concitoyens ;<\/li>\n\n\n\n<li>mettre en \u0153uvre des projets porteurs de progr\u00e8s pour tous.<\/li>\n<\/ul>\n\n\n\n<p>Avec des ambitions majeures qui sont d\u00e9clin\u00e9es sous<strong>&nbsp;3 axes principaux<\/strong>&nbsp;:<\/p>\n\n\n\n<ul>\n<li>d\u00e9velopper des services attentionn\u00e9s \u00e0 chaque \u00e9tape de la vie ;<\/li>\n\n\n\n<li>garantir un acc\u00e8s efficace au juste droit en r\u00e9novant notre mod\u00e8le de d\u00e9livrance des prestations et notre strat\u00e9gie de service ;<\/li>\n\n\n\n<li>mobiliser tous les leviers de performance pour accompagner les transformations.<\/li>\n<\/ul>\n\n\n\n<p>Cette convention d\u2019objectifs et de gestion donne \u00e0 la branche Famille les moyens humains et financiers n\u00e9cessaires \u00e0 la bonne r\u00e9alisation de ces priorit\u00e9s exigeantes et ambitieuses.<\/p>\n\n\n\n<p>Les Caf s\u2019appuieront ainsi sur le renfort de pr\u00e8s de 650 emplois sur la dur\u00e9e de la Cog, par rapport \u00e0 la situation actuelle.<\/p>\n\n\n\n<p>Le fonds national d\u2019action sociale progressera \u00e9galement de plus de 2 milliard d\u2019euros en 2027 par rapport \u00e0 2022 soit + 6% par an, ce qui atteste, dans un contexte budg\u00e9taire contraint, de la priorit\u00e9 donn\u00e9e par le Gouvernement et la branche Famille de la S\u00e9curit\u00e9 sociale au d\u00e9veloppement des services aux familles, en particulier pour l\u2019accueil des jeunes enfants.<\/p>\n\n\n        <a class=\"acf-block--readmore\" href=\"https:\/\/www.caf.fr\/nous-connaitre\/convention-d-objectifs-et-de-gestion\" target=\"\">\n            Voir la COG        <\/a>\n    ","protected":false},"excerpt":{"rendered":"<p>La Convention d\u2019objectifs et de gestion (Cog) de la branche Famille de la S\u00e9curit\u00e9 Sociale pour la p\u00e9riode 2023-2027 a [&hellip;]<\/p>\n","protected":false},"featured_media":1184,"parent":0,"menu_order":2,"template":"","activite":[],"yoast_head":"<!-- This site is optimized with the Yoast SEO plugin v19.11 - https:\/\/yoast.com\/wordpress\/plugins\/seo\/ -->\n<title>La Convention d&#039;objectifs et de gestion 2023-2027<\/title>\n<meta name=\"description\" content=\"La Convention d\u2019objectifs et de gestion (COG) de la branche Famille de la S\u00e9curit\u00e9 sociale pour la p\u00e9riode 2023-2027 a \u00e9t\u00e9 sign\u00e9e le 10\u00a0juillet 2023.\u00a0\" \/>\n<meta name=\"robots\" content=\"index, follow, max-snippet:-1, max-image-preview:large, max-video-preview:-1\" \/>\n<link rel=\"canonical\" href=\"https:\/\/caf-rapport-activite.fr\/caf17-2023\/temp-fort\/la-convention-dobjectifs-et-de-gestion-2023-2027\/\" \/>\n<meta property=\"og:locale\" content=\"fr_FR\" \/>\n<meta property=\"og:type\" content=\"article\" \/>\n<meta property=\"og:title\" content=\"La Convention d&#039;objectifs et de gestion 2023-2027\" \/>\n<meta property=\"og:description\" content=\"La Convention d\u2019objectifs et de gestion (COG) de la branche Famille de la S\u00e9curit\u00e9 sociale pour la p\u00e9riode 2023-2027 a \u00e9t\u00e9 sign\u00e9e le 10\u00a0juillet 2023.\u00a0\" \/>\n<meta property=\"og:url\" content=\"https:\/\/caf-rapport-activite.fr\/caf17-2023\/temp-fort\/la-convention-dobjectifs-et-de-gestion-2023-2027\/\" \/>\n<meta property=\"og:site_name\" content=\"Caf17 - 2023\" \/>\n<meta property=\"article:modified_time\" content=\"2024-07-29T15:07:16+00:00\" \/>\n<meta property=\"og:image\" content=\"https:\/\/caf-rapport-activite.fr\/caf17-2023\/wp-content\/uploads\/sites\/15\/2024\/05\/couv_cog.png\" \/>\n\t<meta property=\"og:image:width\" content=\"632\" \/>\n\t<meta property=\"og:image:height\" content=\"736\" \/>\n\t<meta property=\"og:image:type\" content=\"image\/png\" \/>\n<meta name=\"twitter:card\" content=\"summary_large_image\" \/>\n<meta name=\"twitter:label1\" content=\"Dur\u00e9e de lecture estim\u00e9e\" \/>\n\t<meta name=\"twitter:data1\" content=\"2 minutes\" \/>\n<script type=\"application\/ld+json\" class=\"yoast-schema-graph\">{\"@context\":\"https:\/\/schema.org\",\"@graph\":[{\"@type\":\"WebPage\",\"@id\":\"https:\/\/caf-rapport-activite.fr\/caf17-2023\/temp-fort\/la-convention-dobjectifs-et-de-gestion-2023-2027\/\",\"url\":\"https:\/\/caf-rapport-activite.fr\/caf17-2023\/temp-fort\/la-convention-dobjectifs-et-de-gestion-2023-2027\/\",\"name\":\"La Convention d'objectifs et de gestion 2023-2027\",\"isPartOf\":{\"@id\":\"https:\/\/caf-rapport-activite.fr\/caf17-2023\/#website\"},\"datePublished\":\"2024-05-03T13:00:13+00:00\",\"dateModified\":\"2024-07-29T15:07:16+00:00\",\"description\":\"La Convention d\u2019objectifs et de gestion (COG) de la branche Famille de la S\u00e9curit\u00e9 sociale pour la p\u00e9riode 2023-2027 a \u00e9t\u00e9 sign\u00e9e le 10\u00a0juillet 2023.\u00a0\",\"breadcrumb\":{\"@id\":\"https:\/\/caf-rapport-activite.fr\/caf17-2023\/temp-fort\/la-convention-dobjectifs-et-de-gestion-2023-2027\/#breadcrumb\"},\"inLanguage\":\"fr-FR\",\"potentialAction\":[{\"@type\":\"ReadAction\",\"target\":[\"https:\/\/caf-rapport-activite.fr\/caf17-2023\/temp-fort\/la-convention-dobjectifs-et-de-gestion-2023-2027\/\"]}]},{\"@type\":\"BreadcrumbList\",\"@id\":\"https:\/\/caf-rapport-activite.fr\/caf17-2023\/temp-fort\/la-convention-dobjectifs-et-de-gestion-2023-2027\/#breadcrumb\",\"itemListElement\":[{\"@type\":\"ListItem\",\"position\":1,\"name\":\"Accueil\",\"item\":\"https:\/\/caf-rapport-activite.fr\/caf17-2023\/\"},{\"@type\":\"ListItem\",\"position\":2,\"name\":\"Temps forts\",\"item\":\"https:\/\/caf-rapport-activite.fr\/caf17-2023\/temp-fort\/\"},{\"@type\":\"ListItem\",\"position\":3,\"name\":\"La Convention d&rsquo;objectifs et de gestion 2023-2027\"}]},{\"@type\":\"WebSite\",\"@id\":\"https:\/\/caf-rapport-activite.fr\/caf17-2023\/#website\",\"url\":\"https:\/\/caf-rapport-activite.fr\/caf17-2023\/\",\"name\":\"Caf17 - 2023\",\"description\":\"\",\"potentialAction\":[{\"@type\":\"SearchAction\",\"target\":{\"@type\":\"EntryPoint\",\"urlTemplate\":\"https:\/\/caf-rapport-activite.fr\/caf17-2023\/?s={search_term_string}\"},\"query-input\":\"required name=search_term_string\"}],\"inLanguage\":\"fr-FR\"}]}<\/script>\n<!-- \/ Yoast SEO plugin. -->","yoast_head_json":{"title":"La Convention d'objectifs et de gestion 2023-2027","description":"La Convention d\u2019objectifs et de gestion (COG) de la branche Famille de la S\u00e9curit\u00e9 sociale pour la p\u00e9riode 2023-2027 a \u00e9t\u00e9 sign\u00e9e le 10\u00a0juillet 2023.\u00a0","robots":{"index":"index","follow":"follow","max-snippet":"max-snippet:-1","max-image-preview":"max-image-preview:large","max-video-preview":"max-video-preview:-1"},"canonical":"https:\/\/caf-rapport-activite.fr\/caf17-2023\/temp-fort\/la-convention-dobjectifs-et-de-gestion-2023-2027\/","og_locale":"fr_FR","og_type":"article","og_title":"La Convention d'objectifs et de gestion 2023-2027","og_description":"La Convention d\u2019objectifs et de gestion (COG) de la branche Famille de la S\u00e9curit\u00e9 sociale pour la p\u00e9riode 2023-2027 a \u00e9t\u00e9 sign\u00e9e le 10\u00a0juillet 2023.\u00a0","og_url":"https:\/\/caf-rapport-activite.fr\/caf17-2023\/temp-fort\/la-convention-dobjectifs-et-de-gestion-2023-2027\/","og_site_name":"Caf17 - 2023","article_modified_time":"2024-07-29T15:07:16+00:00","og_image":[{"width":632,"height":736,"url":"https:\/\/caf-rapport-activite.fr\/caf17-2023\/wp-content\/uploads\/sites\/15\/2024\/05\/couv_cog.png","type":"image\/png"}],"twitter_card":"summary_large_image","twitter_misc":{"Dur\u00e9e de lecture estim\u00e9e":"2 minutes"},"schema":{"@context":"https:\/\/schema.org","@graph":[{"@type":"WebPage","@id":"https:\/\/caf-rapport-activite.fr\/caf17-2023\/temp-fort\/la-convention-dobjectifs-et-de-gestion-2023-2027\/","url":"https:\/\/caf-rapport-activite.fr\/caf17-2023\/temp-fort\/la-convention-dobjectifs-et-de-gestion-2023-2027\/","name":"La Convention d'objectifs et de gestion 2023-2027","isPartOf":{"@id":"https:\/\/caf-rapport-activite.fr\/caf17-2023\/#website"},"datePublished":"2024-05-03T13:00:13+00:00","dateModified":"2024-07-29T15:07:16+00:00","description":"La Convention d\u2019objectifs et de gestion (COG) de la branche Famille de la S\u00e9curit\u00e9 sociale pour la p\u00e9riode 2023-2027 a \u00e9t\u00e9 sign\u00e9e le 10\u00a0juillet 2023.\u00a0","breadcrumb":{"@id":"https:\/\/caf-rapport-activite.fr\/caf17-2023\/temp-fort\/la-convention-dobjectifs-et-de-gestion-2023-2027\/#breadcrumb"},"inLanguage":"fr-FR","potentialAction":[{"@type":"ReadAction","target":["https:\/\/caf-rapport-activite.fr\/caf17-2023\/temp-fort\/la-convention-dobjectifs-et-de-gestion-2023-2027\/"]}]},{"@type":"BreadcrumbList","@id":"https:\/\/caf-rapport-activite.fr\/caf17-2023\/temp-fort\/la-convention-dobjectifs-et-de-gestion-2023-2027\/#breadcrumb","itemListElement":[{"@type":"ListItem","position":1,"name":"Accueil","item":"https:\/\/caf-rapport-activite.fr\/caf17-2023\/"},{"@type":"ListItem","position":2,"name":"Temps forts","item":"https:\/\/caf-rapport-activite.fr\/caf17-2023\/temp-fort\/"},{"@type":"ListItem","position":3,"name":"La Convention d&rsquo;objectifs et de gestion 2023-2027"}]},{"@type":"WebSite","@id":"https:\/\/caf-rapport-activite.fr\/caf17-2023\/#website","url":"https:\/\/caf-rapport-activite.fr\/caf17-2023\/","name":"Caf17 - 2023","description":"","potentialAction":[{"@type":"SearchAction","target":{"@type":"EntryPoint","urlTemplate":"https:\/\/caf-rapport-activite.fr\/caf17-2023\/?s={search_term_string}"},"query-input":"required name=search_term_string"}],"inLanguage":"fr-FR"}]}},"_links":{"self":[{"href":"https:\/\/caf-rapport-activite.fr\/caf17-2023\/wp-json\/wp\/v2\/temp-fort\/1183"}],"collection":[{"href":"https:\/\/caf-rapport-activite.fr\/caf17-2023\/wp-json\/wp\/v2\/temp-fort"}],"about":[{"href":"https:\/\/caf-rapport-activite.fr\/caf17-2023\/wp-json\/wp\/v2\/types\/temp-fort"}],"wp:featuredmedia":[{"embeddable":true,"href":"https:\/\/caf-rapport-activite.fr\/caf17-2023\/wp-json\/wp\/v2\/media\/1184"}],"wp:attachment":[{"href":"https:\/\/caf-rapport-activite.fr\/caf17-2023\/wp-json\/wp\/v2\/media?parent=1183"}],"wp:term":[{"taxonomy":"activite","embeddable":true,"href":"https:\/\/caf-rapport-activite.fr\/caf17-2023\/wp-json\/wp\/v2\/activite?post=1183"}],"curies":[{"name":"wp","href":"https:\/\/api.w.org\/{rel}","templated":true}]}}

<p>La Convention d’objectifs et de gestion (Cog) de la branche Famille de la Sécurité Sociale pour la période 2023-2027 a été signée le 10 juillet 2023. </p>



<p><strong>Cette convention définit les priorités d’intervention et les moyens des Caf pour 5 ans.&nbsp;</strong></p>



<p>Pour rappel, cette nouvelle Cog s’incarne autour de <strong>deux enjeux principaux</strong> qui sont :</p>



<ul>
<li>revenir à une nouvelle qualité de service, attendue par nos concitoyens ;</li>



<li>mettre en œuvre des projets porteurs de progrès pour tous.</li>
</ul>



<p>Avec des ambitions majeures qui sont déclinées sous<strong>&nbsp;3 axes principaux</strong>&nbsp;:</p>



<ul>
<li>développer des services attentionnés à chaque étape de la vie ;</li>



<li>garantir un accès efficace au juste droit en rénovant notre modèle de délivrance des prestations et notre stratégie de service ;</li>



<li>mobiliser tous les leviers de performance pour accompagner les transformations.</li>
</ul>



<p>Cette convention d’objectifs et de gestion donne à la branche Famille les moyens humains et financiers nécessaires à la bonne réalisation de ces priorités exigeantes et ambitieuses.</p>



<p>Les Caf s’appuieront ainsi sur le renfort de près de 650 emplois sur la durée de la Cog, par rapport à la situation actuelle.</p>



<p>Le fonds national d’action sociale progressera également de plus de 2 milliard d’euros en 2027 par rapport à 2022 soit + 6% par an, ce qui atteste, dans un contexte budgétaire contraint, de la priorité donnée par le Gouvernement et la branche Famille de la Sécurité sociale au développement des services aux familles, en particulier pour l’accueil des jeunes enfants.</p>


        <a class="acf-block--readmore" href="https://www.caf.fr/nous-connaitre/convention-d-objectifs-et-de-gestion" target="">
            Voir la COG        </a>

<p>La Convention d’objectifs et de gestion (Cog) de la branche Famille de la Sécurité Sociale pour la période 2023-2027 a [&hellip;]</p>

<!-- This site is optimized with the Yoast SEO plugin v19.11 - https://yoast.com/wordpress/plugins/seo/ -->
<title>La Convention d&#039;objectifs et de gestion 2023-2027</title>
<meta name="description" content="La Convention d’objectifs et de gestion (COG) de la branche Famille de la Sécurité sociale pour la période 2023-2027 a été signée le 10 juillet 2023. " />
<meta name="robots" content="index, follow, max-snippet:-1, max-image-preview:large, max-video-preview:-1" />
<link rel="canonical" href="https://caf-rapport-activite.fr/caf17-2023/temp-fort/la-convention-dobjectifs-et-de-gestion-2023-2027/" />
<meta property="og:locale" content="fr_FR" />
<meta property="og:type" content="article" />
<meta property="og:title" content="La Convention d&#039;objectifs et de gestion 2023-2027" />
<meta property="og:description" content="La Convention d’objectifs et de gestion (COG) de la branche Famille de la Sécurité sociale pour la période 2023-2027 a été signée le 10 juillet 2023. " />
<meta property="og:url" content="https://caf-rapport-activite.fr/caf17-2023/temp-fort/la-convention-dobjectifs-et-de-gestion-2023-2027/" />
<meta property="og:site_name" content="Caf17 - 2023" />
<meta property="article:modified_time" content="2024-07-29T15:07:16+00:00" />
<meta property="og:image" content="https://caf-rapport-activite.fr/caf17-2023/wp-content/uploads/sites/15/2024/05/couv_cog.png" />
	<meta property="og:image:width" content="632" />
	<meta property="og:image:height" content="736" />
	<meta property="og:image:type" content="image/png" />
<meta name="twitter:card" content="summary_large_image" />
<meta name="twitter:label1" content="Durée de lecture estimée" />
	<meta name="twitter:data1" content="2 minutes" />
<script type="application/ld+json" class="yoast-schema-graph">{"@context":"https://schema.org","@graph":[{"@type":"WebPage","@id":"https://caf-rapport-activite.fr/caf17-2023/temp-fort/la-convention-dobjectifs-et-de-gestion-2023-2027/","url":"https://caf-rapport-activite.fr/caf17-2023/temp-fort/la-convention-dobjectifs-et-de-gestion-2023-2027/","name":"La Convention d'objectifs et de gestion 2023-2027","isPartOf":{"@id":"https://caf-rapport-activite.fr/caf17-2023/#website"},"datePublished":"2024-05-03T13:00:13+00:00","dateModified":"2024-07-29T15:07:16+00:00","description":"La Convention d’objectifs et de gestion (COG) de la branche Famille de la Sécurité sociale pour la période 2023-2027 a été signée le 10 juillet 2023. ","breadcrumb":{"@id":"https://caf-rapport-activite.fr/caf17-2023/temp-fort/la-convention-dobjectifs-et-de-gestion-2023-2027/#breadcrumb"},"inLanguage":"fr-FR","potentialAction":[{"@type":"ReadAction","target":["https://caf-rapport-activite.fr/caf17-2023/temp-fort/la-convention-dobjectifs-et-de-gestion-2023-2027/"]}]},{"@type":"BreadcrumbList","@id":"https://caf-rapport-activite.fr/caf17-2023/temp-fort/la-convention-dobjectifs-et-de-gestion-2023-2027/#breadcrumb","itemListElement":[{"@type":"ListItem","position":1,"name":"Accueil","item":"https://caf-rapport-activite.fr/caf17-2023/"},{"@type":"ListItem","position":2,"name":"Temps forts","item":"https://caf-rapport-activite.fr/caf17-2023/temp-fort/"},{"@type":"ListItem","position":3,"name":"La Convention d&rsquo;objectifs et de gestion 2023-2027"}]},{"@type":"WebSite","@id":"https://caf-rapport-activite.fr/caf17-2023/#website","url":"https://caf-rapport-activite.fr/caf17-2023/","name":"Caf17 - 2023","description":"","potentialAction":[{"@type":"SearchAction","target":{"@type":"EntryPoint","urlTemplate":"https://caf-rapport-activite.fr/caf17-2023/?s={search_term_string}"},"query-input":"required name=search_term_string"}],"inLanguage":"fr-FR"}]}</script>
<!-- / Yoast SEO plugin. -->

La Convention d’objectifs et de gestion (COG) de la branche Famille de la Sécurité sociale pour la période 2023-2027 a été signée le 10 juillet 2023.
