{"id":1170,"date":"2024-05-02T15:47:28","date_gmt":"2024-05-02T13:47:28","guid":{"rendered":"https:\/\/caf-rapport-activite.fr\/caf17-2023\/?post_type=temp-fort&#038;p=1170"},"modified":"2024-07-29T17:28:57","modified_gmt":"2024-07-29T15:28:57","slug":"a-la-redecouverte-de-la-mediation-familiale","status":"publish","type":"temp-fort","link":"https:\/\/caf-rapport-activite.fr\/caf17-2023\/temp-fort\/a-la-redecouverte-de-la-mediation-familiale\/","title":{"rendered":"A la (re)d\u00e9couverte de la m\u00e9diation familiale"},"content":{"rendered":"\n<p>Deux m\u00e9diatrices de l&rsquo;Udaf17\u00a0sont intervenues aupr\u00e8s des agents de la Caf pour pr\u00e9senter leurs missions. Cette rencontre a permis aux collaborateurs de la Caf de :<\/p>\n\n\n\n<ul>\n<li>(re)d\u00e9couvrir ce qu&rsquo;est la m\u00e9diation familiale<\/li>\n\n\n\n<li>comprendre ce qui conduit des personnes \u00e0 faire appel \u00e0 la m\u00e9diation<\/li>\n\n\n\n<li>Evoquer ce dont on parle en m\u00e9diation<\/li>\n\n\n\n<li>comprendre comment s&rsquo;organise concr\u00e8tement une m\u00e9diation.<\/li>\n<\/ul>\n\n\n\n<p>Cette intervention se situe dans le cadre d&rsquo;une s\u00e9rie de<strong> \u00ab\u00a0P&rsquo;tit d\u00e9j&rsquo; parcours s\u00e9paration\u00a0\u00bb<\/strong>, organis\u00e9s par un groupe de salari\u00e9s qui d\u00e9veloppent des actions de sensibilisation et de communication.<br>\ud83c\udfafLeur objectif : mieux accompagner les familles lors des s\u00e9parations et mieux orienter vers les partenaires.<\/p>\n\n\n\n<p>Un grand merci aux m\u00e9diatrices de l&rsquo;Udaf17 Delphine Kerisit et Val\u00e9rie Clochard-Grandon.<\/p>\n\n\n\n<figure class=\"wp-block-image size-large is-resized\"><img decoding=\"async\" loading=\"lazy\" src=\"https:\/\/caf-rapport-activite.fr\/caf17-2023\/wp-content\/uploads\/sites\/15\/2024\/05\/20231212_PtitDej_Separation_Mediation-6-1024x768.jpg\" alt=\"\" class=\"wp-image-1196\" width=\"614\" height=\"461\" srcset=\"https:\/\/caf-rapport-activite.fr\/caf17-2023\/wp-content\/uploads\/sites\/15\/2024\/05\/20231212_PtitDej_Separation_Mediation-6-1024x768.jpg 1024w, https:\/\/caf-rapport-activite.fr\/caf17-2023\/wp-content\/uploads\/sites\/15\/2024\/05\/20231212_PtitDej_Separation_Mediation-6-300x225.jpg 300w, https:\/\/caf-rapport-activite.fr\/caf17-2023\/wp-content\/uploads\/sites\/15\/2024\/05\/20231212_PtitDej_Separation_Mediation-6-768x576.jpg 768w, https:\/\/caf-rapport-activite.fr\/caf17-2023\/wp-content\/uploads\/sites\/15\/2024\/05\/20231212_PtitDej_Separation_Mediation-6-1536x1152.jpg 1536w, https:\/\/caf-rapport-activite.fr\/caf17-2023\/wp-content\/uploads\/sites\/15\/2024\/05\/20231212_PtitDej_Separation_Mediation-6-2048x1536.jpg 2048w\" sizes=\"(max-width: 614px) 100vw, 614px\" \/><\/figure>\n","protected":false},"excerpt":{"rendered":"<p>Deux m\u00e9diatrices de l&rsquo;Udaf17\u00a0sont intervenues aupr\u00e8s des agents de la Caf pour pr\u00e9senter leurs missions. Cette rencontre a permis aux [&hellip;]<\/p>\n","protected":false},"featured_media":1171,"parent":0,"menu_order":7,"template":"","activite":[3],"yoast_head":"<!-- This site is optimized with the Yoast SEO plugin v19.11 - https:\/\/yoast.com\/wordpress\/plugins\/seo\/ -->\n<title>A la (re)d\u00e9couverte de la m\u00e9diation familiale<\/title>\n<meta name=\"description\" content=\"Deux m\u00e9diatrices de l&#039;udaf17 sont intervenues aupr\u00e8s des agents de la Caf pour pr\u00e9senter leurs missions.\" \/>\n<meta name=\"robots\" content=\"index, follow, max-snippet:-1, max-image-preview:large, max-video-preview:-1\" \/>\n<link rel=\"canonical\" href=\"https:\/\/caf-rapport-activite.fr\/caf17-2023\/temp-fort\/a-la-redecouverte-de-la-mediation-familiale\/\" \/>\n<meta property=\"og:locale\" content=\"fr_FR\" \/>\n<meta property=\"og:type\" content=\"article\" \/>\n<meta property=\"og:title\" content=\"A la (re)d\u00e9couverte de la m\u00e9diation familiale\" \/>\n<meta property=\"og:description\" content=\"Deux m\u00e9diatrices de l&#039;udaf17 sont intervenues aupr\u00e8s des agents de la Caf pour pr\u00e9senter leurs missions.\" \/>\n<meta property=\"og:url\" content=\"https:\/\/caf-rapport-activite.fr\/caf17-2023\/temp-fort\/a-la-redecouverte-de-la-mediation-familiale\/\" \/>\n<meta property=\"og:site_name\" content=\"Caf17 - 2023\" \/>\n<meta property=\"article:modified_time\" content=\"2024-07-29T15:28:57+00:00\" \/>\n<meta property=\"og:image\" content=\"https:\/\/caf-rapport-activite.fr\/caf17-2023\/wp-content\/uploads\/sites\/15\/2024\/05\/1702475997324.jpg\" \/>\n\t<meta property=\"og:image:width\" content=\"2048\" \/>\n\t<meta property=\"og:image:height\" content=\"1536\" \/>\n\t<meta property=\"og:image:type\" content=\"image\/jpeg\" \/>\n<meta name=\"twitter:card\" content=\"summary_large_image\" \/>\n<meta name=\"twitter:label1\" content=\"Dur\u00e9e de lecture estim\u00e9e\" \/>\n\t<meta name=\"twitter:data1\" content=\"1 minute\" \/>\n<script type=\"application\/ld+json\" class=\"yoast-schema-graph\">{\"@context\":\"https:\/\/schema.org\",\"@graph\":[{\"@type\":\"WebPage\",\"@id\":\"https:\/\/caf-rapport-activite.fr\/caf17-2023\/temp-fort\/a-la-redecouverte-de-la-mediation-familiale\/\",\"url\":\"https:\/\/caf-rapport-activite.fr\/caf17-2023\/temp-fort\/a-la-redecouverte-de-la-mediation-familiale\/\",\"name\":\"A la (re)d\u00e9couverte de la m\u00e9diation familiale\",\"isPartOf\":{\"@id\":\"https:\/\/caf-rapport-activite.fr\/caf17-2023\/#website\"},\"datePublished\":\"2024-05-02T13:47:28+00:00\",\"dateModified\":\"2024-07-29T15:28:57+00:00\",\"description\":\"Deux m\u00e9diatrices de l'udaf17 sont intervenues aupr\u00e8s des agents de la Caf pour pr\u00e9senter leurs missions.\",\"breadcrumb\":{\"@id\":\"https:\/\/caf-rapport-activite.fr\/caf17-2023\/temp-fort\/a-la-redecouverte-de-la-mediation-familiale\/#breadcrumb\"},\"inLanguage\":\"fr-FR\",\"potentialAction\":[{\"@type\":\"ReadAction\",\"target\":[\"https:\/\/caf-rapport-activite.fr\/caf17-2023\/temp-fort\/a-la-redecouverte-de-la-mediation-familiale\/\"]}]},{\"@type\":\"BreadcrumbList\",\"@id\":\"https:\/\/caf-rapport-activite.fr\/caf17-2023\/temp-fort\/a-la-redecouverte-de-la-mediation-familiale\/#breadcrumb\",\"itemListElement\":[{\"@type\":\"ListItem\",\"position\":1,\"name\":\"Accueil\",\"item\":\"https:\/\/caf-rapport-activite.fr\/caf17-2023\/\"},{\"@type\":\"ListItem\",\"position\":2,\"name\":\"Temps forts\",\"item\":\"https:\/\/caf-rapport-activite.fr\/caf17-2023\/temp-fort\/\"},{\"@type\":\"ListItem\",\"position\":3,\"name\":\"A la (re)d\u00e9couverte de la m\u00e9diation familiale\"}]},{\"@type\":\"WebSite\",\"@id\":\"https:\/\/caf-rapport-activite.fr\/caf17-2023\/#website\",\"url\":\"https:\/\/caf-rapport-activite.fr\/caf17-2023\/\",\"name\":\"Caf17 - 2023\",\"description\":\"\",\"potentialAction\":[{\"@type\":\"SearchAction\",\"target\":{\"@type\":\"EntryPoint\",\"urlTemplate\":\"https:\/\/caf-rapport-activite.fr\/caf17-2023\/?s={search_term_string}\"},\"query-input\":\"required name=search_term_string\"}],\"inLanguage\":\"fr-FR\"}]}<\/script>\n<!-- \/ Yoast SEO plugin. -->","yoast_head_json":{"title":"A la (re)d\u00e9couverte de la m\u00e9diation familiale","description":"Deux m\u00e9diatrices de l'udaf17 sont intervenues aupr\u00e8s des agents de la Caf pour pr\u00e9senter leurs missions.","robots":{"index":"index","follow":"follow","max-snippet":"max-snippet:-1","max-image-preview":"max-image-preview:large","max-video-preview":"max-video-preview:-1"},"canonical":"https:\/\/caf-rapport-activite.fr\/caf17-2023\/temp-fort\/a-la-redecouverte-de-la-mediation-familiale\/","og_locale":"fr_FR","og_type":"article","og_title":"A la (re)d\u00e9couverte de la m\u00e9diation familiale","og_description":"Deux m\u00e9diatrices de l'udaf17 sont intervenues aupr\u00e8s des agents de la Caf pour pr\u00e9senter leurs missions.","og_url":"https:\/\/caf-rapport-activite.fr\/caf17-2023\/temp-fort\/a-la-redecouverte-de-la-mediation-familiale\/","og_site_name":"Caf17 - 2023","article_modified_time":"2024-07-29T15:28:57+00:00","og_image":[{"width":2048,"height":1536,"url":"https:\/\/caf-rapport-activite.fr\/caf17-2023\/wp-content\/uploads\/sites\/15\/2024\/05\/1702475997324.jpg","type":"image\/jpeg"}],"twitter_card":"summary_large_image","twitter_misc":{"Dur\u00e9e de lecture estim\u00e9e":"1 minute"},"schema":{"@context":"https:\/\/schema.org","@graph":[{"@type":"WebPage","@id":"https:\/\/caf-rapport-activite.fr\/caf17-2023\/temp-fort\/a-la-redecouverte-de-la-mediation-familiale\/","url":"https:\/\/caf-rapport-activite.fr\/caf17-2023\/temp-fort\/a-la-redecouverte-de-la-mediation-familiale\/","name":"A la (re)d\u00e9couverte de la m\u00e9diation familiale","isPartOf":{"@id":"https:\/\/caf-rapport-activite.fr\/caf17-2023\/#website"},"datePublished":"2024-05-02T13:47:28+00:00","dateModified":"2024-07-29T15:28:57+00:00","description":"Deux m\u00e9diatrices de l'udaf17 sont intervenues aupr\u00e8s des agents de la Caf pour pr\u00e9senter leurs missions.","breadcrumb":{"@id":"https:\/\/caf-rapport-activite.fr\/caf17-2023\/temp-fort\/a-la-redecouverte-de-la-mediation-familiale\/#breadcrumb"},"inLanguage":"fr-FR","potentialAction":[{"@type":"ReadAction","target":["https:\/\/caf-rapport-activite.fr\/caf17-2023\/temp-fort\/a-la-redecouverte-de-la-mediation-familiale\/"]}]},{"@type":"BreadcrumbList","@id":"https:\/\/caf-rapport-activite.fr\/caf17-2023\/temp-fort\/a-la-redecouverte-de-la-mediation-familiale\/#breadcrumb","itemListElement":[{"@type":"ListItem","position":1,"name":"Accueil","item":"https:\/\/caf-rapport-activite.fr\/caf17-2023\/"},{"@type":"ListItem","position":2,"name":"Temps forts","item":"https:\/\/caf-rapport-activite.fr\/caf17-2023\/temp-fort\/"},{"@type":"ListItem","position":3,"name":"A la (re)d\u00e9couverte de la m\u00e9diation familiale"}]},{"@type":"WebSite","@id":"https:\/\/caf-rapport-activite.fr\/caf17-2023\/#website","url":"https:\/\/caf-rapport-activite.fr\/caf17-2023\/","name":"Caf17 - 2023","description":"","potentialAction":[{"@type":"SearchAction","target":{"@type":"EntryPoint","urlTemplate":"https:\/\/caf-rapport-activite.fr\/caf17-2023\/?s={search_term_string}"},"query-input":"required name=search_term_string"}],"inLanguage":"fr-FR"}]}},"_links":{"self":[{"href":"https:\/\/caf-rapport-activite.fr\/caf17-2023\/wp-json\/wp\/v2\/temp-fort\/1170"}],"collection":[{"href":"https:\/\/caf-rapport-activite.fr\/caf17-2023\/wp-json\/wp\/v2\/temp-fort"}],"about":[{"href":"https:\/\/caf-rapport-activite.fr\/caf17-2023\/wp-json\/wp\/v2\/types\/temp-fort"}],"wp:featuredmedia":[{"embeddable":true,"href":"https:\/\/caf-rapport-activite.fr\/caf17-2023\/wp-json\/wp\/v2\/media\/1171"}],"wp:attachment":[{"href":"https:\/\/caf-rapport-activite.fr\/caf17-2023\/wp-json\/wp\/v2\/media?parent=1170"}],"wp:term":[{"taxonomy":"activite","embeddable":true,"href":"https:\/\/caf-rapport-activite.fr\/caf17-2023\/wp-json\/wp\/v2\/activite?post=1170"}],"curies":[{"name":"wp","href":"https:\/\/api.w.org\/{rel}","templated":true}]}}

A la (re)découverte de la médiation familiale

<p>Deux médiatrices de l&rsquo;Udaf17 sont intervenues auprès des agents de la Caf pour présenter leurs missions. Cette rencontre a permis aux collaborateurs de la Caf de :</p>



<ul>
<li>(re)découvrir ce qu&rsquo;est la médiation familiale</li>



<li>comprendre ce qui conduit des personnes à faire appel à la médiation</li>



<li>Evoquer ce dont on parle en médiation</li>



<li>comprendre comment s&rsquo;organise concrètement une médiation.</li>
</ul>



<p>Cette intervention se situe dans le cadre d&rsquo;une série de<strong> « P&rsquo;tit déj&rsquo; parcours séparation »</strong>, organisés par un groupe de salariés qui développent des actions de sensibilisation et de communication.<br>🎯Leur objectif : mieux accompagner les familles lors des séparations et mieux orienter vers les partenaires.</p>



<p>Un grand merci aux médiatrices de l&rsquo;Udaf17 Delphine Kerisit et Valérie Clochard-Grandon.</p>



<figure class="wp-block-image size-large is-resized"><img decoding="async" loading="lazy" src="https://caf-rapport-activite.fr/caf17-2023/wp-content/uploads/sites/15/2024/05/20231212_PtitDej_Separation_Mediation-6-1024x768.jpg" alt="" class="wp-image-1196" width="614" height="461" srcset="https://caf-rapport-activite.fr/caf17-2023/wp-content/uploads/sites/15/2024/05/20231212_PtitDej_Separation_Mediation-6-1024x768.jpg 1024w, https://caf-rapport-activite.fr/caf17-2023/wp-content/uploads/sites/15/2024/05/20231212_PtitDej_Separation_Mediation-6-300x225.jpg 300w, https://caf-rapport-activite.fr/caf17-2023/wp-content/uploads/sites/15/2024/05/20231212_PtitDej_Separation_Mediation-6-768x576.jpg 768w, https://caf-rapport-activite.fr/caf17-2023/wp-content/uploads/sites/15/2024/05/20231212_PtitDej_Separation_Mediation-6-1536x1152.jpg 1536w, https://caf-rapport-activite.fr/caf17-2023/wp-content/uploads/sites/15/2024/05/20231212_PtitDej_Separation_Mediation-6-2048x1536.jpg 2048w" sizes="(max-width: 614px) 100vw, 614px" /></figure>

<p>Deux médiatrices de l&rsquo;Udaf17 sont intervenues auprès des agents de la Caf pour présenter leurs missions. Cette rencontre a permis aux [&hellip;]</p>

<!-- This site is optimized with the Yoast SEO plugin v19.11 - https://yoast.com/wordpress/plugins/seo/ -->
<title>A la (re)découverte de la médiation familiale</title>
<meta name="description" content="Deux médiatrices de l&#039;udaf17 sont intervenues auprès des agents de la Caf pour présenter leurs missions." />
<meta name="robots" content="index, follow, max-snippet:-1, max-image-preview:large, max-video-preview:-1" />
<link rel="canonical" href="https://caf-rapport-activite.fr/caf17-2023/temp-fort/a-la-redecouverte-de-la-mediation-familiale/" />
<meta property="og:locale" content="fr_FR" />
<meta property="og:type" content="article" />
<meta property="og:title" content="A la (re)découverte de la médiation familiale" />
<meta property="og:description" content="Deux médiatrices de l&#039;udaf17 sont intervenues auprès des agents de la Caf pour présenter leurs missions." />
<meta property="og:url" content="https://caf-rapport-activite.fr/caf17-2023/temp-fort/a-la-redecouverte-de-la-mediation-familiale/" />
<meta property="og:site_name" content="Caf17 - 2023" />
<meta property="article:modified_time" content="2024-07-29T15:28:57+00:00" />
<meta property="og:image" content="https://caf-rapport-activite.fr/caf17-2023/wp-content/uploads/sites/15/2024/05/1702475997324.jpg" />
	<meta property="og:image:width" content="2048" />
	<meta property="og:image:height" content="1536" />
	<meta property="og:image:type" content="image/jpeg" />
<meta name="twitter:card" content="summary_large_image" />
<meta name="twitter:label1" content="Durée de lecture estimée" />
	<meta name="twitter:data1" content="1 minute" />
<script type="application/ld+json" class="yoast-schema-graph">{"@context":"https://schema.org","@graph":[{"@type":"WebPage","@id":"https://caf-rapport-activite.fr/caf17-2023/temp-fort/a-la-redecouverte-de-la-mediation-familiale/","url":"https://caf-rapport-activite.fr/caf17-2023/temp-fort/a-la-redecouverte-de-la-mediation-familiale/","name":"A la (re)découverte de la médiation familiale","isPartOf":{"@id":"https://caf-rapport-activite.fr/caf17-2023/#website"},"datePublished":"2024-05-02T13:47:28+00:00","dateModified":"2024-07-29T15:28:57+00:00","description":"Deux médiatrices de l'udaf17 sont intervenues auprès des agents de la Caf pour présenter leurs missions.","breadcrumb":{"@id":"https://caf-rapport-activite.fr/caf17-2023/temp-fort/a-la-redecouverte-de-la-mediation-familiale/#breadcrumb"},"inLanguage":"fr-FR","potentialAction":[{"@type":"ReadAction","target":["https://caf-rapport-activite.fr/caf17-2023/temp-fort/a-la-redecouverte-de-la-mediation-familiale/"]}]},{"@type":"BreadcrumbList","@id":"https://caf-rapport-activite.fr/caf17-2023/temp-fort/a-la-redecouverte-de-la-mediation-familiale/#breadcrumb","itemListElement":[{"@type":"ListItem","position":1,"name":"Accueil","item":"https://caf-rapport-activite.fr/caf17-2023/"},{"@type":"ListItem","position":2,"name":"Temps forts","item":"https://caf-rapport-activite.fr/caf17-2023/temp-fort/"},{"@type":"ListItem","position":3,"name":"A la (re)découverte de la médiation familiale"}]},{"@type":"WebSite","@id":"https://caf-rapport-activite.fr/caf17-2023/#website","url":"https://caf-rapport-activite.fr/caf17-2023/","name":"Caf17 - 2023","description":"","potentialAction":[{"@type":"SearchAction","target":{"@type":"EntryPoint","urlTemplate":"https://caf-rapport-activite.fr/caf17-2023/?s={search_term_string}"},"query-input":"required name=search_term_string"}],"inLanguage":"fr-FR"}]}</script>
<!-- / Yoast SEO plugin. -->

Deux médiatrices de l'udaf17 sont intervenues auprès des agents de la Caf pour présenter leurs missions.
