{"id":1165,"date":"2024-05-02T15:19:59","date_gmt":"2024-05-02T13:19:59","guid":{"rendered":"https:\/\/caf-rapport-activite.fr\/caf17-2023\/?post_type=temp-fort&#038;p=1165"},"modified":"2024-07-29T17:47:02","modified_gmt":"2024-07-29T15:47:02","slug":"zoom-sur-laide-aux-victimes-de-violences-conjugales","status":"publish","type":"temp-fort","link":"https:\/\/caf-rapport-activite.fr\/caf17-2023\/temp-fort\/zoom-sur-laide-aux-victimes-de-violences-conjugales\/","title":{"rendered":"Zoom sur&#8230; l&rsquo;aide aux victimes de violences conjugales"},"content":{"rendered":"\n<h3 id=\"l-essentiel-de-l-avvc\u2026\">L&rsquo;essentiel de l&rsquo;Avvc\u2026<a href=\"https:\/\/cafdoc.sharepoint.com\/sites\/intranet-org171-local\/SitePages\/Actualit%C3%A9s\/Zoom-sur-...-l%27aide-aux-victimes-de-violences-conjugales.aspx?web=1#l-essentiel-de-l-avvc%E2%80%A6\"><\/a><\/h3>\n\n\n\n<p>L\u2019aide d\u2019urgence pour les victimes de violences conjugales est une prestation l\u00e9gale pr\u00e9vue pour soutenir les victimes. Elle est instaur\u00e9e par la loi du 28 f\u00e9vrier 2023.&nbsp;<\/p>\n\n\n\n<p>Selon le montant des ressources de la victime, elle peut prendre la forme :&nbsp;<\/p>\n\n\n\n<ul>\n<li>d\u2019<strong>une aide non remboursable<\/strong>&nbsp;(subvention)\u202f;&nbsp;<\/li>\n\n\n\n<li>d&rsquo;<strong>une aide remboursable (pr\u00eat sans int\u00e9r\u00eat)<\/strong>. Le remboursement se fera aupr\u00e8s de l\u2019auteur des violences s&rsquo;il est condamn\u00e9 \u00e0 la peine compl\u00e9mentaire* de remboursement du pr\u00eat ou aupr\u00e8s de la victime dans les autres cas.<\/li>\n<\/ul>\n\n\n\n<p>Cette aide est entr\u00e9e en vigueur le 28 novembre 2023. Elle peut \u00e9galement concerner les violences conjugales commises ant\u00e9rieurement \u00e0 cette date.\u00a0<\/p>\n\n\n\n<p>Elle s\u2019adresse \u00e0&nbsp;<strong>toutes personnes (allocataire ou non) victimes de violences conjugales&nbsp;<\/strong>commises par le conjoint, le concubin, ou le partenaire de pacs. Il peut \u00e9galement s\u2019agir d\u2019une relation pass\u00e9e. Il n\u2019est pas n\u00e9cessaire que la victime vive ou ait v\u00e9cu avec l\u2019auteur des faits.&nbsp;<\/p>\n\n\n\n<p>A noter : compte tenu du&nbsp;<strong>caract\u00e8re d&rsquo;urgence<\/strong>&nbsp;de cette aide, elle doit \u00eatre vers\u00e9e dans les 3 jours pour un.e allocataire et 5 jours pour un.e non allocataire.<\/p>\n\n\n\n<h3 id=\"quel-accompagnement-social-des-victimes\">Quel accompagnement social des victimes ?<a href=\"https:\/\/cafdoc.sharepoint.com\/sites\/intranet-org171-local\/SitePages\/Actualit%C3%A9s\/Zoom-sur-...-l%27aide-aux-victimes-de-violences-conjugales.aspx?web=1#quel-accompagnement-social-des-victimes\"><\/a><\/h3>\n\n\n\n<p>Le formulaire de demande de la prestation comprend une case \u00e0 cocher pour signaler que la victime souhaite un accompagnement. Dans ce cas, nous transmettons le signalement aux\u00a0<strong>travailleurs sociaux du Conseil d\u00e9partemental\u00a0<\/strong>qui sont en charge de cet accompagnement.<\/p>\n\n\n\n<p>La <strong>coordination des inventions <\/strong>est en cours de d\u00e9finition non seulement avec nos coll\u00e8gues du Conseil d\u00e9partemental mais aussi avec tous les autres acteurs du domaine dans le d\u00e9partement : Cidff, les 7 r\u00e9seaux violence, la gendarmerie nationale\u2026<\/p>\n\n\n\n<figure class=\"is-layout-flex wp-block-gallery-1 wp-block-gallery has-nested-images columns-default is-cropped\">\n<figure class=\"wp-block-image size-large\"><img decoding=\"async\" loading=\"lazy\" width=\"516\" height=\"725\" data-id=\"1130\"  src=\"https:\/\/caf-rapport-activite.fr\/caf17-2023\/wp-content\/uploads\/sites\/15\/2024\/04\/stickers_gendarmerie.png\" alt=\"\" class=\"wp-image-1130\" srcset=\"https:\/\/caf-rapport-activite.fr\/caf17-2023\/wp-content\/uploads\/sites\/15\/2024\/04\/stickers_gendarmerie.png 516w, https:\/\/caf-rapport-activite.fr\/caf17-2023\/wp-content\/uploads\/sites\/15\/2024\/04\/stickers_gendarmerie-214x300.png 214w\" sizes=\"(max-width: 516px) 100vw, 516px\" \/><\/figure>\n\n\n\n<figure class=\"wp-block-image size-large\"><img decoding=\"async\" loading=\"lazy\" width=\"724\" height=\"1024\" data-id=\"1311\"  src=\"https:\/\/caf-rapport-activite.fr\/caf17-2023\/wp-content\/uploads\/sites\/15\/2024\/05\/AVVC_affiche-724x1024.jpg\" alt=\"\" class=\"wp-image-1311\" srcset=\"https:\/\/caf-rapport-activite.fr\/caf17-2023\/wp-content\/uploads\/sites\/15\/2024\/05\/AVVC_affiche-724x1024.jpg 724w, https:\/\/caf-rapport-activite.fr\/caf17-2023\/wp-content\/uploads\/sites\/15\/2024\/05\/AVVC_affiche-212x300.jpg 212w, https:\/\/caf-rapport-activite.fr\/caf17-2023\/wp-content\/uploads\/sites\/15\/2024\/05\/AVVC_affiche-768x1086.jpg 768w, https:\/\/caf-rapport-activite.fr\/caf17-2023\/wp-content\/uploads\/sites\/15\/2024\/05\/AVVC_affiche-1086x1536.jpg 1086w, https:\/\/caf-rapport-activite.fr\/caf17-2023\/wp-content\/uploads\/sites\/15\/2024\/05\/AVVC_affiche-1448x2048.jpg 1448w\" sizes=\"(max-width: 724px) 100vw, 724px\" \/><\/figure>\n<\/figure>\n","protected":false},"excerpt":{"rendered":"<p>L&rsquo;essentiel de l&rsquo;Avvc\u2026 L\u2019aide d\u2019urgence pour les victimes de violences conjugales est une prestation l\u00e9gale pr\u00e9vue pour soutenir les victimes. [&hellip;]<\/p>\n","protected":false},"featured_media":1311,"parent":0,"menu_order":9,"template":"","activite":[10],"yoast_head":"<!-- This site is optimized with the Yoast SEO plugin v19.11 - https:\/\/yoast.com\/wordpress\/plugins\/seo\/ -->\n<title>Zoom sur... l&#039;aide aux victimes de violences conjugales<\/title>\n<meta name=\"description\" content=\"L\u2019aide d\u2019urgence pour les victimes de violences conjugales est une prestation l\u00e9gale pr\u00e9vue pour soutenir les victimes. Elle est instaur\u00e9e par la loi du 28 f\u00e9vrier 2023.\u00a0\" \/>\n<meta name=\"robots\" content=\"index, follow, max-snippet:-1, max-image-preview:large, max-video-preview:-1\" \/>\n<link rel=\"canonical\" href=\"https:\/\/caf-rapport-activite.fr\/caf17-2023\/temp-fort\/zoom-sur-laide-aux-victimes-de-violences-conjugales\/\" \/>\n<meta property=\"og:locale\" content=\"fr_FR\" \/>\n<meta property=\"og:type\" content=\"article\" \/>\n<meta property=\"og:title\" content=\"Zoom sur... l&#039;aide aux victimes de violences conjugales\" \/>\n<meta property=\"og:description\" content=\"L\u2019aide d\u2019urgence pour les victimes de violences conjugales est une prestation l\u00e9gale pr\u00e9vue pour soutenir les victimes. Elle est instaur\u00e9e par la loi du 28 f\u00e9vrier 2023.\u00a0\" \/>\n<meta property=\"og:url\" content=\"https:\/\/caf-rapport-activite.fr\/caf17-2023\/temp-fort\/zoom-sur-laide-aux-victimes-de-violences-conjugales\/\" \/>\n<meta property=\"og:site_name\" content=\"Caf17 - 2023\" \/>\n<meta property=\"article:modified_time\" content=\"2024-07-29T15:47:02+00:00\" \/>\n<meta property=\"og:image\" content=\"https:\/\/caf-rapport-activite.fr\/caf17-2023\/wp-content\/uploads\/sites\/15\/2024\/05\/AVVC_affiche.jpg\" \/>\n\t<meta property=\"og:image:width\" content=\"2339\" \/>\n\t<meta property=\"og:image:height\" content=\"3308\" \/>\n\t<meta property=\"og:image:type\" content=\"image\/jpeg\" \/>\n<meta name=\"twitter:card\" content=\"summary_large_image\" \/>\n<meta name=\"twitter:label1\" content=\"Dur\u00e9e de lecture estim\u00e9e\" \/>\n\t<meta name=\"twitter:data1\" content=\"2 minutes\" \/>\n<script type=\"application\/ld+json\" class=\"yoast-schema-graph\">{\"@context\":\"https:\/\/schema.org\",\"@graph\":[{\"@type\":\"WebPage\",\"@id\":\"https:\/\/caf-rapport-activite.fr\/caf17-2023\/temp-fort\/zoom-sur-laide-aux-victimes-de-violences-conjugales\/\",\"url\":\"https:\/\/caf-rapport-activite.fr\/caf17-2023\/temp-fort\/zoom-sur-laide-aux-victimes-de-violences-conjugales\/\",\"name\":\"Zoom sur... l'aide aux victimes de violences conjugales\",\"isPartOf\":{\"@id\":\"https:\/\/caf-rapport-activite.fr\/caf17-2023\/#website\"},\"datePublished\":\"2024-05-02T13:19:59+00:00\",\"dateModified\":\"2024-07-29T15:47:02+00:00\",\"description\":\"L\u2019aide d\u2019urgence pour les victimes de violences conjugales est une prestation l\u00e9gale pr\u00e9vue pour soutenir les victimes. Elle est instaur\u00e9e par la loi du 28 f\u00e9vrier 2023.\u00a0\",\"breadcrumb\":{\"@id\":\"https:\/\/caf-rapport-activite.fr\/caf17-2023\/temp-fort\/zoom-sur-laide-aux-victimes-de-violences-conjugales\/#breadcrumb\"},\"inLanguage\":\"fr-FR\",\"potentialAction\":[{\"@type\":\"ReadAction\",\"target\":[\"https:\/\/caf-rapport-activite.fr\/caf17-2023\/temp-fort\/zoom-sur-laide-aux-victimes-de-violences-conjugales\/\"]}]},{\"@type\":\"BreadcrumbList\",\"@id\":\"https:\/\/caf-rapport-activite.fr\/caf17-2023\/temp-fort\/zoom-sur-laide-aux-victimes-de-violences-conjugales\/#breadcrumb\",\"itemListElement\":[{\"@type\":\"ListItem\",\"position\":1,\"name\":\"Accueil\",\"item\":\"https:\/\/caf-rapport-activite.fr\/caf17-2023\/\"},{\"@type\":\"ListItem\",\"position\":2,\"name\":\"Temps forts\",\"item\":\"https:\/\/caf-rapport-activite.fr\/caf17-2023\/temp-fort\/\"},{\"@type\":\"ListItem\",\"position\":3,\"name\":\"Zoom sur&#8230; l&rsquo;aide aux victimes de violences conjugales\"}]},{\"@type\":\"WebSite\",\"@id\":\"https:\/\/caf-rapport-activite.fr\/caf17-2023\/#website\",\"url\":\"https:\/\/caf-rapport-activite.fr\/caf17-2023\/\",\"name\":\"Caf17 - 2023\",\"description\":\"\",\"potentialAction\":[{\"@type\":\"SearchAction\",\"target\":{\"@type\":\"EntryPoint\",\"urlTemplate\":\"https:\/\/caf-rapport-activite.fr\/caf17-2023\/?s={search_term_string}\"},\"query-input\":\"required name=search_term_string\"}],\"inLanguage\":\"fr-FR\"}]}<\/script>\n<!-- \/ Yoast SEO plugin. -->","yoast_head_json":{"title":"Zoom sur... l'aide aux victimes de violences conjugales","description":"L\u2019aide d\u2019urgence pour les victimes de violences conjugales est une prestation l\u00e9gale pr\u00e9vue pour soutenir les victimes. Elle est instaur\u00e9e par la loi du 28 f\u00e9vrier 2023.\u00a0","robots":{"index":"index","follow":"follow","max-snippet":"max-snippet:-1","max-image-preview":"max-image-preview:large","max-video-preview":"max-video-preview:-1"},"canonical":"https:\/\/caf-rapport-activite.fr\/caf17-2023\/temp-fort\/zoom-sur-laide-aux-victimes-de-violences-conjugales\/","og_locale":"fr_FR","og_type":"article","og_title":"Zoom sur... l'aide aux victimes de violences conjugales","og_description":"L\u2019aide d\u2019urgence pour les victimes de violences conjugales est une prestation l\u00e9gale pr\u00e9vue pour soutenir les victimes. Elle est instaur\u00e9e par la loi du 28 f\u00e9vrier 2023.\u00a0","og_url":"https:\/\/caf-rapport-activite.fr\/caf17-2023\/temp-fort\/zoom-sur-laide-aux-victimes-de-violences-conjugales\/","og_site_name":"Caf17 - 2023","article_modified_time":"2024-07-29T15:47:02+00:00","og_image":[{"width":2339,"height":3308,"url":"https:\/\/caf-rapport-activite.fr\/caf17-2023\/wp-content\/uploads\/sites\/15\/2024\/05\/AVVC_affiche.jpg","type":"image\/jpeg"}],"twitter_card":"summary_large_image","twitter_misc":{"Dur\u00e9e de lecture estim\u00e9e":"2 minutes"},"schema":{"@context":"https:\/\/schema.org","@graph":[{"@type":"WebPage","@id":"https:\/\/caf-rapport-activite.fr\/caf17-2023\/temp-fort\/zoom-sur-laide-aux-victimes-de-violences-conjugales\/","url":"https:\/\/caf-rapport-activite.fr\/caf17-2023\/temp-fort\/zoom-sur-laide-aux-victimes-de-violences-conjugales\/","name":"Zoom sur... l'aide aux victimes de violences conjugales","isPartOf":{"@id":"https:\/\/caf-rapport-activite.fr\/caf17-2023\/#website"},"datePublished":"2024-05-02T13:19:59+00:00","dateModified":"2024-07-29T15:47:02+00:00","description":"L\u2019aide d\u2019urgence pour les victimes de violences conjugales est une prestation l\u00e9gale pr\u00e9vue pour soutenir les victimes. Elle est instaur\u00e9e par la loi du 28 f\u00e9vrier 2023.\u00a0","breadcrumb":{"@id":"https:\/\/caf-rapport-activite.fr\/caf17-2023\/temp-fort\/zoom-sur-laide-aux-victimes-de-violences-conjugales\/#breadcrumb"},"inLanguage":"fr-FR","potentialAction":[{"@type":"ReadAction","target":["https:\/\/caf-rapport-activite.fr\/caf17-2023\/temp-fort\/zoom-sur-laide-aux-victimes-de-violences-conjugales\/"]}]},{"@type":"BreadcrumbList","@id":"https:\/\/caf-rapport-activite.fr\/caf17-2023\/temp-fort\/zoom-sur-laide-aux-victimes-de-violences-conjugales\/#breadcrumb","itemListElement":[{"@type":"ListItem","position":1,"name":"Accueil","item":"https:\/\/caf-rapport-activite.fr\/caf17-2023\/"},{"@type":"ListItem","position":2,"name":"Temps forts","item":"https:\/\/caf-rapport-activite.fr\/caf17-2023\/temp-fort\/"},{"@type":"ListItem","position":3,"name":"Zoom sur&#8230; l&rsquo;aide aux victimes de violences conjugales"}]},{"@type":"WebSite","@id":"https:\/\/caf-rapport-activite.fr\/caf17-2023\/#website","url":"https:\/\/caf-rapport-activite.fr\/caf17-2023\/","name":"Caf17 - 2023","description":"","potentialAction":[{"@type":"SearchAction","target":{"@type":"EntryPoint","urlTemplate":"https:\/\/caf-rapport-activite.fr\/caf17-2023\/?s={search_term_string}"},"query-input":"required name=search_term_string"}],"inLanguage":"fr-FR"}]}},"_links":{"self":[{"href":"https:\/\/caf-rapport-activite.fr\/caf17-2023\/wp-json\/wp\/v2\/temp-fort\/1165"}],"collection":[{"href":"https:\/\/caf-rapport-activite.fr\/caf17-2023\/wp-json\/wp\/v2\/temp-fort"}],"about":[{"href":"https:\/\/caf-rapport-activite.fr\/caf17-2023\/wp-json\/wp\/v2\/types\/temp-fort"}],"wp:featuredmedia":[{"embeddable":true,"href":"https:\/\/caf-rapport-activite.fr\/caf17-2023\/wp-json\/wp\/v2\/media\/1311"}],"wp:attachment":[{"href":"https:\/\/caf-rapport-activite.fr\/caf17-2023\/wp-json\/wp\/v2\/media?parent=1165"}],"wp:term":[{"taxonomy":"activite","embeddable":true,"href":"https:\/\/caf-rapport-activite.fr\/caf17-2023\/wp-json\/wp\/v2\/activite?post=1165"}],"curies":[{"name":"wp","href":"https:\/\/api.w.org\/{rel}","templated":true}]}}

<h3 id="l-essentiel-de-l-avvc…">L&rsquo;essentiel de l&rsquo;Avvc…<a href="https://cafdoc.sharepoint.com/sites/intranet-org171-local/SitePages/Actualit%C3%A9s/Zoom-sur-...-l%27aide-aux-victimes-de-violences-conjugales.aspx?web=1#l-essentiel-de-l-avvc%E2%80%A6"></a></h3>



<p>L’aide d’urgence pour les victimes de violences conjugales est une prestation légale prévue pour soutenir les victimes. Elle est instaurée par la loi du 28 février 2023.&nbsp;</p>



<p>Selon le montant des ressources de la victime, elle peut prendre la forme :&nbsp;</p>



<ul>
<li>d’<strong>une aide non remboursable</strong>&nbsp;(subvention) ;&nbsp;</li>



<li>d&rsquo;<strong>une aide remboursable (prêt sans intérêt)</strong>. Le remboursement se fera auprès de l’auteur des violences s&rsquo;il est condamné à la peine complémentaire* de remboursement du prêt ou auprès de la victime dans les autres cas.</li>
</ul>



<p>Cette aide est entrée en vigueur le 28 novembre 2023. Elle peut également concerner les violences conjugales commises antérieurement à cette date. </p>



<p>Elle s’adresse à&nbsp;<strong>toutes personnes (allocataire ou non) victimes de violences conjugales&nbsp;</strong>commises par le conjoint, le concubin, ou le partenaire de pacs. Il peut également s’agir d’une relation passée. Il n’est pas nécessaire que la victime vive ou ait vécu avec l’auteur des faits.&nbsp;</p>



<p>A noter : compte tenu du&nbsp;<strong>caractère d&rsquo;urgence</strong>&nbsp;de cette aide, elle doit être versée dans les 3 jours pour un.e allocataire et 5 jours pour un.e non allocataire.</p>



<h3 id="quel-accompagnement-social-des-victimes">Quel accompagnement social des victimes ?<a href="https://cafdoc.sharepoint.com/sites/intranet-org171-local/SitePages/Actualit%C3%A9s/Zoom-sur-...-l%27aide-aux-victimes-de-violences-conjugales.aspx?web=1#quel-accompagnement-social-des-victimes"></a></h3>



<p>Le formulaire de demande de la prestation comprend une case à cocher pour signaler que la victime souhaite un accompagnement. Dans ce cas, nous transmettons le signalement aux <strong>travailleurs sociaux du Conseil départemental </strong>qui sont en charge de cet accompagnement.</p>



<p>La <strong>coordination des inventions </strong>est en cours de définition non seulement avec nos collègues du Conseil départemental mais aussi avec tous les autres acteurs du domaine dans le département : Cidff, les 7 réseaux violence, la gendarmerie nationale…</p>



<figure class="is-layout-flex wp-block-gallery-1 wp-block-gallery has-nested-images columns-default is-cropped">
<figure class="wp-block-image size-large"><img decoding="async" loading="lazy" width="516" height="725" data-id="1130"  src="https://caf-rapport-activite.fr/caf17-2023/wp-content/uploads/sites/15/2024/04/stickers_gendarmerie.png" alt="" class="wp-image-1130" srcset="https://caf-rapport-activite.fr/caf17-2023/wp-content/uploads/sites/15/2024/04/stickers_gendarmerie.png 516w, https://caf-rapport-activite.fr/caf17-2023/wp-content/uploads/sites/15/2024/04/stickers_gendarmerie-214x300.png 214w" sizes="(max-width: 516px) 100vw, 516px" /></figure>



<figure class="wp-block-image size-large"><img decoding="async" loading="lazy" width="724" height="1024" data-id="1311"  src="https://caf-rapport-activite.fr/caf17-2023/wp-content/uploads/sites/15/2024/05/AVVC_affiche-724x1024.jpg" alt="" class="wp-image-1311" srcset="https://caf-rapport-activite.fr/caf17-2023/wp-content/uploads/sites/15/2024/05/AVVC_affiche-724x1024.jpg 724w, https://caf-rapport-activite.fr/caf17-2023/wp-content/uploads/sites/15/2024/05/AVVC_affiche-212x300.jpg 212w, https://caf-rapport-activite.fr/caf17-2023/wp-content/uploads/sites/15/2024/05/AVVC_affiche-768x1086.jpg 768w, https://caf-rapport-activite.fr/caf17-2023/wp-content/uploads/sites/15/2024/05/AVVC_affiche-1086x1536.jpg 1086w, https://caf-rapport-activite.fr/caf17-2023/wp-content/uploads/sites/15/2024/05/AVVC_affiche-1448x2048.jpg 1448w" sizes="(max-width: 724px) 100vw, 724px" /></figure>
</figure>

<p>L&rsquo;essentiel de l&rsquo;Avvc… L’aide d’urgence pour les victimes de violences conjugales est une prestation légale prévue pour soutenir les victimes. [&hellip;]</p>

<!-- This site is optimized with the Yoast SEO plugin v19.11 - https://yoast.com/wordpress/plugins/seo/ -->
<title>Zoom sur... l&#039;aide aux victimes de violences conjugales</title>
<meta name="description" content="L’aide d’urgence pour les victimes de violences conjugales est une prestation légale prévue pour soutenir les victimes. Elle est instaurée par la loi du 28 février 2023. " />
<meta name="robots" content="index, follow, max-snippet:-1, max-image-preview:large, max-video-preview:-1" />
<link rel="canonical" href="https://caf-rapport-activite.fr/caf17-2023/temp-fort/zoom-sur-laide-aux-victimes-de-violences-conjugales/" />
<meta property="og:locale" content="fr_FR" />
<meta property="og:type" content="article" />
<meta property="og:title" content="Zoom sur... l&#039;aide aux victimes de violences conjugales" />
<meta property="og:description" content="L’aide d’urgence pour les victimes de violences conjugales est une prestation légale prévue pour soutenir les victimes. Elle est instaurée par la loi du 28 février 2023. " />
<meta property="og:url" content="https://caf-rapport-activite.fr/caf17-2023/temp-fort/zoom-sur-laide-aux-victimes-de-violences-conjugales/" />
<meta property="og:site_name" content="Caf17 - 2023" />
<meta property="article:modified_time" content="2024-07-29T15:47:02+00:00" />
<meta property="og:image" content="https://caf-rapport-activite.fr/caf17-2023/wp-content/uploads/sites/15/2024/05/AVVC_affiche.jpg" />
	<meta property="og:image:width" content="2339" />
	<meta property="og:image:height" content="3308" />
	<meta property="og:image:type" content="image/jpeg" />
<meta name="twitter:card" content="summary_large_image" />
<meta name="twitter:label1" content="Durée de lecture estimée" />
	<meta name="twitter:data1" content="2 minutes" />
<script type="application/ld+json" class="yoast-schema-graph">{"@context":"https://schema.org","@graph":[{"@type":"WebPage","@id":"https://caf-rapport-activite.fr/caf17-2023/temp-fort/zoom-sur-laide-aux-victimes-de-violences-conjugales/","url":"https://caf-rapport-activite.fr/caf17-2023/temp-fort/zoom-sur-laide-aux-victimes-de-violences-conjugales/","name":"Zoom sur... l'aide aux victimes de violences conjugales","isPartOf":{"@id":"https://caf-rapport-activite.fr/caf17-2023/#website"},"datePublished":"2024-05-02T13:19:59+00:00","dateModified":"2024-07-29T15:47:02+00:00","description":"L’aide d’urgence pour les victimes de violences conjugales est une prestation légale prévue pour soutenir les victimes. Elle est instaurée par la loi du 28 février 2023. ","breadcrumb":{"@id":"https://caf-rapport-activite.fr/caf17-2023/temp-fort/zoom-sur-laide-aux-victimes-de-violences-conjugales/#breadcrumb"},"inLanguage":"fr-FR","potentialAction":[{"@type":"ReadAction","target":["https://caf-rapport-activite.fr/caf17-2023/temp-fort/zoom-sur-laide-aux-victimes-de-violences-conjugales/"]}]},{"@type":"BreadcrumbList","@id":"https://caf-rapport-activite.fr/caf17-2023/temp-fort/zoom-sur-laide-aux-victimes-de-violences-conjugales/#breadcrumb","itemListElement":[{"@type":"ListItem","position":1,"name":"Accueil","item":"https://caf-rapport-activite.fr/caf17-2023/"},{"@type":"ListItem","position":2,"name":"Temps forts","item":"https://caf-rapport-activite.fr/caf17-2023/temp-fort/"},{"@type":"ListItem","position":3,"name":"Zoom sur&#8230; l&rsquo;aide aux victimes de violences conjugales"}]},{"@type":"WebSite","@id":"https://caf-rapport-activite.fr/caf17-2023/#website","url":"https://caf-rapport-activite.fr/caf17-2023/","name":"Caf17 - 2023","description":"","potentialAction":[{"@type":"SearchAction","target":{"@type":"EntryPoint","urlTemplate":"https://caf-rapport-activite.fr/caf17-2023/?s={search_term_string}"},"query-input":"required name=search_term_string"}],"inLanguage":"fr-FR"}]}</script>
<!-- / Yoast SEO plugin. -->

L’aide d’urgence pour les victimes de violences conjugales est une prestation légale prévue pour soutenir les victimes. Elle est instaurée par la loi du 28 février 2023.
