{"id":1151,"date":"2024-05-02T14:21:21","date_gmt":"2024-05-02T12:21:21","guid":{"rendered":"https:\/\/caf-rapport-activite.fr\/caf17-2023\/?post_type=temp-fort&#038;p=1151"},"modified":"2024-07-29T17:58:46","modified_gmt":"2024-07-29T15:58:46","slug":"le-schema-departemental-des-services-aux-familles","status":"publish","type":"temp-fort","link":"https:\/\/caf-rapport-activite.fr\/caf17-2023\/temp-fort\/le-schema-departemental-des-services-aux-familles\/","title":{"rendered":"Un nouveau Sch\u00e9ma D\u00e9partemental des Services aux Familles"},"content":{"rendered":"\n<p>Une ann\u00e9e de co-construction du futur sch\u00e9ma d\u00e9partemental des services aux familles 2023-2028 avec l\u2019organisation de 2 s\u00e9minaires impliquant les acteurs institutionnels, associatifs et les collectivit\u00e9s, dans les domaines de la petite enfance, l\u2019enfance jeunesse, la parentalit\u00e9 et la vie sociale.<\/p>\n\n\n\n<p>A partir d\u2019un diagnostic partag\u00e9, le sch\u00e9ma d\u00e9cline un plan ambitieux de 18 actions pour les 6 ann\u00e9es, en r\u00e9ponse aux besoins des familles de la Charente-Maritime. <\/p>\n\n\n\n<blockquote class=\"wp-block-quote\">\n<p>Le 25 septembre 2023 : r\u00e9union du Comit\u00e9 d\u00e9partemental des services aux familles pour valider le plan d\u2019action sous la forme de mini conf\u00e9rences pour illustrer de 5 actions marqueurs du sch\u00e9ma\u00a0:<\/p>\n<\/blockquote>\n\n\n\n<ul>\n<li>un projet territorial pr\u00e9figurateur du Sppe (service public de la petite enfance) \u00e0 l\u2019\u00e9chelle de la CDA de Saintes par Mme Cambon \u00e9lue et Mme Joussemet responsable petite enfance,<\/li>\n\n\n\n<li>le t\u00e9moignage de l\u2019int\u00e9r\u00eat de la mise en r\u00e9seau des espaces de vie sociale, avec intervention &nbsp;d\u2019une directrice d\u2019un service,<\/li>\n\n\n\n<li>L\u2019attractivit\u00e9 des m\u00e9tiers de services aux familles\u00a0: \u00e9tat des lieux et perspectives avec la participation de France Travail,<\/li>\n\n\n\n<li>La prise en charge des violences intrafamiliales\u00a0: \u00e9tat des lieux et optimiser la prise en charge des victimes et auteurs en pr\u00e9sence du Cidff,<\/li>\n\n\n\n<li>La concr\u00e9tisation d\u2019une action phare du Sdsf 2019-2022 avec l\u2019ouverture au 3 avril 2023 du p\u00f4le ressources handicap\u00a0: premiers constats et perspective de d\u00e9veloppement via la responsable du service Mdph.<\/li>\n<\/ul>\n\n\n\n<blockquote class=\"wp-block-quote\">\n<p>17 novembre 2023 : 1\u00e8re r\u00e9union de lancement des groupes de travail avec identification des copilotes et confirmation du co-portage inter institutionnel.<\/p>\n<\/blockquote>\n\n\n\n<blockquote class=\"wp-block-quote\">\n<p>20 novembre 2023 : validation du cahier des charges Avip (\u00e0 vocation d&rsquo;insertion professionnelle)<\/p>\n<\/blockquote>\n\n\n\n<blockquote class=\"wp-block-quote\">\n<p>13 d\u00e9cembre 2023\u00a0: 1<sup>\u00e8r <\/sup>comit\u00e9 restreint de suivi qualit\u00e9 d\u2019accueil Eaje compos\u00e9 des institutions ayant le pouvoir de contr\u00f4le pour partager un \u00e9tat des lieux d\u00e9partemental et s\u2019informer sur les situations rep\u00e9r\u00e9es\u00a0; alertes pouvant faire craindre une d\u00e9gradation de la qualit\u00e9 d\u2019accueil et d\u00e9finir une action visant \u00e0 garantir la qualit\u00e9 d\u2019accueil.<\/p>\n<\/blockquote>\n\n\n\n<blockquote class=\"wp-block-quote\">\n<p>Deux r\u00e9unions du comit\u00e9 des financeurs de la politique de soutien \u00e0 la parentalit\u00e9\u00a0en janvier et en octobre de l\u2019ann\u00e9e, pour \u00e9tude et validation des projets de services de m\u00e9diation familiale et d\u2019espace de rencontre.<\/p>\n<\/blockquote>\n\n\n\n<p><\/p>\n\n\n\n<figure class=\"wp-block-embed is-type-video is-provider-youtube wp-block-embed-youtube wp-embed-aspect-4-3 wp-has-aspect-ratio\"><div class=\"wp-block-embed__wrapper\">\n<iframe loading=\"lazy\" title=\"Sch\u00e9ma Directeur des Services aux Familles (Sdsf) 2023-2028\" width=\"500\" height=\"375\" src=\"https:\/\/www.youtube.com\/embed\/kZLuVsvJVwA?feature=oembed\" frameborder=\"0\" allow=\"accelerometer; autoplay; clipboard-write; encrypted-media; gyroscope; picture-in-picture; web-share\" referrerpolicy=\"strict-origin-when-cross-origin\" allowfullscreen><\/iframe>\n<\/div><\/figure>\n","protected":false},"excerpt":{"rendered":"<p>Une ann\u00e9e de co-construction du futur sch\u00e9ma d\u00e9partemental des services aux familles 2023-2028 avec l\u2019organisation de 2 s\u00e9minaires impliquant les [&hellip;]<\/p>\n","protected":false},"featured_media":1152,"parent":0,"menu_order":13,"template":"","activite":[5],"yoast_head":"<!-- This site is optimized with the Yoast SEO plugin v19.11 - https:\/\/yoast.com\/wordpress\/plugins\/seo\/ -->\n<title>Le Sch\u00e9ma D\u00e9partemental des Services aux Familles<\/title>\n<meta name=\"description\" content=\"Le SDSF : une feuille de route pour d\u00e9velopper les coop\u00e9rations et les compl\u00e9mentarit\u00e9s entre les partenaires institutionnels et acteurs de terrain, au service des familles...\" \/>\n<meta name=\"robots\" content=\"index, follow, max-snippet:-1, max-image-preview:large, max-video-preview:-1\" \/>\n<link rel=\"canonical\" href=\"https:\/\/caf-rapport-activite.fr\/caf17-2023\/temp-fort\/le-schema-departemental-des-services-aux-familles\/\" \/>\n<meta property=\"og:locale\" content=\"fr_FR\" \/>\n<meta property=\"og:type\" content=\"article\" \/>\n<meta property=\"og:title\" content=\"Le Sch\u00e9ma D\u00e9partemental des Services aux Familles\" \/>\n<meta property=\"og:description\" content=\"Le SDSF : une feuille de route pour d\u00e9velopper les coop\u00e9rations et les compl\u00e9mentarit\u00e9s entre les partenaires institutionnels et acteurs de terrain, au service des familles...\" \/>\n<meta property=\"og:url\" content=\"https:\/\/caf-rapport-activite.fr\/caf17-2023\/temp-fort\/le-schema-departemental-des-services-aux-familles\/\" \/>\n<meta property=\"og:site_name\" content=\"Caf17 - 2023\" \/>\n<meta property=\"article:modified_time\" content=\"2024-07-29T15:58:46+00:00\" \/>\n<meta property=\"og:image\" content=\"https:\/\/caf-rapport-activite.fr\/caf17-2023\/wp-content\/uploads\/sites\/15\/2024\/05\/20230923_CDSF2-1-1024x576.jpg\" \/>\n\t<meta property=\"og:image:width\" content=\"1024\" \/>\n\t<meta property=\"og:image:height\" content=\"576\" \/>\n\t<meta property=\"og:image:type\" content=\"image\/jpeg\" \/>\n<meta name=\"twitter:card\" content=\"summary_large_image\" \/>\n<meta name=\"twitter:label1\" content=\"Dur\u00e9e de lecture estim\u00e9e\" \/>\n\t<meta name=\"twitter:data1\" content=\"2 minutes\" \/>\n<script type=\"application\/ld+json\" class=\"yoast-schema-graph\">{\"@context\":\"https:\/\/schema.org\",\"@graph\":[{\"@type\":\"WebPage\",\"@id\":\"https:\/\/caf-rapport-activite.fr\/caf17-2023\/temp-fort\/le-schema-departemental-des-services-aux-familles\/\",\"url\":\"https:\/\/caf-rapport-activite.fr\/caf17-2023\/temp-fort\/le-schema-departemental-des-services-aux-familles\/\",\"name\":\"Le Sch\u00e9ma D\u00e9partemental des Services aux Familles\",\"isPartOf\":{\"@id\":\"https:\/\/caf-rapport-activite.fr\/caf17-2023\/#website\"},\"datePublished\":\"2024-05-02T12:21:21+00:00\",\"dateModified\":\"2024-07-29T15:58:46+00:00\",\"description\":\"Le SDSF : une feuille de route pour d\u00e9velopper les coop\u00e9rations et les compl\u00e9mentarit\u00e9s entre les partenaires institutionnels et acteurs de terrain, au service des familles...\",\"breadcrumb\":{\"@id\":\"https:\/\/caf-rapport-activite.fr\/caf17-2023\/temp-fort\/le-schema-departemental-des-services-aux-familles\/#breadcrumb\"},\"inLanguage\":\"fr-FR\",\"potentialAction\":[{\"@type\":\"ReadAction\",\"target\":[\"https:\/\/caf-rapport-activite.fr\/caf17-2023\/temp-fort\/le-schema-departemental-des-services-aux-familles\/\"]}]},{\"@type\":\"BreadcrumbList\",\"@id\":\"https:\/\/caf-rapport-activite.fr\/caf17-2023\/temp-fort\/le-schema-departemental-des-services-aux-familles\/#breadcrumb\",\"itemListElement\":[{\"@type\":\"ListItem\",\"position\":1,\"name\":\"Accueil\",\"item\":\"https:\/\/caf-rapport-activite.fr\/caf17-2023\/\"},{\"@type\":\"ListItem\",\"position\":2,\"name\":\"Temps forts\",\"item\":\"https:\/\/caf-rapport-activite.fr\/caf17-2023\/temp-fort\/\"},{\"@type\":\"ListItem\",\"position\":3,\"name\":\"Un nouveau Sch\u00e9ma D\u00e9partemental des Services aux Familles\"}]},{\"@type\":\"WebSite\",\"@id\":\"https:\/\/caf-rapport-activite.fr\/caf17-2023\/#website\",\"url\":\"https:\/\/caf-rapport-activite.fr\/caf17-2023\/\",\"name\":\"Caf17 - 2023\",\"description\":\"\",\"potentialAction\":[{\"@type\":\"SearchAction\",\"target\":{\"@type\":\"EntryPoint\",\"urlTemplate\":\"https:\/\/caf-rapport-activite.fr\/caf17-2023\/?s={search_term_string}\"},\"query-input\":\"required name=search_term_string\"}],\"inLanguage\":\"fr-FR\"}]}<\/script>\n<!-- \/ Yoast SEO plugin. -->","yoast_head_json":{"title":"Le Sch\u00e9ma D\u00e9partemental des Services aux Familles","description":"Le SDSF : une feuille de route pour d\u00e9velopper les coop\u00e9rations et les compl\u00e9mentarit\u00e9s entre les partenaires institutionnels et acteurs de terrain, au service des familles...","robots":{"index":"index","follow":"follow","max-snippet":"max-snippet:-1","max-image-preview":"max-image-preview:large","max-video-preview":"max-video-preview:-1"},"canonical":"https:\/\/caf-rapport-activite.fr\/caf17-2023\/temp-fort\/le-schema-departemental-des-services-aux-familles\/","og_locale":"fr_FR","og_type":"article","og_title":"Le Sch\u00e9ma D\u00e9partemental des Services aux Familles","og_description":"Le SDSF : une feuille de route pour d\u00e9velopper les coop\u00e9rations et les compl\u00e9mentarit\u00e9s entre les partenaires institutionnels et acteurs de terrain, au service des familles...","og_url":"https:\/\/caf-rapport-activite.fr\/caf17-2023\/temp-fort\/le-schema-departemental-des-services-aux-familles\/","og_site_name":"Caf17 - 2023","article_modified_time":"2024-07-29T15:58:46+00:00","og_image":[{"width":1024,"height":576,"url":"https:\/\/caf-rapport-activite.fr\/caf17-2023\/wp-content\/uploads\/sites\/15\/2024\/05\/20230923_CDSF2-1-1024x576.jpg","type":"image\/jpeg"}],"twitter_card":"summary_large_image","twitter_misc":{"Dur\u00e9e de lecture estim\u00e9e":"2 minutes"},"schema":{"@context":"https:\/\/schema.org","@graph":[{"@type":"WebPage","@id":"https:\/\/caf-rapport-activite.fr\/caf17-2023\/temp-fort\/le-schema-departemental-des-services-aux-familles\/","url":"https:\/\/caf-rapport-activite.fr\/caf17-2023\/temp-fort\/le-schema-departemental-des-services-aux-familles\/","name":"Le Sch\u00e9ma D\u00e9partemental des Services aux Familles","isPartOf":{"@id":"https:\/\/caf-rapport-activite.fr\/caf17-2023\/#website"},"datePublished":"2024-05-02T12:21:21+00:00","dateModified":"2024-07-29T15:58:46+00:00","description":"Le SDSF : une feuille de route pour d\u00e9velopper les coop\u00e9rations et les compl\u00e9mentarit\u00e9s entre les partenaires institutionnels et acteurs de terrain, au service des familles...","breadcrumb":{"@id":"https:\/\/caf-rapport-activite.fr\/caf17-2023\/temp-fort\/le-schema-departemental-des-services-aux-familles\/#breadcrumb"},"inLanguage":"fr-FR","potentialAction":[{"@type":"ReadAction","target":["https:\/\/caf-rapport-activite.fr\/caf17-2023\/temp-fort\/le-schema-departemental-des-services-aux-familles\/"]}]},{"@type":"BreadcrumbList","@id":"https:\/\/caf-rapport-activite.fr\/caf17-2023\/temp-fort\/le-schema-departemental-des-services-aux-familles\/#breadcrumb","itemListElement":[{"@type":"ListItem","position":1,"name":"Accueil","item":"https:\/\/caf-rapport-activite.fr\/caf17-2023\/"},{"@type":"ListItem","position":2,"name":"Temps forts","item":"https:\/\/caf-rapport-activite.fr\/caf17-2023\/temp-fort\/"},{"@type":"ListItem","position":3,"name":"Un nouveau Sch\u00e9ma D\u00e9partemental des Services aux Familles"}]},{"@type":"WebSite","@id":"https:\/\/caf-rapport-activite.fr\/caf17-2023\/#website","url":"https:\/\/caf-rapport-activite.fr\/caf17-2023\/","name":"Caf17 - 2023","description":"","potentialAction":[{"@type":"SearchAction","target":{"@type":"EntryPoint","urlTemplate":"https:\/\/caf-rapport-activite.fr\/caf17-2023\/?s={search_term_string}"},"query-input":"required name=search_term_string"}],"inLanguage":"fr-FR"}]}},"_links":{"self":[{"href":"https:\/\/caf-rapport-activite.fr\/caf17-2023\/wp-json\/wp\/v2\/temp-fort\/1151"}],"collection":[{"href":"https:\/\/caf-rapport-activite.fr\/caf17-2023\/wp-json\/wp\/v2\/temp-fort"}],"about":[{"href":"https:\/\/caf-rapport-activite.fr\/caf17-2023\/wp-json\/wp\/v2\/types\/temp-fort"}],"wp:featuredmedia":[{"embeddable":true,"href":"https:\/\/caf-rapport-activite.fr\/caf17-2023\/wp-json\/wp\/v2\/media\/1152"}],"wp:attachment":[{"href":"https:\/\/caf-rapport-activite.fr\/caf17-2023\/wp-json\/wp\/v2\/media?parent=1151"}],"wp:term":[{"taxonomy":"activite","embeddable":true,"href":"https:\/\/caf-rapport-activite.fr\/caf17-2023\/wp-json\/wp\/v2\/activite?post=1151"}],"curies":[{"name":"wp","href":"https:\/\/api.w.org\/{rel}","templated":true}]}}

Un nouveau Schéma Départemental des Services aux Familles

<p>Une année de co-construction du futur schéma départemental des services aux familles 2023-2028 avec l’organisation de 2 séminaires impliquant les acteurs institutionnels, associatifs et les collectivités, dans les domaines de la petite enfance, l’enfance jeunesse, la parentalité et la vie sociale.</p>



<p>A partir d’un diagnostic partagé, le schéma décline un plan ambitieux de 18 actions pour les 6 années, en réponse aux besoins des familles de la Charente-Maritime. </p>



<blockquote class="wp-block-quote">
<p>Le 25 septembre 2023 : réunion du Comité départemental des services aux familles pour valider le plan d’action sous la forme de mini conférences pour illustrer de 5 actions marqueurs du schéma :</p>
</blockquote>



<ul>
<li>un projet territorial préfigurateur du Sppe (service public de la petite enfance) à l’échelle de la CDA de Saintes par Mme Cambon élue et Mme Joussemet responsable petite enfance,</li>



<li>le témoignage de l’intérêt de la mise en réseau des espaces de vie sociale, avec intervention &nbsp;d’une directrice d’un service,</li>



<li>L’attractivité des métiers de services aux familles : état des lieux et perspectives avec la participation de France Travail,</li>



<li>La prise en charge des violences intrafamiliales : état des lieux et optimiser la prise en charge des victimes et auteurs en présence du Cidff,</li>



<li>La concrétisation d’une action phare du Sdsf 2019-2022 avec l’ouverture au 3 avril 2023 du pôle ressources handicap : premiers constats et perspective de développement via la responsable du service Mdph.</li>
</ul>



<blockquote class="wp-block-quote">
<p>17 novembre 2023 : 1ère réunion de lancement des groupes de travail avec identification des copilotes et confirmation du co-portage inter institutionnel.</p>
</blockquote>



<blockquote class="wp-block-quote">
<p>20 novembre 2023 : validation du cahier des charges Avip (à vocation d&rsquo;insertion professionnelle)</p>
</blockquote>



<blockquote class="wp-block-quote">
<p>13 décembre 2023 : 1<sup>èr </sup>comité restreint de suivi qualité d’accueil Eaje composé des institutions ayant le pouvoir de contrôle pour partager un état des lieux départemental et s’informer sur les situations repérées ; alertes pouvant faire craindre une dégradation de la qualité d’accueil et définir une action visant à garantir la qualité d’accueil.</p>
</blockquote>



<blockquote class="wp-block-quote">
<p>Deux réunions du comité des financeurs de la politique de soutien à la parentalité en janvier et en octobre de l’année, pour étude et validation des projets de services de médiation familiale et d’espace de rencontre.</p>
</blockquote>



<p></p>



<figure class="wp-block-embed is-type-video is-provider-youtube wp-block-embed-youtube wp-embed-aspect-4-3 wp-has-aspect-ratio"><div class="wp-block-embed__wrapper">
<iframe loading="lazy" title="Schéma Directeur des Services aux Familles (Sdsf) 2023-2028" width="500" height="375" src="https://www.youtube.com/embed/kZLuVsvJVwA?feature=oembed" frameborder="0" allow="accelerometer; autoplay; clipboard-write; encrypted-media; gyroscope; picture-in-picture; web-share" referrerpolicy="strict-origin-when-cross-origin" allowfullscreen></iframe>
</div></figure>

<p>Une année de co-construction du futur schéma départemental des services aux familles 2023-2028 avec l’organisation de 2 séminaires impliquant les [&hellip;]</p>

<!-- This site is optimized with the Yoast SEO plugin v19.11 - https://yoast.com/wordpress/plugins/seo/ -->
<title>Le Schéma Départemental des Services aux Familles</title>
<meta name="description" content="Le SDSF : une feuille de route pour développer les coopérations et les complémentarités entre les partenaires institutionnels et acteurs de terrain, au service des familles..." />
<meta name="robots" content="index, follow, max-snippet:-1, max-image-preview:large, max-video-preview:-1" />
<link rel="canonical" href="https://caf-rapport-activite.fr/caf17-2023/temp-fort/le-schema-departemental-des-services-aux-familles/" />
<meta property="og:locale" content="fr_FR" />
<meta property="og:type" content="article" />
<meta property="og:title" content="Le Schéma Départemental des Services aux Familles" />
<meta property="og:description" content="Le SDSF : une feuille de route pour développer les coopérations et les complémentarités entre les partenaires institutionnels et acteurs de terrain, au service des familles..." />
<meta property="og:url" content="https://caf-rapport-activite.fr/caf17-2023/temp-fort/le-schema-departemental-des-services-aux-familles/" />
<meta property="og:site_name" content="Caf17 - 2023" />
<meta property="article:modified_time" content="2024-07-29T15:58:46+00:00" />
<meta property="og:image" content="https://caf-rapport-activite.fr/caf17-2023/wp-content/uploads/sites/15/2024/05/20230923_CDSF2-1-1024x576.jpg" />
	<meta property="og:image:width" content="1024" />
	<meta property="og:image:height" content="576" />
	<meta property="og:image:type" content="image/jpeg" />
<meta name="twitter:card" content="summary_large_image" />
<meta name="twitter:label1" content="Durée de lecture estimée" />
	<meta name="twitter:data1" content="2 minutes" />
<script type="application/ld+json" class="yoast-schema-graph">{"@context":"https://schema.org","@graph":[{"@type":"WebPage","@id":"https://caf-rapport-activite.fr/caf17-2023/temp-fort/le-schema-departemental-des-services-aux-familles/","url":"https://caf-rapport-activite.fr/caf17-2023/temp-fort/le-schema-departemental-des-services-aux-familles/","name":"Le Schéma Départemental des Services aux Familles","isPartOf":{"@id":"https://caf-rapport-activite.fr/caf17-2023/#website"},"datePublished":"2024-05-02T12:21:21+00:00","dateModified":"2024-07-29T15:58:46+00:00","description":"Le SDSF : une feuille de route pour développer les coopérations et les complémentarités entre les partenaires institutionnels et acteurs de terrain, au service des familles...","breadcrumb":{"@id":"https://caf-rapport-activite.fr/caf17-2023/temp-fort/le-schema-departemental-des-services-aux-familles/#breadcrumb"},"inLanguage":"fr-FR","potentialAction":[{"@type":"ReadAction","target":["https://caf-rapport-activite.fr/caf17-2023/temp-fort/le-schema-departemental-des-services-aux-familles/"]}]},{"@type":"BreadcrumbList","@id":"https://caf-rapport-activite.fr/caf17-2023/temp-fort/le-schema-departemental-des-services-aux-familles/#breadcrumb","itemListElement":[{"@type":"ListItem","position":1,"name":"Accueil","item":"https://caf-rapport-activite.fr/caf17-2023/"},{"@type":"ListItem","position":2,"name":"Temps forts","item":"https://caf-rapport-activite.fr/caf17-2023/temp-fort/"},{"@type":"ListItem","position":3,"name":"Un nouveau Schéma Départemental des Services aux Familles"}]},{"@type":"WebSite","@id":"https://caf-rapport-activite.fr/caf17-2023/#website","url":"https://caf-rapport-activite.fr/caf17-2023/","name":"Caf17 - 2023","description":"","potentialAction":[{"@type":"SearchAction","target":{"@type":"EntryPoint","urlTemplate":"https://caf-rapport-activite.fr/caf17-2023/?s={search_term_string}"},"query-input":"required name=search_term_string"}],"inLanguage":"fr-FR"}]}</script>
<!-- / Yoast SEO plugin. -->

Le Schéma Départemental des Services aux Familles

Le SDSF : une feuille de route pour développer les coopérations et les complémentarités entre les partenaires institutionnels et acteurs de terrain, au service des familles...
