{"id":1131,"date":"2024-05-02T09:15:41","date_gmt":"2024-05-02T07:15:41","guid":{"rendered":"https:\/\/caf-rapport-activite.fr\/caf17-2023\/?post_type=temp-fort&#038;p=1131"},"modified":"2024-07-30T15:31:28","modified_gmt":"2024-07-30T13:31:28","slug":"deconjugalisation-de-lallocation-adulte-handicape-aah","status":"publish","type":"temp-fort","link":"https:\/\/caf-rapport-activite.fr\/caf17-2023\/temp-fort\/deconjugalisation-de-lallocation-adulte-handicape-aah\/","title":{"rendered":"D\u00e9conjugalisation de l&rsquo;Allocation Adulte Handicap\u00e9 (Aah)"},"content":{"rendered":"\n<h2 id=\"la-d\u00e9conjugalisation,-c\u2019est-quoi\">La d\u00e9conjugalisation, c\u2019est quoi\u00a0?<\/h2>\n\n\n\n<p>La r\u00e9forme de la d\u00e9conjugalisation de l\u2019Allocation aux adultes handicap\u00e9s (Aah) est pr\u00e9vue dans la loi\u00a0n\u00b02022-1158 du 16 ao\u00fbt 2022 portant mesures d&rsquo;urgence pour la protection du pouvoir d&rsquo;achat, pr\u00e9voyant en son article 10 la d\u00e9conjugalisation de l\u2019Aah.<\/p>\n\n\n\n<h2 id=\"la-d\u00e9conjugalisation,-c\u2019est-quoi\"><a href=\"https:\/\/cafdoc.sharepoint.com\/sites\/intranet-org171-local\/SitePages\/Actualit%C3%A9s\/D%C3%A9conjugalisation-de-l%27AAH---premi%C3%A8res-actions.aspx?web=1#la-d%C3%A9conjugalisation%2C-c%E2%80%99est-quoi\"><\/a><\/h2>\n\n\n\n<blockquote class=\"wp-block-quote\">\n<p>La d\u00e9conjugalisation consiste \u00e0 :\u00a0<\/p>\n\n\n\n<ul>\n<li>Ne plus tenir compte du conjoint et de ses ressources dans le calcul de l\u2019Aah,\u00a0\u00a0\u00a0<\/li>\n\n\n\n<li>Appliquer un plafond de ressources \u201cpersonne seule\u201d bien que le b\u00e9n\u00e9ficiaire vive en couple.\u00a0<br><\/li>\n<\/ul>\n<\/blockquote>\n\n\n\n<p>Cette r\u00e9forme induit des impacts \u00e0 la fois pour les allocataires, mais \u00e9galement en termes d\u2019organisation interne et d\u2019accompagnement des publics \u00e0 la bonne compr\u00e9hension de celle-ci.<\/p>\n\n\n\n<p>Les premiers paiements de l\u2019AAH d\u00e9conjugalis\u00e9e sont intervenus <strong>d\u00e9but novembre 2023<\/strong>, au titre des droits d\u2019octobre, que la gestion soit annuelle ou trimestrielle.<\/p>\n\n\n\n<figure class=\"wp-block-embed is-type-video is-provider-youtube wp-block-embed-youtube wp-embed-aspect-16-9 wp-has-aspect-ratio\"><div class=\"wp-block-embed__wrapper\">\n<iframe loading=\"lazy\" title=\"D\u00e9conjugalisation de l&#039;allocation aux adultes handicap\u00e9s\" width=\"500\" height=\"281\" src=\"https:\/\/www.youtube.com\/embed\/J9ZuzEM29RE?feature=oembed\" frameborder=\"0\" allow=\"accelerometer; autoplay; clipboard-write; encrypted-media; gyroscope; picture-in-picture; web-share\" referrerpolicy=\"strict-origin-when-cross-origin\" allowfullscreen><\/iframe>\n<\/div><\/figure>\n","protected":false},"excerpt":{"rendered":"<p>La d\u00e9conjugalisation, c\u2019est quoi\u00a0? La r\u00e9forme de la d\u00e9conjugalisation de l\u2019Allocation aux adultes handicap\u00e9s (Aah) est pr\u00e9vue dans la loi\u00a0n\u00b02022-1158 [&hellip;]<\/p>\n","protected":false},"featured_media":280,"parent":0,"menu_order":20,"template":"","activite":[2],"yoast_head":"<!-- This site is optimized with the Yoast SEO plugin v19.11 - https:\/\/yoast.com\/wordpress\/plugins\/seo\/ -->\n<title>D\u00e9conjugalisation de l&#039;Allocation Adulte Handicap\u00e9 (Aah)<\/title>\n<meta name=\"robots\" content=\"index, follow, max-snippet:-1, max-image-preview:large, max-video-preview:-1\" \/>\n<link rel=\"canonical\" href=\"https:\/\/caf-rapport-activite.fr\/caf17-2023\/temp-fort\/deconjugalisation-de-lallocation-adulte-handicape-aah\/\" \/>\n<meta property=\"og:locale\" content=\"fr_FR\" \/>\n<meta property=\"og:type\" content=\"article\" \/>\n<meta property=\"og:title\" content=\"D\u00e9conjugalisation de l&#039;Allocation Adulte Handicap\u00e9 (Aah)\" \/>\n<meta property=\"og:description\" content=\"La d\u00e9conjugalisation, c\u2019est quoi\u00a0? La r\u00e9forme de la d\u00e9conjugalisation de l\u2019Allocation aux adultes handicap\u00e9s (Aah) est pr\u00e9vue dans la loi\u00a0n\u00b02022-1158 [&hellip;]\" \/>\n<meta property=\"og:url\" content=\"https:\/\/caf-rapport-activite.fr\/caf17-2023\/temp-fort\/deconjugalisation-de-lallocation-adulte-handicape-aah\/\" \/>\n<meta property=\"og:site_name\" content=\"Caf17 - 2023\" \/>\n<meta property=\"article:modified_time\" content=\"2024-07-30T13:31:28+00:00\" \/>\n<meta property=\"og:image\" content=\"https:\/\/caf-rapport-activite.fr\/caf17-2023\/wp-content\/uploads\/sites\/15\/2022\/12\/image-miniature-4.png\" \/>\n\t<meta property=\"og:image:width\" content=\"412\" \/>\n\t<meta property=\"og:image:height\" content=\"272\" \/>\n\t<meta property=\"og:image:type\" content=\"image\/png\" \/>\n<meta name=\"twitter:card\" content=\"summary_large_image\" \/>\n<meta name=\"twitter:label1\" content=\"Dur\u00e9e de lecture estim\u00e9e\" \/>\n\t<meta name=\"twitter:data1\" content=\"1 minute\" \/>\n<script type=\"application\/ld+json\" class=\"yoast-schema-graph\">{\"@context\":\"https:\/\/schema.org\",\"@graph\":[{\"@type\":\"WebPage\",\"@id\":\"https:\/\/caf-rapport-activite.fr\/caf17-2023\/temp-fort\/deconjugalisation-de-lallocation-adulte-handicape-aah\/\",\"url\":\"https:\/\/caf-rapport-activite.fr\/caf17-2023\/temp-fort\/deconjugalisation-de-lallocation-adulte-handicape-aah\/\",\"name\":\"D\u00e9conjugalisation de l'Allocation Adulte Handicap\u00e9 (Aah)\",\"isPartOf\":{\"@id\":\"https:\/\/caf-rapport-activite.fr\/caf17-2023\/#website\"},\"datePublished\":\"2024-05-02T07:15:41+00:00\",\"dateModified\":\"2024-07-30T13:31:28+00:00\",\"breadcrumb\":{\"@id\":\"https:\/\/caf-rapport-activite.fr\/caf17-2023\/temp-fort\/deconjugalisation-de-lallocation-adulte-handicape-aah\/#breadcrumb\"},\"inLanguage\":\"fr-FR\",\"potentialAction\":[{\"@type\":\"ReadAction\",\"target\":[\"https:\/\/caf-rapport-activite.fr\/caf17-2023\/temp-fort\/deconjugalisation-de-lallocation-adulte-handicape-aah\/\"]}]},{\"@type\":\"BreadcrumbList\",\"@id\":\"https:\/\/caf-rapport-activite.fr\/caf17-2023\/temp-fort\/deconjugalisation-de-lallocation-adulte-handicape-aah\/#breadcrumb\",\"itemListElement\":[{\"@type\":\"ListItem\",\"position\":1,\"name\":\"Accueil\",\"item\":\"https:\/\/caf-rapport-activite.fr\/caf17-2023\/\"},{\"@type\":\"ListItem\",\"position\":2,\"name\":\"Temps forts\",\"item\":\"https:\/\/caf-rapport-activite.fr\/caf17-2023\/temp-fort\/\"},{\"@type\":\"ListItem\",\"position\":3,\"name\":\"D\u00e9conjugalisation de l&rsquo;Allocation Adulte Handicap\u00e9 (Aah)\"}]},{\"@type\":\"WebSite\",\"@id\":\"https:\/\/caf-rapport-activite.fr\/caf17-2023\/#website\",\"url\":\"https:\/\/caf-rapport-activite.fr\/caf17-2023\/\",\"name\":\"Caf17 - 2023\",\"description\":\"\",\"potentialAction\":[{\"@type\":\"SearchAction\",\"target\":{\"@type\":\"EntryPoint\",\"urlTemplate\":\"https:\/\/caf-rapport-activite.fr\/caf17-2023\/?s={search_term_string}\"},\"query-input\":\"required name=search_term_string\"}],\"inLanguage\":\"fr-FR\"}]}<\/script>\n<!-- \/ Yoast SEO plugin. -->","yoast_head_json":{"title":"D\u00e9conjugalisation de l'Allocation Adulte Handicap\u00e9 (Aah)","robots":{"index":"index","follow":"follow","max-snippet":"max-snippet:-1","max-image-preview":"max-image-preview:large","max-video-preview":"max-video-preview:-1"},"canonical":"https:\/\/caf-rapport-activite.fr\/caf17-2023\/temp-fort\/deconjugalisation-de-lallocation-adulte-handicape-aah\/","og_locale":"fr_FR","og_type":"article","og_title":"D\u00e9conjugalisation de l'Allocation Adulte Handicap\u00e9 (Aah)","og_description":"La d\u00e9conjugalisation, c\u2019est quoi\u00a0? La r\u00e9forme de la d\u00e9conjugalisation de l\u2019Allocation aux adultes handicap\u00e9s (Aah) est pr\u00e9vue dans la loi\u00a0n\u00b02022-1158 [&hellip;]","og_url":"https:\/\/caf-rapport-activite.fr\/caf17-2023\/temp-fort\/deconjugalisation-de-lallocation-adulte-handicape-aah\/","og_site_name":"Caf17 - 2023","article_modified_time":"2024-07-30T13:31:28+00:00","og_image":[{"width":412,"height":272,"url":"https:\/\/caf-rapport-activite.fr\/caf17-2023\/wp-content\/uploads\/sites\/15\/2022\/12\/image-miniature-4.png","type":"image\/png"}],"twitter_card":"summary_large_image","twitter_misc":{"Dur\u00e9e de lecture estim\u00e9e":"1 minute"},"schema":{"@context":"https:\/\/schema.org","@graph":[{"@type":"WebPage","@id":"https:\/\/caf-rapport-activite.fr\/caf17-2023\/temp-fort\/deconjugalisation-de-lallocation-adulte-handicape-aah\/","url":"https:\/\/caf-rapport-activite.fr\/caf17-2023\/temp-fort\/deconjugalisation-de-lallocation-adulte-handicape-aah\/","name":"D\u00e9conjugalisation de l'Allocation Adulte Handicap\u00e9 (Aah)","isPartOf":{"@id":"https:\/\/caf-rapport-activite.fr\/caf17-2023\/#website"},"datePublished":"2024-05-02T07:15:41+00:00","dateModified":"2024-07-30T13:31:28+00:00","breadcrumb":{"@id":"https:\/\/caf-rapport-activite.fr\/caf17-2023\/temp-fort\/deconjugalisation-de-lallocation-adulte-handicape-aah\/#breadcrumb"},"inLanguage":"fr-FR","potentialAction":[{"@type":"ReadAction","target":["https:\/\/caf-rapport-activite.fr\/caf17-2023\/temp-fort\/deconjugalisation-de-lallocation-adulte-handicape-aah\/"]}]},{"@type":"BreadcrumbList","@id":"https:\/\/caf-rapport-activite.fr\/caf17-2023\/temp-fort\/deconjugalisation-de-lallocation-adulte-handicape-aah\/#breadcrumb","itemListElement":[{"@type":"ListItem","position":1,"name":"Accueil","item":"https:\/\/caf-rapport-activite.fr\/caf17-2023\/"},{"@type":"ListItem","position":2,"name":"Temps forts","item":"https:\/\/caf-rapport-activite.fr\/caf17-2023\/temp-fort\/"},{"@type":"ListItem","position":3,"name":"D\u00e9conjugalisation de l&rsquo;Allocation Adulte Handicap\u00e9 (Aah)"}]},{"@type":"WebSite","@id":"https:\/\/caf-rapport-activite.fr\/caf17-2023\/#website","url":"https:\/\/caf-rapport-activite.fr\/caf17-2023\/","name":"Caf17 - 2023","description":"","potentialAction":[{"@type":"SearchAction","target":{"@type":"EntryPoint","urlTemplate":"https:\/\/caf-rapport-activite.fr\/caf17-2023\/?s={search_term_string}"},"query-input":"required name=search_term_string"}],"inLanguage":"fr-FR"}]}},"_links":{"self":[{"href":"https:\/\/caf-rapport-activite.fr\/caf17-2023\/wp-json\/wp\/v2\/temp-fort\/1131"}],"collection":[{"href":"https:\/\/caf-rapport-activite.fr\/caf17-2023\/wp-json\/wp\/v2\/temp-fort"}],"about":[{"href":"https:\/\/caf-rapport-activite.fr\/caf17-2023\/wp-json\/wp\/v2\/types\/temp-fort"}],"wp:featuredmedia":[{"embeddable":true,"href":"https:\/\/caf-rapport-activite.fr\/caf17-2023\/wp-json\/wp\/v2\/media\/280"}],"wp:attachment":[{"href":"https:\/\/caf-rapport-activite.fr\/caf17-2023\/wp-json\/wp\/v2\/media?parent=1131"}],"wp:term":[{"taxonomy":"activite","embeddable":true,"href":"https:\/\/caf-rapport-activite.fr\/caf17-2023\/wp-json\/wp\/v2\/activite?post=1131"}],"curies":[{"name":"wp","href":"https:\/\/api.w.org\/{rel}","templated":true}]}}

Déconjugalisation de l&rsquo;Allocation Adulte Handicapé (Aah)

<h2 id="la-déconjugalisation,-c’est-quoi">La déconjugalisation, c’est quoi ?</h2>



<p>La réforme de la déconjugalisation de l’Allocation aux adultes handicapés (Aah) est prévue dans la loi n°2022-1158 du 16 août 2022 portant mesures d&rsquo;urgence pour la protection du pouvoir d&rsquo;achat, prévoyant en son article 10 la déconjugalisation de l’Aah.</p>



<h2 id="la-déconjugalisation,-c’est-quoi"><a href="https://cafdoc.sharepoint.com/sites/intranet-org171-local/SitePages/Actualit%C3%A9s/D%C3%A9conjugalisation-de-l%27AAH---premi%C3%A8res-actions.aspx?web=1#la-d%C3%A9conjugalisation%2C-c%E2%80%99est-quoi"></a></h2>



<blockquote class="wp-block-quote">
<p>La déconjugalisation consiste à : </p>



<ul>
<li>Ne plus tenir compte du conjoint et de ses ressources dans le calcul de l’Aah,   </li>



<li>Appliquer un plafond de ressources “personne seule” bien que le bénéficiaire vive en couple. <br></li>
</ul>
</blockquote>



<p>Cette réforme induit des impacts à la fois pour les allocataires, mais également en termes d’organisation interne et d’accompagnement des publics à la bonne compréhension de celle-ci.</p>



<p>Les premiers paiements de l’AAH déconjugalisée sont intervenus <strong>début novembre 2023</strong>, au titre des droits d’octobre, que la gestion soit annuelle ou trimestrielle.</p>



<figure class="wp-block-embed is-type-video is-provider-youtube wp-block-embed-youtube wp-embed-aspect-16-9 wp-has-aspect-ratio"><div class="wp-block-embed__wrapper">
<iframe loading="lazy" title="Déconjugalisation de l&#039;allocation aux adultes handicapés" width="500" height="281" src="https://www.youtube.com/embed/J9ZuzEM29RE?feature=oembed" frameborder="0" allow="accelerometer; autoplay; clipboard-write; encrypted-media; gyroscope; picture-in-picture; web-share" referrerpolicy="strict-origin-when-cross-origin" allowfullscreen></iframe>
</div></figure>

<p>La déconjugalisation, c’est quoi ? La réforme de la déconjugalisation de l’Allocation aux adultes handicapés (Aah) est prévue dans la loi n°2022-1158 [&hellip;]</p>

<!-- This site is optimized with the Yoast SEO plugin v19.11 - https://yoast.com/wordpress/plugins/seo/ -->
<title>Déconjugalisation de l&#039;Allocation Adulte Handicapé (Aah)</title>
<meta name="robots" content="index, follow, max-snippet:-1, max-image-preview:large, max-video-preview:-1" />
<link rel="canonical" href="https://caf-rapport-activite.fr/caf17-2023/temp-fort/deconjugalisation-de-lallocation-adulte-handicape-aah/" />
<meta property="og:locale" content="fr_FR" />
<meta property="og:type" content="article" />
<meta property="og:title" content="Déconjugalisation de l&#039;Allocation Adulte Handicapé (Aah)" />
<meta property="og:description" content="La déconjugalisation, c’est quoi ? La réforme de la déconjugalisation de l’Allocation aux adultes handicapés (Aah) est prévue dans la loi n°2022-1158 [&hellip;]" />
<meta property="og:url" content="https://caf-rapport-activite.fr/caf17-2023/temp-fort/deconjugalisation-de-lallocation-adulte-handicape-aah/" />
<meta property="og:site_name" content="Caf17 - 2023" />
<meta property="article:modified_time" content="2024-07-30T13:31:28+00:00" />
<meta property="og:image" content="https://caf-rapport-activite.fr/caf17-2023/wp-content/uploads/sites/15/2022/12/image-miniature-4.png" />
	<meta property="og:image:width" content="412" />
	<meta property="og:image:height" content="272" />
	<meta property="og:image:type" content="image/png" />
<meta name="twitter:card" content="summary_large_image" />
<meta name="twitter:label1" content="Durée de lecture estimée" />
	<meta name="twitter:data1" content="1 minute" />
<script type="application/ld+json" class="yoast-schema-graph">{"@context":"https://schema.org","@graph":[{"@type":"WebPage","@id":"https://caf-rapport-activite.fr/caf17-2023/temp-fort/deconjugalisation-de-lallocation-adulte-handicape-aah/","url":"https://caf-rapport-activite.fr/caf17-2023/temp-fort/deconjugalisation-de-lallocation-adulte-handicape-aah/","name":"Déconjugalisation de l'Allocation Adulte Handicapé (Aah)","isPartOf":{"@id":"https://caf-rapport-activite.fr/caf17-2023/#website"},"datePublished":"2024-05-02T07:15:41+00:00","dateModified":"2024-07-30T13:31:28+00:00","breadcrumb":{"@id":"https://caf-rapport-activite.fr/caf17-2023/temp-fort/deconjugalisation-de-lallocation-adulte-handicape-aah/#breadcrumb"},"inLanguage":"fr-FR","potentialAction":[{"@type":"ReadAction","target":["https://caf-rapport-activite.fr/caf17-2023/temp-fort/deconjugalisation-de-lallocation-adulte-handicape-aah/"]}]},{"@type":"BreadcrumbList","@id":"https://caf-rapport-activite.fr/caf17-2023/temp-fort/deconjugalisation-de-lallocation-adulte-handicape-aah/#breadcrumb","itemListElement":[{"@type":"ListItem","position":1,"name":"Accueil","item":"https://caf-rapport-activite.fr/caf17-2023/"},{"@type":"ListItem","position":2,"name":"Temps forts","item":"https://caf-rapport-activite.fr/caf17-2023/temp-fort/"},{"@type":"ListItem","position":3,"name":"Déconjugalisation de l&rsquo;Allocation Adulte Handicapé (Aah)"}]},{"@type":"WebSite","@id":"https://caf-rapport-activite.fr/caf17-2023/#website","url":"https://caf-rapport-activite.fr/caf17-2023/","name":"Caf17 - 2023","description":"","potentialAction":[{"@type":"SearchAction","target":{"@type":"EntryPoint","urlTemplate":"https://caf-rapport-activite.fr/caf17-2023/?s={search_term_string}"},"query-input":"required name=search_term_string"}],"inLanguage":"fr-FR"}]}</script>
<!-- / Yoast SEO plugin. -->

Déconjugalisation de l'Allocation Adulte Handicapé (Aah)

La déconjugalisation, c’est quoi ? La réforme de la déconjugalisation de l’Allocation aux adultes handicapés (Aah) est prévue dans la loi n°2022-1158 [&hellip;]
