{"id":1122,"date":"2024-04-30T15:56:57","date_gmt":"2024-04-30T13:56:57","guid":{"rendered":"https:\/\/caf-rapport-activite.fr\/caf17-2023\/?post_type=temp-fort&#038;p=1122"},"modified":"2024-07-30T16:14:03","modified_gmt":"2024-07-30T14:14:03","slug":"campagne-vacances-2023","status":"publish","type":"temp-fort","link":"https:\/\/caf-rapport-activite.fr\/caf17-2023\/temp-fort\/campagne-vacances-2023\/","title":{"rendered":"Favoriser les d\u00e9parts en vacances"},"content":{"rendered":"\n<figure class=\"wp-block-embed is-type-video is-provider-youtube wp-block-embed-youtube wp-embed-aspect-16-9 wp-has-aspect-ratio\"><div class=\"wp-block-embed__wrapper\">\n<iframe loading=\"lazy\" title=\"L&#039;aide aux vacances enfants (Ave)\" width=\"500\" height=\"281\" src=\"https:\/\/www.youtube.com\/embed\/chi_wrMcDmk?feature=oembed\" frameborder=\"0\" allow=\"accelerometer; autoplay; clipboard-write; encrypted-media; gyroscope; picture-in-picture; web-share\" referrerpolicy=\"strict-origin-when-cross-origin\" allowfullscreen><\/iframe>\n<\/div><\/figure>\n\n\n\n<p>La Caf accompagne les familles dans leur projet pour favoriser le d\u00e9part en vacances des familles afin de partager un moment privil\u00e9gi\u00e9.<\/p>\n\n\n\n<p>La Caf propose des s\u00e9jours dans le cadre d&rsquo;un partenariat avec Vacaf, le service vacances des caisses d&rsquo;Allocations familiales (organisme mutualis\u00e9).<\/p>\n\n\n\n<p>A noter : la Caf de la Charente-Maritime favorise et soutient \u00e9galement le d\u00e9part en vacances des familles ayant un enfant en situation de handicap dans le cadre d&rsquo;un partenariat avec le R\u00e9seau Passerelles.<\/p>\n\n\n        <a class=\"acf-block--readmore\" href=\"https:\/\/www.vacaf.org\/\" target=\"\">\n            En savoir + sur Vacaf        <\/a>\n    ","protected":false},"excerpt":{"rendered":"<p>La Caf accompagne les familles dans leur projet pour favoriser le d\u00e9part en vacances des familles afin de partager un [&hellip;]<\/p>\n","protected":false},"featured_media":1395,"parent":0,"menu_order":24,"template":"","activite":[3],"yoast_head":"<!-- This site is optimized with the Yoast SEO plugin v19.11 - https:\/\/yoast.com\/wordpress\/plugins\/seo\/ -->\n<title>Campagne vacances 2023<\/title>\n<meta name=\"description\" content=\"Les familles avec enfants \u00e0 charge et un QF Cnaf inf\u00e9rieur ou \u00e9gal \u00e0 760\u20ac au 1er janvier, peuvent b\u00e9n\u00e9ficier de tarifs r\u00e9duits pour des s\u00e9jours en famille ou des s\u00e9jours destin\u00e9s aux enfants, dans un des centres conventionn\u00e9s, par l&#039;interm\u00e9diaire de Vacaf.\u00a0\" \/>\n<meta name=\"robots\" content=\"index, follow, max-snippet:-1, max-image-preview:large, max-video-preview:-1\" \/>\n<link rel=\"canonical\" href=\"https:\/\/caf-rapport-activite.fr\/caf17-2023\/temp-fort\/campagne-vacances-2023\/\" \/>\n<meta property=\"og:locale\" content=\"fr_FR\" \/>\n<meta property=\"og:type\" content=\"article\" \/>\n<meta property=\"og:title\" content=\"Campagne vacances 2023\" \/>\n<meta property=\"og:description\" content=\"Les familles avec enfants \u00e0 charge et un QF Cnaf inf\u00e9rieur ou \u00e9gal \u00e0 760\u20ac au 1er janvier, peuvent b\u00e9n\u00e9ficier de tarifs r\u00e9duits pour des s\u00e9jours en famille ou des s\u00e9jours destin\u00e9s aux enfants, dans un des centres conventionn\u00e9s, par l&#039;interm\u00e9diaire de Vacaf.\u00a0\" \/>\n<meta property=\"og:url\" content=\"https:\/\/caf-rapport-activite.fr\/caf17-2023\/temp-fort\/campagne-vacances-2023\/\" \/>\n<meta property=\"og:site_name\" content=\"Caf17 - 2023\" \/>\n<meta property=\"article:modified_time\" content=\"2024-07-30T14:14:03+00:00\" \/>\n<meta property=\"og:image\" content=\"https:\/\/caf-rapport-activite.fr\/caf17-2023\/wp-content\/uploads\/sites\/15\/2024\/04\/vignette-AAT.png\" \/>\n\t<meta property=\"og:image:width\" content=\"750\" \/>\n\t<meta property=\"og:image:height\" content=\"500\" \/>\n\t<meta property=\"og:image:type\" content=\"image\/png\" \/>\n<meta name=\"twitter:card\" content=\"summary_large_image\" \/>\n<meta name=\"twitter:label1\" content=\"Dur\u00e9e de lecture estim\u00e9e\" \/>\n\t<meta name=\"twitter:data1\" content=\"1 minute\" \/>\n<script type=\"application\/ld+json\" class=\"yoast-schema-graph\">{\"@context\":\"https:\/\/schema.org\",\"@graph\":[{\"@type\":\"WebPage\",\"@id\":\"https:\/\/caf-rapport-activite.fr\/caf17-2023\/temp-fort\/campagne-vacances-2023\/\",\"url\":\"https:\/\/caf-rapport-activite.fr\/caf17-2023\/temp-fort\/campagne-vacances-2023\/\",\"name\":\"Campagne vacances 2023\",\"isPartOf\":{\"@id\":\"https:\/\/caf-rapport-activite.fr\/caf17-2023\/#website\"},\"datePublished\":\"2024-04-30T13:56:57+00:00\",\"dateModified\":\"2024-07-30T14:14:03+00:00\",\"description\":\"Les familles avec enfants \u00e0 charge et un QF Cnaf inf\u00e9rieur ou \u00e9gal \u00e0 760\u20ac au 1er janvier, peuvent b\u00e9n\u00e9ficier de tarifs r\u00e9duits pour des s\u00e9jours en famille ou des s\u00e9jours destin\u00e9s aux enfants, dans un des centres conventionn\u00e9s, par l'interm\u00e9diaire de Vacaf.\u00a0\",\"breadcrumb\":{\"@id\":\"https:\/\/caf-rapport-activite.fr\/caf17-2023\/temp-fort\/campagne-vacances-2023\/#breadcrumb\"},\"inLanguage\":\"fr-FR\",\"potentialAction\":[{\"@type\":\"ReadAction\",\"target\":[\"https:\/\/caf-rapport-activite.fr\/caf17-2023\/temp-fort\/campagne-vacances-2023\/\"]}]},{\"@type\":\"BreadcrumbList\",\"@id\":\"https:\/\/caf-rapport-activite.fr\/caf17-2023\/temp-fort\/campagne-vacances-2023\/#breadcrumb\",\"itemListElement\":[{\"@type\":\"ListItem\",\"position\":1,\"name\":\"Accueil\",\"item\":\"https:\/\/caf-rapport-activite.fr\/caf17-2023\/\"},{\"@type\":\"ListItem\",\"position\":2,\"name\":\"Temps forts\",\"item\":\"https:\/\/caf-rapport-activite.fr\/caf17-2023\/temp-fort\/\"},{\"@type\":\"ListItem\",\"position\":3,\"name\":\"Favoriser les d\u00e9parts en vacances\"}]},{\"@type\":\"WebSite\",\"@id\":\"https:\/\/caf-rapport-activite.fr\/caf17-2023\/#website\",\"url\":\"https:\/\/caf-rapport-activite.fr\/caf17-2023\/\",\"name\":\"Caf17 - 2023\",\"description\":\"\",\"potentialAction\":[{\"@type\":\"SearchAction\",\"target\":{\"@type\":\"EntryPoint\",\"urlTemplate\":\"https:\/\/caf-rapport-activite.fr\/caf17-2023\/?s={search_term_string}\"},\"query-input\":\"required name=search_term_string\"}],\"inLanguage\":\"fr-FR\"}]}<\/script>\n<!-- \/ Yoast SEO plugin. -->","yoast_head_json":{"title":"Campagne vacances 2023","description":"Les familles avec enfants \u00e0 charge et un QF Cnaf inf\u00e9rieur ou \u00e9gal \u00e0 760\u20ac au 1er janvier, peuvent b\u00e9n\u00e9ficier de tarifs r\u00e9duits pour des s\u00e9jours en famille ou des s\u00e9jours destin\u00e9s aux enfants, dans un des centres conventionn\u00e9s, par l'interm\u00e9diaire de Vacaf.\u00a0","robots":{"index":"index","follow":"follow","max-snippet":"max-snippet:-1","max-image-preview":"max-image-preview:large","max-video-preview":"max-video-preview:-1"},"canonical":"https:\/\/caf-rapport-activite.fr\/caf17-2023\/temp-fort\/campagne-vacances-2023\/","og_locale":"fr_FR","og_type":"article","og_title":"Campagne vacances 2023","og_description":"Les familles avec enfants \u00e0 charge et un QF Cnaf inf\u00e9rieur ou \u00e9gal \u00e0 760\u20ac au 1er janvier, peuvent b\u00e9n\u00e9ficier de tarifs r\u00e9duits pour des s\u00e9jours en famille ou des s\u00e9jours destin\u00e9s aux enfants, dans un des centres conventionn\u00e9s, par l'interm\u00e9diaire de Vacaf.\u00a0","og_url":"https:\/\/caf-rapport-activite.fr\/caf17-2023\/temp-fort\/campagne-vacances-2023\/","og_site_name":"Caf17 - 2023","article_modified_time":"2024-07-30T14:14:03+00:00","og_image":[{"width":750,"height":500,"url":"https:\/\/caf-rapport-activite.fr\/caf17-2023\/wp-content\/uploads\/sites\/15\/2024\/04\/vignette-AAT.png","type":"image\/png"}],"twitter_card":"summary_large_image","twitter_misc":{"Dur\u00e9e de lecture estim\u00e9e":"1 minute"},"schema":{"@context":"https:\/\/schema.org","@graph":[{"@type":"WebPage","@id":"https:\/\/caf-rapport-activite.fr\/caf17-2023\/temp-fort\/campagne-vacances-2023\/","url":"https:\/\/caf-rapport-activite.fr\/caf17-2023\/temp-fort\/campagne-vacances-2023\/","name":"Campagne vacances 2023","isPartOf":{"@id":"https:\/\/caf-rapport-activite.fr\/caf17-2023\/#website"},"datePublished":"2024-04-30T13:56:57+00:00","dateModified":"2024-07-30T14:14:03+00:00","description":"Les familles avec enfants \u00e0 charge et un QF Cnaf inf\u00e9rieur ou \u00e9gal \u00e0 760\u20ac au 1er janvier, peuvent b\u00e9n\u00e9ficier de tarifs r\u00e9duits pour des s\u00e9jours en famille ou des s\u00e9jours destin\u00e9s aux enfants, dans un des centres conventionn\u00e9s, par l'interm\u00e9diaire de Vacaf.\u00a0","breadcrumb":{"@id":"https:\/\/caf-rapport-activite.fr\/caf17-2023\/temp-fort\/campagne-vacances-2023\/#breadcrumb"},"inLanguage":"fr-FR","potentialAction":[{"@type":"ReadAction","target":["https:\/\/caf-rapport-activite.fr\/caf17-2023\/temp-fort\/campagne-vacances-2023\/"]}]},{"@type":"BreadcrumbList","@id":"https:\/\/caf-rapport-activite.fr\/caf17-2023\/temp-fort\/campagne-vacances-2023\/#breadcrumb","itemListElement":[{"@type":"ListItem","position":1,"name":"Accueil","item":"https:\/\/caf-rapport-activite.fr\/caf17-2023\/"},{"@type":"ListItem","position":2,"name":"Temps forts","item":"https:\/\/caf-rapport-activite.fr\/caf17-2023\/temp-fort\/"},{"@type":"ListItem","position":3,"name":"Favoriser les d\u00e9parts en vacances"}]},{"@type":"WebSite","@id":"https:\/\/caf-rapport-activite.fr\/caf17-2023\/#website","url":"https:\/\/caf-rapport-activite.fr\/caf17-2023\/","name":"Caf17 - 2023","description":"","potentialAction":[{"@type":"SearchAction","target":{"@type":"EntryPoint","urlTemplate":"https:\/\/caf-rapport-activite.fr\/caf17-2023\/?s={search_term_string}"},"query-input":"required name=search_term_string"}],"inLanguage":"fr-FR"}]}},"_links":{"self":[{"href":"https:\/\/caf-rapport-activite.fr\/caf17-2023\/wp-json\/wp\/v2\/temp-fort\/1122"}],"collection":[{"href":"https:\/\/caf-rapport-activite.fr\/caf17-2023\/wp-json\/wp\/v2\/temp-fort"}],"about":[{"href":"https:\/\/caf-rapport-activite.fr\/caf17-2023\/wp-json\/wp\/v2\/types\/temp-fort"}],"wp:featuredmedia":[{"embeddable":true,"href":"https:\/\/caf-rapport-activite.fr\/caf17-2023\/wp-json\/wp\/v2\/media\/1395"}],"wp:attachment":[{"href":"https:\/\/caf-rapport-activite.fr\/caf17-2023\/wp-json\/wp\/v2\/media?parent=1122"}],"wp:term":[{"taxonomy":"activite","embeddable":true,"href":"https:\/\/caf-rapport-activite.fr\/caf17-2023\/wp-json\/wp\/v2\/activite?post=1122"}],"curies":[{"name":"wp","href":"https:\/\/api.w.org\/{rel}","templated":true}]}}

Favoriser les départs en vacances

<figure class="wp-block-embed is-type-video is-provider-youtube wp-block-embed-youtube wp-embed-aspect-16-9 wp-has-aspect-ratio"><div class="wp-block-embed__wrapper">
<iframe loading="lazy" title="L&#039;aide aux vacances enfants (Ave)" width="500" height="281" src="https://www.youtube.com/embed/chi_wrMcDmk?feature=oembed" frameborder="0" allow="accelerometer; autoplay; clipboard-write; encrypted-media; gyroscope; picture-in-picture; web-share" referrerpolicy="strict-origin-when-cross-origin" allowfullscreen></iframe>
</div></figure>



<p>La Caf accompagne les familles dans leur projet pour favoriser le départ en vacances des familles afin de partager un moment privilégié.</p>



<p>La Caf propose des séjours dans le cadre d&rsquo;un partenariat avec Vacaf, le service vacances des caisses d&rsquo;Allocations familiales (organisme mutualisé).</p>



<p>A noter : la Caf de la Charente-Maritime favorise et soutient également le départ en vacances des familles ayant un enfant en situation de handicap dans le cadre d&rsquo;un partenariat avec le Réseau Passerelles.</p>


        <a class="acf-block--readmore" href="https://www.vacaf.org/" target="">
            En savoir + sur Vacaf        </a>

<p>La Caf accompagne les familles dans leur projet pour favoriser le départ en vacances des familles afin de partager un [&hellip;]</p>

<!-- This site is optimized with the Yoast SEO plugin v19.11 - https://yoast.com/wordpress/plugins/seo/ -->
<title>Campagne vacances 2023</title>
<meta name="description" content="Les familles avec enfants à charge et un QF Cnaf inférieur ou égal à 760€ au 1er janvier, peuvent bénéficier de tarifs réduits pour des séjours en famille ou des séjours destinés aux enfants, dans un des centres conventionnés, par l&#039;intermédiaire de Vacaf. " />
<meta name="robots" content="index, follow, max-snippet:-1, max-image-preview:large, max-video-preview:-1" />
<link rel="canonical" href="https://caf-rapport-activite.fr/caf17-2023/temp-fort/campagne-vacances-2023/" />
<meta property="og:locale" content="fr_FR" />
<meta property="og:type" content="article" />
<meta property="og:title" content="Campagne vacances 2023" />
<meta property="og:description" content="Les familles avec enfants à charge et un QF Cnaf inférieur ou égal à 760€ au 1er janvier, peuvent bénéficier de tarifs réduits pour des séjours en famille ou des séjours destinés aux enfants, dans un des centres conventionnés, par l&#039;intermédiaire de Vacaf. " />
<meta property="og:url" content="https://caf-rapport-activite.fr/caf17-2023/temp-fort/campagne-vacances-2023/" />
<meta property="og:site_name" content="Caf17 - 2023" />
<meta property="article:modified_time" content="2024-07-30T14:14:03+00:00" />
<meta property="og:image" content="https://caf-rapport-activite.fr/caf17-2023/wp-content/uploads/sites/15/2024/04/vignette-AAT.png" />
	<meta property="og:image:width" content="750" />
	<meta property="og:image:height" content="500" />
	<meta property="og:image:type" content="image/png" />
<meta name="twitter:card" content="summary_large_image" />
<meta name="twitter:label1" content="Durée de lecture estimée" />
	<meta name="twitter:data1" content="1 minute" />
<script type="application/ld+json" class="yoast-schema-graph">{"@context":"https://schema.org","@graph":[{"@type":"WebPage","@id":"https://caf-rapport-activite.fr/caf17-2023/temp-fort/campagne-vacances-2023/","url":"https://caf-rapport-activite.fr/caf17-2023/temp-fort/campagne-vacances-2023/","name":"Campagne vacances 2023","isPartOf":{"@id":"https://caf-rapport-activite.fr/caf17-2023/#website"},"datePublished":"2024-04-30T13:56:57+00:00","dateModified":"2024-07-30T14:14:03+00:00","description":"Les familles avec enfants à charge et un QF Cnaf inférieur ou égal à 760€ au 1er janvier, peuvent bénéficier de tarifs réduits pour des séjours en famille ou des séjours destinés aux enfants, dans un des centres conventionnés, par l'intermédiaire de Vacaf. ","breadcrumb":{"@id":"https://caf-rapport-activite.fr/caf17-2023/temp-fort/campagne-vacances-2023/#breadcrumb"},"inLanguage":"fr-FR","potentialAction":[{"@type":"ReadAction","target":["https://caf-rapport-activite.fr/caf17-2023/temp-fort/campagne-vacances-2023/"]}]},{"@type":"BreadcrumbList","@id":"https://caf-rapport-activite.fr/caf17-2023/temp-fort/campagne-vacances-2023/#breadcrumb","itemListElement":[{"@type":"ListItem","position":1,"name":"Accueil","item":"https://caf-rapport-activite.fr/caf17-2023/"},{"@type":"ListItem","position":2,"name":"Temps forts","item":"https://caf-rapport-activite.fr/caf17-2023/temp-fort/"},{"@type":"ListItem","position":3,"name":"Favoriser les départs en vacances"}]},{"@type":"WebSite","@id":"https://caf-rapport-activite.fr/caf17-2023/#website","url":"https://caf-rapport-activite.fr/caf17-2023/","name":"Caf17 - 2023","description":"","potentialAction":[{"@type":"SearchAction","target":{"@type":"EntryPoint","urlTemplate":"https://caf-rapport-activite.fr/caf17-2023/?s={search_term_string}"},"query-input":"required name=search_term_string"}],"inLanguage":"fr-FR"}]}</script>
<!-- / Yoast SEO plugin. -->

Les familles avec enfants à charge et un QF Cnaf inférieur ou égal à 760€ au 1er janvier, peuvent bénéficier de tarifs réduits pour des séjours en famille ou des séjours destinés aux enfants, dans un des centres conventionnés, par l'intermédiaire de Vacaf.
