{"id":1118,"date":"2024-04-30T15:30:26","date_gmt":"2024-04-30T13:30:26","guid":{"rendered":"https:\/\/caf-rapport-activite.fr\/caf17-2023\/?post_type=temp-fort&#038;p=1118"},"modified":"2024-09-18T15:45:03","modified_gmt":"2024-09-18T13:45:03","slug":"une-convention-territoriale-globale-signee-a-marennes","status":"publish","type":"temp-fort","link":"https:\/\/caf-rapport-activite.fr\/caf17-2023\/temp-fort\/une-convention-territoriale-globale-signee-a-marennes\/","title":{"rendered":"Une Convention Territoriale Globale sign\u00e9e \u00e0 Marennes"},"content":{"rendered":"\n<p>La communaut\u00e9 de communes (CdC) de Marennes&nbsp;et la Caf de la Charente-Maritime ont renouvel\u00e9 la signature de leur Convention Territoriale Globale (Ctg). <\/p>\n\n\n\n<p>Au total, ce sont 6 communes et 15 487 habitants qui sont concern\u00e9s \ud83c\udfe1&nbsp;<\/p>\n\n\n\n<p>La d\u00e9marche de renouvellement de la Ctg a mobilis\u00e9 l\u2019ensemble des acteurs du territoire autour de trois s\u00e9minaires. Ces travaux ont permis \u00e0 la Caf et \u00e0 la collectivit\u00e9 de partager une vision commune des changements auxquels la Ctg devrait contribuer sur le territoire :&nbsp;<\/p>\n\n\n\n<p>\u27a1 Qu\u2019un plus grand nombre de familles ait acc\u00e8s \u00e0 des services adapt\u00e9s \u00e0 leurs besoins.&nbsp;<\/p>\n\n\n\n<p>\u27a1 Que l\u2019ensemble des acteurs des temps de l\u2019enfant contribuent \u00e0 la mise en \u0153uvre d\u2019une coh\u00e9sion \u00e9ducative territoriale.&nbsp;<\/p>\n\n\n\n<p>\u27a1 Qu\u2019une majorit\u00e9 des habitants se rencontrent.&nbsp;<\/p>\n\n\n\n<p>\u27a1 Qu\u2019un plus grand nombre d\u2019habitants parvienne \u00e0 utiliser les outils num\u00e9riques&nbsp;<\/p>\n\n\n\n<p>\ud83d\udee0 Pour se faire, diff\u00e9rentes actions peuvent \u00eatre amen\u00e9s dans le cadre de cette Ctg:&nbsp;<\/p>\n\n\n\n<p>\u2705 Organisation d\u2019un \u00e9v\u00e9nement festif intercommunal, favorisant le lien entre les habitants,&nbsp;<\/p>\n\n\n\n<p>\u2705 Cr\u00e9ation d\u2019un r\u00e9seau regroupant les acteurs de l\u2019inclusion num\u00e9rique sur le territoire,&nbsp;<\/p>\n\n\n\n<p>\u2705 Sensibilisation des mairies (\u00e9lus, secr\u00e9taires&#8230;) via des webinaires sur le fonctionnement des services aux familles pour mieux informer et orienter les usagers.&nbsp;<\/p>\n","protected":false},"excerpt":{"rendered":"<p>La communaut\u00e9 de communes (CdC) de Marennes&nbsp;et la Caf de la Charente-Maritime ont renouvel\u00e9 la signature de leur Convention Territoriale [&hellip;]<\/p>\n","protected":false},"featured_media":1448,"parent":0,"menu_order":26,"template":"","activite":[6],"yoast_head":"<!-- This site is optimized with the Yoast SEO plugin v19.11 - https:\/\/yoast.com\/wordpress\/plugins\/seo\/ -->\n<title>Une Convention Territoriale Globale sign\u00e9e \u00e0 Marennes (17)<\/title>\n<meta name=\"description\" content=\"La communaut\u00e9 de communes (CdC) de Marennes\u00a0et la Caf de la Charente-Maritime ont renouvel\u00e9 la signature de leur Convention Territoriale Globale (Ctg).\" \/>\n<meta name=\"robots\" content=\"index, follow, max-snippet:-1, max-image-preview:large, max-video-preview:-1\" \/>\n<link rel=\"canonical\" href=\"https:\/\/caf-rapport-activite.fr\/caf17-2023\/temp-fort\/une-convention-territoriale-globale-signee-a-marennes\/\" \/>\n<meta property=\"og:locale\" content=\"fr_FR\" \/>\n<meta property=\"og:type\" content=\"article\" \/>\n<meta property=\"og:title\" content=\"Une Convention Territoriale Globale sign\u00e9e \u00e0 Marennes (17)\" \/>\n<meta property=\"og:description\" content=\"La communaut\u00e9 de communes (CdC) de Marennes\u00a0et la Caf de la Charente-Maritime ont renouvel\u00e9 la signature de leur Convention Territoriale Globale (Ctg).\" \/>\n<meta property=\"og:url\" content=\"https:\/\/caf-rapport-activite.fr\/caf17-2023\/temp-fort\/une-convention-territoriale-globale-signee-a-marennes\/\" \/>\n<meta property=\"og:site_name\" content=\"Caf17 - 2023\" \/>\n<meta property=\"article:modified_time\" content=\"2024-09-18T13:45:03+00:00\" \/>\n<meta property=\"og:image\" content=\"https:\/\/caf-rapport-activite.fr\/caf17-2023\/wp-content\/uploads\/sites\/15\/2024\/04\/Design-sans-titre.png\" \/>\n\t<meta property=\"og:image:width\" content=\"1080\" \/>\n\t<meta property=\"og:image:height\" content=\"1080\" \/>\n\t<meta property=\"og:image:type\" content=\"image\/png\" \/>\n<meta name=\"twitter:card\" content=\"summary_large_image\" \/>\n<meta name=\"twitter:label1\" content=\"Dur\u00e9e de lecture estim\u00e9e\" \/>\n\t<meta name=\"twitter:data1\" content=\"2 minutes\" \/>\n<script type=\"application\/ld+json\" class=\"yoast-schema-graph\">{\"@context\":\"https:\/\/schema.org\",\"@graph\":[{\"@type\":\"WebPage\",\"@id\":\"https:\/\/caf-rapport-activite.fr\/caf17-2023\/temp-fort\/une-convention-territoriale-globale-signee-a-marennes\/\",\"url\":\"https:\/\/caf-rapport-activite.fr\/caf17-2023\/temp-fort\/une-convention-territoriale-globale-signee-a-marennes\/\",\"name\":\"Une Convention Territoriale Globale sign\u00e9e \u00e0 Marennes (17)\",\"isPartOf\":{\"@id\":\"https:\/\/caf-rapport-activite.fr\/caf17-2023\/#website\"},\"datePublished\":\"2024-04-30T13:30:26+00:00\",\"dateModified\":\"2024-09-18T13:45:03+00:00\",\"description\":\"La communaut\u00e9 de communes (CdC) de Marennes\u00a0et la Caf de la Charente-Maritime ont renouvel\u00e9 la signature de leur Convention Territoriale Globale (Ctg).\",\"breadcrumb\":{\"@id\":\"https:\/\/caf-rapport-activite.fr\/caf17-2023\/temp-fort\/une-convention-territoriale-globale-signee-a-marennes\/#breadcrumb\"},\"inLanguage\":\"fr-FR\",\"potentialAction\":[{\"@type\":\"ReadAction\",\"target\":[\"https:\/\/caf-rapport-activite.fr\/caf17-2023\/temp-fort\/une-convention-territoriale-globale-signee-a-marennes\/\"]}]},{\"@type\":\"BreadcrumbList\",\"@id\":\"https:\/\/caf-rapport-activite.fr\/caf17-2023\/temp-fort\/une-convention-territoriale-globale-signee-a-marennes\/#breadcrumb\",\"itemListElement\":[{\"@type\":\"ListItem\",\"position\":1,\"name\":\"Accueil\",\"item\":\"https:\/\/caf-rapport-activite.fr\/caf17-2023\/\"},{\"@type\":\"ListItem\",\"position\":2,\"name\":\"Temps forts\",\"item\":\"https:\/\/caf-rapport-activite.fr\/caf17-2023\/temp-fort\/\"},{\"@type\":\"ListItem\",\"position\":3,\"name\":\"Une Convention Territoriale Globale sign\u00e9e \u00e0 Marennes\"}]},{\"@type\":\"WebSite\",\"@id\":\"https:\/\/caf-rapport-activite.fr\/caf17-2023\/#website\",\"url\":\"https:\/\/caf-rapport-activite.fr\/caf17-2023\/\",\"name\":\"Caf17 - 2023\",\"description\":\"\",\"potentialAction\":[{\"@type\":\"SearchAction\",\"target\":{\"@type\":\"EntryPoint\",\"urlTemplate\":\"https:\/\/caf-rapport-activite.fr\/caf17-2023\/?s={search_term_string}\"},\"query-input\":\"required name=search_term_string\"}],\"inLanguage\":\"fr-FR\"}]}<\/script>\n<!-- \/ Yoast SEO plugin. -->","yoast_head_json":{"title":"Une Convention Territoriale Globale sign\u00e9e \u00e0 Marennes (17)","description":"La communaut\u00e9 de communes (CdC) de Marennes\u00a0et la Caf de la Charente-Maritime ont renouvel\u00e9 la signature de leur Convention Territoriale Globale (Ctg).","robots":{"index":"index","follow":"follow","max-snippet":"max-snippet:-1","max-image-preview":"max-image-preview:large","max-video-preview":"max-video-preview:-1"},"canonical":"https:\/\/caf-rapport-activite.fr\/caf17-2023\/temp-fort\/une-convention-territoriale-globale-signee-a-marennes\/","og_locale":"fr_FR","og_type":"article","og_title":"Une Convention Territoriale Globale sign\u00e9e \u00e0 Marennes (17)","og_description":"La communaut\u00e9 de communes (CdC) de Marennes\u00a0et la Caf de la Charente-Maritime ont renouvel\u00e9 la signature de leur Convention Territoriale Globale (Ctg).","og_url":"https:\/\/caf-rapport-activite.fr\/caf17-2023\/temp-fort\/une-convention-territoriale-globale-signee-a-marennes\/","og_site_name":"Caf17 - 2023","article_modified_time":"2024-09-18T13:45:03+00:00","og_image":[{"width":1080,"height":1080,"url":"https:\/\/caf-rapport-activite.fr\/caf17-2023\/wp-content\/uploads\/sites\/15\/2024\/04\/Design-sans-titre.png","type":"image\/png"}],"twitter_card":"summary_large_image","twitter_misc":{"Dur\u00e9e de lecture estim\u00e9e":"2 minutes"},"schema":{"@context":"https:\/\/schema.org","@graph":[{"@type":"WebPage","@id":"https:\/\/caf-rapport-activite.fr\/caf17-2023\/temp-fort\/une-convention-territoriale-globale-signee-a-marennes\/","url":"https:\/\/caf-rapport-activite.fr\/caf17-2023\/temp-fort\/une-convention-territoriale-globale-signee-a-marennes\/","name":"Une Convention Territoriale Globale sign\u00e9e \u00e0 Marennes (17)","isPartOf":{"@id":"https:\/\/caf-rapport-activite.fr\/caf17-2023\/#website"},"datePublished":"2024-04-30T13:30:26+00:00","dateModified":"2024-09-18T13:45:03+00:00","description":"La communaut\u00e9 de communes (CdC) de Marennes\u00a0et la Caf de la Charente-Maritime ont renouvel\u00e9 la signature de leur Convention Territoriale Globale (Ctg).","breadcrumb":{"@id":"https:\/\/caf-rapport-activite.fr\/caf17-2023\/temp-fort\/une-convention-territoriale-globale-signee-a-marennes\/#breadcrumb"},"inLanguage":"fr-FR","potentialAction":[{"@type":"ReadAction","target":["https:\/\/caf-rapport-activite.fr\/caf17-2023\/temp-fort\/une-convention-territoriale-globale-signee-a-marennes\/"]}]},{"@type":"BreadcrumbList","@id":"https:\/\/caf-rapport-activite.fr\/caf17-2023\/temp-fort\/une-convention-territoriale-globale-signee-a-marennes\/#breadcrumb","itemListElement":[{"@type":"ListItem","position":1,"name":"Accueil","item":"https:\/\/caf-rapport-activite.fr\/caf17-2023\/"},{"@type":"ListItem","position":2,"name":"Temps forts","item":"https:\/\/caf-rapport-activite.fr\/caf17-2023\/temp-fort\/"},{"@type":"ListItem","position":3,"name":"Une Convention Territoriale Globale sign\u00e9e \u00e0 Marennes"}]},{"@type":"WebSite","@id":"https:\/\/caf-rapport-activite.fr\/caf17-2023\/#website","url":"https:\/\/caf-rapport-activite.fr\/caf17-2023\/","name":"Caf17 - 2023","description":"","potentialAction":[{"@type":"SearchAction","target":{"@type":"EntryPoint","urlTemplate":"https:\/\/caf-rapport-activite.fr\/caf17-2023\/?s={search_term_string}"},"query-input":"required name=search_term_string"}],"inLanguage":"fr-FR"}]}},"_links":{"self":[{"href":"https:\/\/caf-rapport-activite.fr\/caf17-2023\/wp-json\/wp\/v2\/temp-fort\/1118"}],"collection":[{"href":"https:\/\/caf-rapport-activite.fr\/caf17-2023\/wp-json\/wp\/v2\/temp-fort"}],"about":[{"href":"https:\/\/caf-rapport-activite.fr\/caf17-2023\/wp-json\/wp\/v2\/types\/temp-fort"}],"wp:featuredmedia":[{"embeddable":true,"href":"https:\/\/caf-rapport-activite.fr\/caf17-2023\/wp-json\/wp\/v2\/media\/1448"}],"wp:attachment":[{"href":"https:\/\/caf-rapport-activite.fr\/caf17-2023\/wp-json\/wp\/v2\/media?parent=1118"}],"wp:term":[{"taxonomy":"activite","embeddable":true,"href":"https:\/\/caf-rapport-activite.fr\/caf17-2023\/wp-json\/wp\/v2\/activite?post=1118"}],"curies":[{"name":"wp","href":"https:\/\/api.w.org\/{rel}","templated":true}]}}

Une Convention Territoriale Globale signée à Marennes

<p>La communauté de communes (CdC) de Marennes&nbsp;et la Caf de la Charente-Maritime ont renouvelé la signature de leur Convention Territoriale Globale (Ctg). </p>



<p>Au total, ce sont 6 communes et 15 487 habitants qui sont concernés 🏡&nbsp;</p>



<p>La démarche de renouvellement de la Ctg a mobilisé l’ensemble des acteurs du territoire autour de trois séminaires. Ces travaux ont permis à la Caf et à la collectivité de partager une vision commune des changements auxquels la Ctg devrait contribuer sur le territoire :&nbsp;</p>



<p>➡ Qu’un plus grand nombre de familles ait accès à des services adaptés à leurs besoins.&nbsp;</p>



<p>➡ Que l’ensemble des acteurs des temps de l’enfant contribuent à la mise en œuvre d’une cohésion éducative territoriale.&nbsp;</p>



<p>➡ Qu’une majorité des habitants se rencontrent.&nbsp;</p>



<p>➡ Qu’un plus grand nombre d’habitants parvienne à utiliser les outils numériques&nbsp;</p>



<p>🛠 Pour se faire, différentes actions peuvent être amenés dans le cadre de cette Ctg:&nbsp;</p>



<p>✅ Organisation d’un événement festif intercommunal, favorisant le lien entre les habitants,&nbsp;</p>



<p>✅ Création d’un réseau regroupant les acteurs de l’inclusion numérique sur le territoire,&nbsp;</p>



<p>✅ Sensibilisation des mairies (élus, secrétaires&#8230;) via des webinaires sur le fonctionnement des services aux familles pour mieux informer et orienter les usagers.&nbsp;</p>

<p>La communauté de communes (CdC) de Marennes&nbsp;et la Caf de la Charente-Maritime ont renouvelé la signature de leur Convention Territoriale [&hellip;]</p>

<!-- This site is optimized with the Yoast SEO plugin v19.11 - https://yoast.com/wordpress/plugins/seo/ -->
<title>Une Convention Territoriale Globale signée à Marennes (17)</title>
<meta name="description" content="La communauté de communes (CdC) de Marennes et la Caf de la Charente-Maritime ont renouvelé la signature de leur Convention Territoriale Globale (Ctg)." />
<meta name="robots" content="index, follow, max-snippet:-1, max-image-preview:large, max-video-preview:-1" />
<link rel="canonical" href="https://caf-rapport-activite.fr/caf17-2023/temp-fort/une-convention-territoriale-globale-signee-a-marennes/" />
<meta property="og:locale" content="fr_FR" />
<meta property="og:type" content="article" />
<meta property="og:title" content="Une Convention Territoriale Globale signée à Marennes (17)" />
<meta property="og:description" content="La communauté de communes (CdC) de Marennes et la Caf de la Charente-Maritime ont renouvelé la signature de leur Convention Territoriale Globale (Ctg)." />
<meta property="og:url" content="https://caf-rapport-activite.fr/caf17-2023/temp-fort/une-convention-territoriale-globale-signee-a-marennes/" />
<meta property="og:site_name" content="Caf17 - 2023" />
<meta property="article:modified_time" content="2024-09-18T13:45:03+00:00" />
<meta property="og:image" content="https://caf-rapport-activite.fr/caf17-2023/wp-content/uploads/sites/15/2024/04/Design-sans-titre.png" />
	<meta property="og:image:width" content="1080" />
	<meta property="og:image:height" content="1080" />
	<meta property="og:image:type" content="image/png" />
<meta name="twitter:card" content="summary_large_image" />
<meta name="twitter:label1" content="Durée de lecture estimée" />
	<meta name="twitter:data1" content="2 minutes" />
<script type="application/ld+json" class="yoast-schema-graph">{"@context":"https://schema.org","@graph":[{"@type":"WebPage","@id":"https://caf-rapport-activite.fr/caf17-2023/temp-fort/une-convention-territoriale-globale-signee-a-marennes/","url":"https://caf-rapport-activite.fr/caf17-2023/temp-fort/une-convention-territoriale-globale-signee-a-marennes/","name":"Une Convention Territoriale Globale signée à Marennes (17)","isPartOf":{"@id":"https://caf-rapport-activite.fr/caf17-2023/#website"},"datePublished":"2024-04-30T13:30:26+00:00","dateModified":"2024-09-18T13:45:03+00:00","description":"La communauté de communes (CdC) de Marennes et la Caf de la Charente-Maritime ont renouvelé la signature de leur Convention Territoriale Globale (Ctg).","breadcrumb":{"@id":"https://caf-rapport-activite.fr/caf17-2023/temp-fort/une-convention-territoriale-globale-signee-a-marennes/#breadcrumb"},"inLanguage":"fr-FR","potentialAction":[{"@type":"ReadAction","target":["https://caf-rapport-activite.fr/caf17-2023/temp-fort/une-convention-territoriale-globale-signee-a-marennes/"]}]},{"@type":"BreadcrumbList","@id":"https://caf-rapport-activite.fr/caf17-2023/temp-fort/une-convention-territoriale-globale-signee-a-marennes/#breadcrumb","itemListElement":[{"@type":"ListItem","position":1,"name":"Accueil","item":"https://caf-rapport-activite.fr/caf17-2023/"},{"@type":"ListItem","position":2,"name":"Temps forts","item":"https://caf-rapport-activite.fr/caf17-2023/temp-fort/"},{"@type":"ListItem","position":3,"name":"Une Convention Territoriale Globale signée à Marennes"}]},{"@type":"WebSite","@id":"https://caf-rapport-activite.fr/caf17-2023/#website","url":"https://caf-rapport-activite.fr/caf17-2023/","name":"Caf17 - 2023","description":"","potentialAction":[{"@type":"SearchAction","target":{"@type":"EntryPoint","urlTemplate":"https://caf-rapport-activite.fr/caf17-2023/?s={search_term_string}"},"query-input":"required name=search_term_string"}],"inLanguage":"fr-FR"}]}</script>
<!-- / Yoast SEO plugin. -->

Une Convention Territoriale Globale signée à Marennes (17)

La communauté de communes (CdC) de Marennes et la Caf de la Charente-Maritime ont renouvelé la signature de leur Convention Territoriale Globale (Ctg).
