{"version":"1.0","provider_name":"Caf17 - 2023","provider_url":"https:\/\/caf-rapport-activite.fr\/caf17-2023","title":"Campagne vacances 2023","type":"rich","width":600,"height":338,"html":"<blockquote class=\"wp-embedded-content\" data-secret=\"WsKTbCQOCA\"><a href=\"https:\/\/caf-rapport-activite.fr\/caf17-2023\/temp-fort\/campagne-vacances-2023\/\">Favoriser les d\u00e9parts en vacances<\/a><\/blockquote><iframe sandbox=\"allow-scripts\" security=\"restricted\" src=\"https:\/\/caf-rapport-activite.fr\/caf17-2023\/temp-fort\/campagne-vacances-2023\/embed\/#?secret=WsKTbCQOCA\" width=\"600\" height=\"338\" title=\"\u00ab\u00a0Favoriser les d\u00e9parts en vacances\u00a0\u00bb &#8212; Caf17 - 2023\" data-secret=\"WsKTbCQOCA\" frameborder=\"0\" marginwidth=\"0\" marginheight=\"0\" scrolling=\"no\" class=\"wp-embedded-content\"><\/iframe><script type=\"text\/javascript\">\n\/*! This file is auto-generated *\/\n!function(c,d){\"use strict\";var e=!1,o=!1;if(d.querySelector)if(c.addEventListener)e=!0;if(c.wp=c.wp||{},c.wp.receiveEmbedMessage);else if(c.wp.receiveEmbedMessage=function(e){var t=e.data;if(!t);else if(!(t.secret||t.message||t.value));else if(\/[^a-zA-Z0-9]\/.test(t.secret));else{for(var r,s,a,i=d.querySelectorAll('iframe[data-secret=\"'+t.secret+'\"]'),n=d.querySelectorAll('blockquote[data-secret=\"'+t.secret+'\"]'),o=new RegExp(\"^https?:$\",\"i\"),l=0;l<n.length;l++)n[l].style.display=\"none\";for(l=0;l<i.length;l++)if(r=i[l],e.source!==r.contentWindow);else{if(r.removeAttribute(\"style\"),\"height\"===t.message){if(1e3<(s=parseInt(t.value,10)))s=1e3;else if(~~s<200)s=200;r.height=s}if(\"link\"===t.message)if(s=d.createElement(\"a\"),a=d.createElement(\"a\"),s.href=r.getAttribute(\"src\"),a.href=t.value,!o.test(a.protocol));else if(a.host===s.host)if(d.activeElement===r)c.top.location.href=t.value}}},e)c.addEventListener(\"message\",c.wp.receiveEmbedMessage,!1),d.addEventListener(\"DOMContentLoaded\",t,!1),c.addEventListener(\"load\",t,!1);function t(){if(o);else{o=!0;for(var e,t,r,s=-1!==navigator.appVersion.indexOf(\"MSIE 10\"),a=!!navigator.userAgent.match(\/Trident.*rv:11\\.\/),i=d.querySelectorAll(\"iframe.wp-embedded-content\"),n=0;n<i.length;n++){if(!(r=(t=i[n]).getAttribute(\"data-secret\")))r=Math.random().toString(36).substr(2,10),t.src+=\"#?secret=\"+r,t.setAttribute(\"data-secret\",r);if(s||a)(e=t.cloneNode(!0)).removeAttribute(\"security\"),t.parentNode.replaceChild(e,t);t.contentWindow.postMessage({message:\"ready\",secret:r},\"*\")}}}}(window,document);\n<\/script>\n","thumbnail_url":"https:\/\/caf-rapport-activite.fr\/caf17-2023\/wp-content\/uploads\/sites\/15\/2024\/04\/vignette-AAT.png","thumbnail_width":750,"thumbnail_height":500,"description":"Les familles avec enfants \u00e0 charge et un QF Cnaf inf\u00e9rieur ou \u00e9gal \u00e0 760\u20ac au 1er janvier, peuvent b\u00e9n\u00e9ficier de tarifs r\u00e9duits pour des s\u00e9jours en famille ou des s\u00e9jours destin\u00e9s aux enfants, dans un des centres conventionn\u00e9s, par l'interm\u00e9diaire de Vacaf.\u00a0"}

<blockquote class="wp-embedded-content" data-secret="WsKTbCQOCA"><a href="https://caf-rapport-activite.fr/caf17-2023/temp-fort/campagne-vacances-2023/">Favoriser les départs en vacances</a></blockquote><iframe sandbox="allow-scripts" security="restricted" src="https://caf-rapport-activite.fr/caf17-2023/temp-fort/campagne-vacances-2023/embed/#?secret=WsKTbCQOCA" width="600" height="338" title="« Favoriser les départs en vacances » &#8212; Caf17 - 2023" data-secret="WsKTbCQOCA" frameborder="0" marginwidth="0" marginheight="0" scrolling="no" class="wp-embedded-content"></iframe><script type="text/javascript">
/*! This file is auto-generated */
!function(c,d){"use strict";var e=!1,o=!1;if(d.querySelector)if(c.addEventListener)e=!0;if(c.wp=c.wp||{},c.wp.receiveEmbedMessage);else if(c.wp.receiveEmbedMessage=function(e){var t=e.data;if(!t);else if(!(t.secret||t.message||t.value));else if(/[^a-zA-Z0-9]/.test(t.secret));else{for(var r,s,a,i=d.querySelectorAll('iframe[data-secret="'+t.secret+'"]'),n=d.querySelectorAll('blockquote[data-secret="'+t.secret+'"]'),o=new RegExp("^https?:$","i"),l=0;l<n.length;l++)n[l].style.display="none";for(l=0;l<i.length;l++)if(r=i[l],e.source!==r.contentWindow);else{if(r.removeAttribute("style"),"height"===t.message){if(1e3<(s=parseInt(t.value,10)))s=1e3;else if(~~s<200)s=200;r.height=s}if("link"===t.message)if(s=d.createElement("a"),a=d.createElement("a"),s.href=r.getAttribute("src"),a.href=t.value,!o.test(a.protocol));else if(a.host===s.host)if(d.activeElement===r)c.top.location.href=t.value}}},e)c.addEventListener("message",c.wp.receiveEmbedMessage,!1),d.addEventListener("DOMContentLoaded",t,!1),c.addEventListener("load",t,!1);function t(){if(o);else{o=!0;for(var e,t,r,s=-1!==navigator.appVersion.indexOf("MSIE 10"),a=!!navigator.userAgent.match(/Trident.*rv:11\./),i=d.querySelectorAll("iframe.wp-embedded-content"),n=0;n<i.length;n++){if(!(r=(t=i[n]).getAttribute("data-secret")))r=Math.random().toString(36).substr(2,10),t.src+="#?secret="+r,t.setAttribute("data-secret",r);if(s||a)(e=t.cloneNode(!0)).removeAttribute("security"),t.parentNode.replaceChild(e,t);t.contentWindow.postMessage({message:"ready",secret:r},"*")}}}}(window,document);
</script>

Les familles avec enfants à charge et un QF Cnaf inférieur ou égal à 760€ au 1er janvier, peuvent bénéficier de tarifs réduits pour des séjours en famille ou des séjours destinés aux enfants, dans un des centres conventionnés, par l'intermédiaire de Vacaf.
