{"id":1433,"date":"2023-10-14T14:02:00","date_gmt":"2023-10-14T12:02:00","guid":{"rendered":"https:\/\/caf-rapport-activite.fr\/caf16-2023\/?post_type=temp-fort&#038;p=1433"},"modified":"2024-06-14T14:30:29","modified_gmt":"2024-06-14T12:30:29","slug":"experimentation-dun-cycle-dinterventions-destinees-aux-parents-non-hebergeants","status":"publish","type":"temp-fort","link":"https:\/\/caf-rapport-activite.fr\/caf16-2023\/temp-fort\/experimentation-dun-cycle-dinterventions-destinees-aux-parents-non-hebergeants\/","title":{"rendered":"Exp\u00e9rimentation d&rsquo;un cycle d&rsquo;interventions destin\u00e9es aux parents non-h\u00e9bergeants"},"content":{"rendered":"\n<p><\/p>\n\n\n\n<div class=\"wp-block-media-text alignwide is-stacked-on-mobile\" style=\"grid-template-columns:22% auto\"><figure class=\"wp-block-media-text__media\"><img decoding=\"async\" loading=\"lazy\" width=\"724\" height=\"1024\" src=\"https:\/\/caf-rapport-activite.fr\/caf16-2023\/wp-content\/uploads\/sites\/14\/2024\/06\/AfficheParentsNonHebergeant-724x1024.png\" alt=\"\" class=\"wp-image-1434 size-full\" srcset=\"https:\/\/caf-rapport-activite.fr\/caf16-2023\/wp-content\/uploads\/sites\/14\/2024\/06\/AfficheParentsNonHebergeant-724x1024.png 724w, https:\/\/caf-rapport-activite.fr\/caf16-2023\/wp-content\/uploads\/sites\/14\/2024\/06\/AfficheParentsNonHebergeant-212x300.png 212w, https:\/\/caf-rapport-activite.fr\/caf16-2023\/wp-content\/uploads\/sites\/14\/2024\/06\/AfficheParentsNonHebergeant-768x1086.png 768w, https:\/\/caf-rapport-activite.fr\/caf16-2023\/wp-content\/uploads\/sites\/14\/2024\/06\/AfficheParentsNonHebergeant-1086x1536.png 1086w, https:\/\/caf-rapport-activite.fr\/caf16-2023\/wp-content\/uploads\/sites\/14\/2024\/06\/AfficheParentsNonHebergeant.png 1414w\" sizes=\"(max-width: 724px) 100vw, 724px\" \/><\/figure><div class=\"wp-block-media-text__content\">\n<p>La Caf de la Charente et Famili&rsquo;Bulle ont organis\u00e9 au cours du dernier trimestre 2023 un cycle d&rsquo;interventions proposant&nbsp;<strong>3 rencontres gratuites<\/strong>&nbsp;<strong>\u00e0 destination des parents qui ne disposent pas de la garde principale de leur(s) enfant(s)<\/strong>.&nbsp;<\/p>\n\n\n\n<p><strong>Ces rencontres se sont d\u00e9roul\u00e9es en soir\u00e9e, \u00e0 Famili&rsquo;Bulle<\/strong>,&nbsp;et ont \u00e9t\u00e9 anim\u00e9es par des professionnels de la parentalit\u00e9 (psychologue, m\u00e9diateurs familiaux, travailleurs sociaux).<\/p>\n<\/div><\/div>\n\n\n\n<p><strong>Lundi 23 octobre<\/strong>,&nbsp;Alain Mascin\u00e9ras, ex-psychologue, a anim\u00e9 une premi\u00e8re intervention sur le th\u00e8me &nbsp;<strong>\u201cConstruire un temps de qualit\u00e9 avec son enfant\u201d<\/strong>.<\/p>\n\n\n\n<p>S&rsquo;en sont suivies deux autres interventions : <\/p>\n\n\n\n<ul>\n<li>Lundi 20 novembre : <strong>Rester actif dans mes choix parentaux&nbsp;<\/strong>anim\u00e9e par 3 m\u00e9diateurs familiaux<\/li>\n<\/ul>\n\n\n\n<ul>\n<li>Lundi 18 d\u00e9cembre : <strong>Comment organiser mon quotidien apr\u00e8s la s\u00e9paration ?&nbsp;<\/strong>anim\u00e9e par des travailleurs sociaux de la Caf<\/li>\n<\/ul>\n\n\n\n<p>Forts de la r\u00e9ussite de cette exp\u00e9rimentation, un nouveau cycle est organis\u00e9 en 2024 \u00e0 Angoul\u00eame ainsi qu&rsquo;\u00e0 Cognac.<\/p>\n","protected":false},"excerpt":{"rendered":"<p>La Caf de la Charente et Famili&rsquo;Bulle ont organis\u00e9 au cours du dernier trimestre 2023 un cycle d&rsquo;interventions proposant&nbsp;3 rencontres [&hellip;]<\/p>\n","protected":false},"featured_media":1437,"parent":0,"menu_order":1,"template":"","activite":[13],"yoast_head":"<!-- This site is optimized with the Yoast SEO plugin v19.11 - https:\/\/yoast.com\/wordpress\/plugins\/seo\/ -->\n<title>Exp\u00e9rimentation d&#039;un cycle d&#039;interventions destin\u00e9es aux parents non-h\u00e9bergeants - Caf16 - 2023<\/title>\n<meta name=\"robots\" content=\"index, follow, max-snippet:-1, max-image-preview:large, max-video-preview:-1\" \/>\n<link rel=\"canonical\" href=\"https:\/\/caf-rapport-activite.fr\/caf16-2023\/temp-fort\/experimentation-dun-cycle-dinterventions-destinees-aux-parents-non-hebergeants\/\" \/>\n<meta property=\"og:locale\" content=\"fr_FR\" \/>\n<meta property=\"og:type\" content=\"article\" \/>\n<meta property=\"og:title\" content=\"Exp\u00e9rimentation d&#039;un cycle d&#039;interventions destin\u00e9es aux parents non-h\u00e9bergeants - Caf16 - 2023\" \/>\n<meta property=\"og:description\" content=\"La Caf de la Charente et Famili&rsquo;Bulle ont organis\u00e9 au cours du dernier trimestre 2023 un cycle d&rsquo;interventions proposant&nbsp;3 rencontres [&hellip;]\" \/>\n<meta property=\"og:url\" content=\"https:\/\/caf-rapport-activite.fr\/caf16-2023\/temp-fort\/experimentation-dun-cycle-dinterventions-destinees-aux-parents-non-hebergeants\/\" \/>\n<meta property=\"og:site_name\" content=\"Caf16 - 2023\" \/>\n<meta property=\"article:modified_time\" content=\"2024-06-14T12:30:29+00:00\" \/>\n<meta property=\"og:image\" content=\"https:\/\/caf-rapport-activite.fr\/caf16-2023\/wp-content\/uploads\/sites\/14\/2024\/06\/Vignette-ParentsNonHebergeant-1.png\" \/>\n\t<meta property=\"og:image:width\" content=\"715\" \/>\n\t<meta property=\"og:image:height\" content=\"343\" \/>\n\t<meta property=\"og:image:type\" content=\"image\/png\" \/>\n<meta name=\"twitter:card\" content=\"summary_large_image\" \/>\n<meta name=\"twitter:label1\" content=\"Dur\u00e9e de lecture estim\u00e9e\" \/>\n\t<meta name=\"twitter:data1\" content=\"1 minute\" \/>\n<script type=\"application\/ld+json\" class=\"yoast-schema-graph\">{\"@context\":\"https:\/\/schema.org\",\"@graph\":[{\"@type\":\"WebPage\",\"@id\":\"https:\/\/caf-rapport-activite.fr\/caf16-2023\/temp-fort\/experimentation-dun-cycle-dinterventions-destinees-aux-parents-non-hebergeants\/\",\"url\":\"https:\/\/caf-rapport-activite.fr\/caf16-2023\/temp-fort\/experimentation-dun-cycle-dinterventions-destinees-aux-parents-non-hebergeants\/\",\"name\":\"Exp\u00e9rimentation d'un cycle d'interventions destin\u00e9es aux parents non-h\u00e9bergeants - Caf16 - 2023\",\"isPartOf\":{\"@id\":\"https:\/\/caf-rapport-activite.fr\/caf16-2023\/#website\"},\"datePublished\":\"2023-10-14T12:02:00+00:00\",\"dateModified\":\"2024-06-14T12:30:29+00:00\",\"breadcrumb\":{\"@id\":\"https:\/\/caf-rapport-activite.fr\/caf16-2023\/temp-fort\/experimentation-dun-cycle-dinterventions-destinees-aux-parents-non-hebergeants\/#breadcrumb\"},\"inLanguage\":\"fr-FR\",\"potentialAction\":[{\"@type\":\"ReadAction\",\"target\":[\"https:\/\/caf-rapport-activite.fr\/caf16-2023\/temp-fort\/experimentation-dun-cycle-dinterventions-destinees-aux-parents-non-hebergeants\/\"]}]},{\"@type\":\"BreadcrumbList\",\"@id\":\"https:\/\/caf-rapport-activite.fr\/caf16-2023\/temp-fort\/experimentation-dun-cycle-dinterventions-destinees-aux-parents-non-hebergeants\/#breadcrumb\",\"itemListElement\":[{\"@type\":\"ListItem\",\"position\":1,\"name\":\"Accueil\",\"item\":\"https:\/\/caf-rapport-activite.fr\/caf16-2023\/\"},{\"@type\":\"ListItem\",\"position\":2,\"name\":\"Temps forts\",\"item\":\"https:\/\/caf-rapport-activite.fr\/caf16-2023\/temp-fort\/\"},{\"@type\":\"ListItem\",\"position\":3,\"name\":\"Exp\u00e9rimentation d&rsquo;un cycle d&rsquo;interventions destin\u00e9es aux parents non-h\u00e9bergeants\"}]},{\"@type\":\"WebSite\",\"@id\":\"https:\/\/caf-rapport-activite.fr\/caf16-2023\/#website\",\"url\":\"https:\/\/caf-rapport-activite.fr\/caf16-2023\/\",\"name\":\"Caf16 - 2023\",\"description\":\"\",\"potentialAction\":[{\"@type\":\"SearchAction\",\"target\":{\"@type\":\"EntryPoint\",\"urlTemplate\":\"https:\/\/caf-rapport-activite.fr\/caf16-2023\/?s={search_term_string}\"},\"query-input\":\"required name=search_term_string\"}],\"inLanguage\":\"fr-FR\"}]}<\/script>\n<!-- \/ Yoast SEO plugin. -->","yoast_head_json":{"title":"Exp\u00e9rimentation d'un cycle d'interventions destin\u00e9es aux parents non-h\u00e9bergeants - Caf16 - 2023","robots":{"index":"index","follow":"follow","max-snippet":"max-snippet:-1","max-image-preview":"max-image-preview:large","max-video-preview":"max-video-preview:-1"},"canonical":"https:\/\/caf-rapport-activite.fr\/caf16-2023\/temp-fort\/experimentation-dun-cycle-dinterventions-destinees-aux-parents-non-hebergeants\/","og_locale":"fr_FR","og_type":"article","og_title":"Exp\u00e9rimentation d'un cycle d'interventions destin\u00e9es aux parents non-h\u00e9bergeants - Caf16 - 2023","og_description":"La Caf de la Charente et Famili&rsquo;Bulle ont organis\u00e9 au cours du dernier trimestre 2023 un cycle d&rsquo;interventions proposant&nbsp;3 rencontres [&hellip;]","og_url":"https:\/\/caf-rapport-activite.fr\/caf16-2023\/temp-fort\/experimentation-dun-cycle-dinterventions-destinees-aux-parents-non-hebergeants\/","og_site_name":"Caf16 - 2023","article_modified_time":"2024-06-14T12:30:29+00:00","og_image":[{"width":715,"height":343,"url":"https:\/\/caf-rapport-activite.fr\/caf16-2023\/wp-content\/uploads\/sites\/14\/2024\/06\/Vignette-ParentsNonHebergeant-1.png","type":"image\/png"}],"twitter_card":"summary_large_image","twitter_misc":{"Dur\u00e9e de lecture estim\u00e9e":"1 minute"},"schema":{"@context":"https:\/\/schema.org","@graph":[{"@type":"WebPage","@id":"https:\/\/caf-rapport-activite.fr\/caf16-2023\/temp-fort\/experimentation-dun-cycle-dinterventions-destinees-aux-parents-non-hebergeants\/","url":"https:\/\/caf-rapport-activite.fr\/caf16-2023\/temp-fort\/experimentation-dun-cycle-dinterventions-destinees-aux-parents-non-hebergeants\/","name":"Exp\u00e9rimentation d'un cycle d'interventions destin\u00e9es aux parents non-h\u00e9bergeants - Caf16 - 2023","isPartOf":{"@id":"https:\/\/caf-rapport-activite.fr\/caf16-2023\/#website"},"datePublished":"2023-10-14T12:02:00+00:00","dateModified":"2024-06-14T12:30:29+00:00","breadcrumb":{"@id":"https:\/\/caf-rapport-activite.fr\/caf16-2023\/temp-fort\/experimentation-dun-cycle-dinterventions-destinees-aux-parents-non-hebergeants\/#breadcrumb"},"inLanguage":"fr-FR","potentialAction":[{"@type":"ReadAction","target":["https:\/\/caf-rapport-activite.fr\/caf16-2023\/temp-fort\/experimentation-dun-cycle-dinterventions-destinees-aux-parents-non-hebergeants\/"]}]},{"@type":"BreadcrumbList","@id":"https:\/\/caf-rapport-activite.fr\/caf16-2023\/temp-fort\/experimentation-dun-cycle-dinterventions-destinees-aux-parents-non-hebergeants\/#breadcrumb","itemListElement":[{"@type":"ListItem","position":1,"name":"Accueil","item":"https:\/\/caf-rapport-activite.fr\/caf16-2023\/"},{"@type":"ListItem","position":2,"name":"Temps forts","item":"https:\/\/caf-rapport-activite.fr\/caf16-2023\/temp-fort\/"},{"@type":"ListItem","position":3,"name":"Exp\u00e9rimentation d&rsquo;un cycle d&rsquo;interventions destin\u00e9es aux parents non-h\u00e9bergeants"}]},{"@type":"WebSite","@id":"https:\/\/caf-rapport-activite.fr\/caf16-2023\/#website","url":"https:\/\/caf-rapport-activite.fr\/caf16-2023\/","name":"Caf16 - 2023","description":"","potentialAction":[{"@type":"SearchAction","target":{"@type":"EntryPoint","urlTemplate":"https:\/\/caf-rapport-activite.fr\/caf16-2023\/?s={search_term_string}"},"query-input":"required name=search_term_string"}],"inLanguage":"fr-FR"}]}},"_links":{"self":[{"href":"https:\/\/caf-rapport-activite.fr\/caf16-2023\/wp-json\/wp\/v2\/temp-fort\/1433"}],"collection":[{"href":"https:\/\/caf-rapport-activite.fr\/caf16-2023\/wp-json\/wp\/v2\/temp-fort"}],"about":[{"href":"https:\/\/caf-rapport-activite.fr\/caf16-2023\/wp-json\/wp\/v2\/types\/temp-fort"}],"wp:featuredmedia":[{"embeddable":true,"href":"https:\/\/caf-rapport-activite.fr\/caf16-2023\/wp-json\/wp\/v2\/media\/1437"}],"wp:attachment":[{"href":"https:\/\/caf-rapport-activite.fr\/caf16-2023\/wp-json\/wp\/v2\/media?parent=1433"}],"wp:term":[{"taxonomy":"activite","embeddable":true,"href":"https:\/\/caf-rapport-activite.fr\/caf16-2023\/wp-json\/wp\/v2\/activite?post=1433"}],"curies":[{"name":"wp","href":"https:\/\/api.w.org\/{rel}","templated":true}]}}

Expérimentation d&rsquo;un cycle d&rsquo;interventions destinées aux parents non-hébergeants

<p></p>



<div class="wp-block-media-text alignwide is-stacked-on-mobile" style="grid-template-columns:22% auto"><figure class="wp-block-media-text__media"><img decoding="async" loading="lazy" width="724" height="1024" src="https://caf-rapport-activite.fr/caf16-2023/wp-content/uploads/sites/14/2024/06/AfficheParentsNonHebergeant-724x1024.png" alt="" class="wp-image-1434 size-full" srcset="https://caf-rapport-activite.fr/caf16-2023/wp-content/uploads/sites/14/2024/06/AfficheParentsNonHebergeant-724x1024.png 724w, https://caf-rapport-activite.fr/caf16-2023/wp-content/uploads/sites/14/2024/06/AfficheParentsNonHebergeant-212x300.png 212w, https://caf-rapport-activite.fr/caf16-2023/wp-content/uploads/sites/14/2024/06/AfficheParentsNonHebergeant-768x1086.png 768w, https://caf-rapport-activite.fr/caf16-2023/wp-content/uploads/sites/14/2024/06/AfficheParentsNonHebergeant-1086x1536.png 1086w, https://caf-rapport-activite.fr/caf16-2023/wp-content/uploads/sites/14/2024/06/AfficheParentsNonHebergeant.png 1414w" sizes="(max-width: 724px) 100vw, 724px" /></figure><div class="wp-block-media-text__content">
<p>La Caf de la Charente et Famili&rsquo;Bulle ont organisé au cours du dernier trimestre 2023 un cycle d&rsquo;interventions proposant&nbsp;<strong>3 rencontres gratuites</strong>&nbsp;<strong>à destination des parents qui ne disposent pas de la garde principale de leur(s) enfant(s)</strong>.&nbsp;</p>



<p><strong>Ces rencontres se sont déroulées en soirée, à Famili&rsquo;Bulle</strong>,&nbsp;et ont été animées par des professionnels de la parentalité (psychologue, médiateurs familiaux, travailleurs sociaux).</p>
</div></div>



<p><strong>Lundi 23 octobre</strong>,&nbsp;Alain Mascinéras, ex-psychologue, a animé une première intervention sur le thème &nbsp;<strong>“Construire un temps de qualité avec son enfant”</strong>.</p>



<p>S&rsquo;en sont suivies deux autres interventions : </p>



<ul>
<li>Lundi 20 novembre : <strong>Rester actif dans mes choix parentaux&nbsp;</strong>animée par 3 médiateurs familiaux</li>
</ul>



<ul>
<li>Lundi 18 décembre : <strong>Comment organiser mon quotidien après la séparation ?&nbsp;</strong>animée par des travailleurs sociaux de la Caf</li>
</ul>



<p>Forts de la réussite de cette expérimentation, un nouveau cycle est organisé en 2024 à Angoulême ainsi qu&rsquo;à Cognac.</p>

<p>La Caf de la Charente et Famili&rsquo;Bulle ont organisé au cours du dernier trimestre 2023 un cycle d&rsquo;interventions proposant&nbsp;3 rencontres [&hellip;]</p>

<!-- This site is optimized with the Yoast SEO plugin v19.11 - https://yoast.com/wordpress/plugins/seo/ -->
<title>Expérimentation d&#039;un cycle d&#039;interventions destinées aux parents non-hébergeants - Caf16 - 2023</title>
<meta name="robots" content="index, follow, max-snippet:-1, max-image-preview:large, max-video-preview:-1" />
<link rel="canonical" href="https://caf-rapport-activite.fr/caf16-2023/temp-fort/experimentation-dun-cycle-dinterventions-destinees-aux-parents-non-hebergeants/" />
<meta property="og:locale" content="fr_FR" />
<meta property="og:type" content="article" />
<meta property="og:title" content="Expérimentation d&#039;un cycle d&#039;interventions destinées aux parents non-hébergeants - Caf16 - 2023" />
<meta property="og:description" content="La Caf de la Charente et Famili&rsquo;Bulle ont organisé au cours du dernier trimestre 2023 un cycle d&rsquo;interventions proposant&nbsp;3 rencontres [&hellip;]" />
<meta property="og:url" content="https://caf-rapport-activite.fr/caf16-2023/temp-fort/experimentation-dun-cycle-dinterventions-destinees-aux-parents-non-hebergeants/" />
<meta property="og:site_name" content="Caf16 - 2023" />
<meta property="article:modified_time" content="2024-06-14T12:30:29+00:00" />
<meta property="og:image" content="https://caf-rapport-activite.fr/caf16-2023/wp-content/uploads/sites/14/2024/06/Vignette-ParentsNonHebergeant-1.png" />
	<meta property="og:image:width" content="715" />
	<meta property="og:image:height" content="343" />
	<meta property="og:image:type" content="image/png" />
<meta name="twitter:card" content="summary_large_image" />
<meta name="twitter:label1" content="Durée de lecture estimée" />
	<meta name="twitter:data1" content="1 minute" />
<script type="application/ld+json" class="yoast-schema-graph">{"@context":"https://schema.org","@graph":[{"@type":"WebPage","@id":"https://caf-rapport-activite.fr/caf16-2023/temp-fort/experimentation-dun-cycle-dinterventions-destinees-aux-parents-non-hebergeants/","url":"https://caf-rapport-activite.fr/caf16-2023/temp-fort/experimentation-dun-cycle-dinterventions-destinees-aux-parents-non-hebergeants/","name":"Expérimentation d'un cycle d'interventions destinées aux parents non-hébergeants - Caf16 - 2023","isPartOf":{"@id":"https://caf-rapport-activite.fr/caf16-2023/#website"},"datePublished":"2023-10-14T12:02:00+00:00","dateModified":"2024-06-14T12:30:29+00:00","breadcrumb":{"@id":"https://caf-rapport-activite.fr/caf16-2023/temp-fort/experimentation-dun-cycle-dinterventions-destinees-aux-parents-non-hebergeants/#breadcrumb"},"inLanguage":"fr-FR","potentialAction":[{"@type":"ReadAction","target":["https://caf-rapport-activite.fr/caf16-2023/temp-fort/experimentation-dun-cycle-dinterventions-destinees-aux-parents-non-hebergeants/"]}]},{"@type":"BreadcrumbList","@id":"https://caf-rapport-activite.fr/caf16-2023/temp-fort/experimentation-dun-cycle-dinterventions-destinees-aux-parents-non-hebergeants/#breadcrumb","itemListElement":[{"@type":"ListItem","position":1,"name":"Accueil","item":"https://caf-rapport-activite.fr/caf16-2023/"},{"@type":"ListItem","position":2,"name":"Temps forts","item":"https://caf-rapport-activite.fr/caf16-2023/temp-fort/"},{"@type":"ListItem","position":3,"name":"Expérimentation d&rsquo;un cycle d&rsquo;interventions destinées aux parents non-hébergeants"}]},{"@type":"WebSite","@id":"https://caf-rapport-activite.fr/caf16-2023/#website","url":"https://caf-rapport-activite.fr/caf16-2023/","name":"Caf16 - 2023","description":"","potentialAction":[{"@type":"SearchAction","target":{"@type":"EntryPoint","urlTemplate":"https://caf-rapport-activite.fr/caf16-2023/?s={search_term_string}"},"query-input":"required name=search_term_string"}],"inLanguage":"fr-FR"}]}</script>
<!-- / Yoast SEO plugin. -->

Expérimentation d'un cycle d'interventions destinées aux parents non-hébergeants - Caf16 - 2023

La Caf de la Charente et Famili&rsquo;Bulle ont organisé au cours du dernier trimestre 2023 un cycle d&rsquo;interventions proposant&nbsp;3 rencontres [&hellip;]
