{"id":1257,"date":"2023-09-27T15:27:00","date_gmt":"2023-09-27T13:27:00","guid":{"rendered":"https:\/\/caf-rapport-activite.fr\/caf16-2023\/?post_type=temp-fort&#038;p=1257"},"modified":"2024-05-27T15:36:14","modified_gmt":"2024-05-27T13:36:14","slug":"lancement-des-travaux-de-construction-du-cpog","status":"publish","type":"temp-fort","link":"https:\/\/caf-rapport-activite.fr\/caf16-2023\/temp-fort\/lancement-des-travaux-de-construction-du-cpog\/","title":{"rendered":"Lancement des travaux de construction du CPOG"},"content":{"rendered":"\n<div class=\"is-layout-flex wp-container-3 wp-block-columns\">\n<div class=\"is-layout-flow wp-block-column\">\n<figure class=\"wp-block-image size-large\"><img decoding=\"async\" loading=\"lazy\" width=\"1024\" height=\"768\" src=\"https:\/\/caf-rapport-activite.fr\/caf16-2023\/wp-content\/uploads\/sites\/14\/2024\/05\/COG2023-20272-1024x768.jpg\" alt=\"\" class=\"wp-image-1175\" srcset=\"https:\/\/caf-rapport-activite.fr\/caf16-2023\/wp-content\/uploads\/sites\/14\/2024\/05\/COG2023-20272-1024x768.jpg 1024w, https:\/\/caf-rapport-activite.fr\/caf16-2023\/wp-content\/uploads\/sites\/14\/2024\/05\/COG2023-20272-300x225.jpg 300w, https:\/\/caf-rapport-activite.fr\/caf16-2023\/wp-content\/uploads\/sites\/14\/2024\/05\/COG2023-20272-768x576.jpg 768w, https:\/\/caf-rapport-activite.fr\/caf16-2023\/wp-content\/uploads\/sites\/14\/2024\/05\/COG2023-20272-1536x1152.jpg 1536w, https:\/\/caf-rapport-activite.fr\/caf16-2023\/wp-content\/uploads\/sites\/14\/2024\/05\/COG2023-20272-2048x1536.jpg 2048w\" sizes=\"(max-width: 1024px) 100vw, 1024px\" \/><\/figure>\n<\/div>\n\n\n\n<div class=\"is-layout-flow wp-block-column\">\n<figure class=\"wp-block-image size-large\"><img decoding=\"async\" loading=\"lazy\" width=\"1024\" height=\"768\" src=\"https:\/\/caf-rapport-activite.fr\/caf16-2023\/wp-content\/uploads\/sites\/14\/2024\/05\/COG2023-20271-1024x768.jpg\" alt=\"\" class=\"wp-image-1174\" srcset=\"https:\/\/caf-rapport-activite.fr\/caf16-2023\/wp-content\/uploads\/sites\/14\/2024\/05\/COG2023-20271-1024x768.jpg 1024w, https:\/\/caf-rapport-activite.fr\/caf16-2023\/wp-content\/uploads\/sites\/14\/2024\/05\/COG2023-20271-300x225.jpg 300w, https:\/\/caf-rapport-activite.fr\/caf16-2023\/wp-content\/uploads\/sites\/14\/2024\/05\/COG2023-20271-768x576.jpg 768w, https:\/\/caf-rapport-activite.fr\/caf16-2023\/wp-content\/uploads\/sites\/14\/2024\/05\/COG2023-20271-1536x1152.jpg 1536w, https:\/\/caf-rapport-activite.fr\/caf16-2023\/wp-content\/uploads\/sites\/14\/2024\/05\/COG2023-20271-2048x1536.jpg 2048w\" sizes=\"(max-width: 1024px) 100vw, 1024px\" \/><\/figure>\n<\/div>\n<\/div>\n\n\n\n<p>S\u2019engager ensemble, ce marqueur affich\u00e9 en en-t\u00eate de la Convention d\u2019Objectifs et de Gestion se traduit par 2 temps forts organis\u00e9s sur le mois de septembre dans le cadre de nos travaux de construction de la future feuille de route strat\u00e9gique de la Caf de la Charente : <\/p>\n\n\n\n<ul>\n<li>Le 18 septembre, organisation d\u2019un s\u00e9minaire pour l\u2019ensemble de la ligne manag\u00e9riale afin de partager les diagnostics et de r\u00e9fl\u00e9chir collectivement aux pistes d\u2019action \u00e0 travers 4 ateliers d\u00e9clin\u00e9s \u00e0 partir de notre projet d\u2019entreprise <br><\/li>\n\n\n\n<li>Le 28 septembre, participation de 16 administrateurs \u00e0 ces r\u00e9flexions collectives \u00e0 travers 2 ateliers autour de la territorialisation des politiques mais aussi de la qualit\u00e9 et de l\u2019acc\u00e8s aux droits.<\/li>\n<\/ul>\n","protected":false},"excerpt":{"rendered":"<p>S\u2019engager ensemble, ce marqueur affich\u00e9 en en-t\u00eate de la Convention d\u2019Objectifs et de Gestion se traduit par 2 temps forts [&hellip;]<\/p>\n","protected":false},"featured_media":1176,"parent":0,"menu_order":7,"template":"","activite":[],"yoast_head":"<!-- This site is optimized with the Yoast SEO plugin v19.11 - https:\/\/yoast.com\/wordpress\/plugins\/seo\/ -->\n<title>Lancement des travaux de construction du CPOG<\/title>\n<meta name=\"description\" content=\"S\u2019engager ensemble, ce marqueur affich\u00e9 en en-t\u00eate de la Convention d\u2019Objectifs et de Gestion se traduit par 2 temps forts organis\u00e9s sur le mois de septembre\" \/>\n<meta name=\"robots\" content=\"index, follow, max-snippet:-1, max-image-preview:large, max-video-preview:-1\" \/>\n<link rel=\"canonical\" href=\"https:\/\/caf-rapport-activite.fr\/caf16-2023\/temp-fort\/lancement-des-travaux-de-construction-du-cpog\/\" \/>\n<meta property=\"og:locale\" content=\"fr_FR\" \/>\n<meta property=\"og:type\" content=\"article\" \/>\n<meta property=\"og:title\" content=\"Lancement des travaux de construction du CPOG\" \/>\n<meta property=\"og:description\" content=\"S\u2019engager ensemble, ce marqueur affich\u00e9 en en-t\u00eate de la Convention d\u2019Objectifs et de Gestion se traduit par 2 temps forts organis\u00e9s sur le mois de septembre\" \/>\n<meta property=\"og:url\" content=\"https:\/\/caf-rapport-activite.fr\/caf16-2023\/temp-fort\/lancement-des-travaux-de-construction-du-cpog\/\" \/>\n<meta property=\"og:site_name\" content=\"Caf16 - 2023\" \/>\n<meta property=\"article:modified_time\" content=\"2024-05-27T13:36:14+00:00\" \/>\n<meta property=\"og:image\" content=\"https:\/\/caf-rapport-activite.fr\/caf16-2023\/wp-content\/uploads\/sites\/14\/2024\/05\/COG2023-20271-edited-scaled.jpg\" \/>\n\t<meta property=\"og:image:width\" content=\"2560\" \/>\n\t<meta property=\"og:image:height\" content=\"1440\" \/>\n\t<meta property=\"og:image:type\" content=\"image\/jpeg\" \/>\n<meta name=\"twitter:card\" content=\"summary_large_image\" \/>\n<meta name=\"twitter:label1\" content=\"Dur\u00e9e de lecture estim\u00e9e\" \/>\n\t<meta name=\"twitter:data1\" content=\"1 minute\" \/>\n<script type=\"application\/ld+json\" class=\"yoast-schema-graph\">{\"@context\":\"https:\/\/schema.org\",\"@graph\":[{\"@type\":\"WebPage\",\"@id\":\"https:\/\/caf-rapport-activite.fr\/caf16-2023\/temp-fort\/lancement-des-travaux-de-construction-du-cpog\/\",\"url\":\"https:\/\/caf-rapport-activite.fr\/caf16-2023\/temp-fort\/lancement-des-travaux-de-construction-du-cpog\/\",\"name\":\"Lancement des travaux de construction du CPOG\",\"isPartOf\":{\"@id\":\"https:\/\/caf-rapport-activite.fr\/caf16-2023\/#website\"},\"datePublished\":\"2023-09-27T13:27:00+00:00\",\"dateModified\":\"2024-05-27T13:36:14+00:00\",\"description\":\"S\u2019engager ensemble, ce marqueur affich\u00e9 en en-t\u00eate de la Convention d\u2019Objectifs et de Gestion se traduit par 2 temps forts organis\u00e9s sur le mois de septembre\",\"breadcrumb\":{\"@id\":\"https:\/\/caf-rapport-activite.fr\/caf16-2023\/temp-fort\/lancement-des-travaux-de-construction-du-cpog\/#breadcrumb\"},\"inLanguage\":\"fr-FR\",\"potentialAction\":[{\"@type\":\"ReadAction\",\"target\":[\"https:\/\/caf-rapport-activite.fr\/caf16-2023\/temp-fort\/lancement-des-travaux-de-construction-du-cpog\/\"]}]},{\"@type\":\"BreadcrumbList\",\"@id\":\"https:\/\/caf-rapport-activite.fr\/caf16-2023\/temp-fort\/lancement-des-travaux-de-construction-du-cpog\/#breadcrumb\",\"itemListElement\":[{\"@type\":\"ListItem\",\"position\":1,\"name\":\"Accueil\",\"item\":\"https:\/\/caf-rapport-activite.fr\/caf16-2023\/\"},{\"@type\":\"ListItem\",\"position\":2,\"name\":\"Temps forts\",\"item\":\"https:\/\/caf-rapport-activite.fr\/caf16-2023\/temp-fort\/\"},{\"@type\":\"ListItem\",\"position\":3,\"name\":\"Lancement des travaux de construction du CPOG\"}]},{\"@type\":\"WebSite\",\"@id\":\"https:\/\/caf-rapport-activite.fr\/caf16-2023\/#website\",\"url\":\"https:\/\/caf-rapport-activite.fr\/caf16-2023\/\",\"name\":\"Caf16 - 2023\",\"description\":\"\",\"potentialAction\":[{\"@type\":\"SearchAction\",\"target\":{\"@type\":\"EntryPoint\",\"urlTemplate\":\"https:\/\/caf-rapport-activite.fr\/caf16-2023\/?s={search_term_string}\"},\"query-input\":\"required name=search_term_string\"}],\"inLanguage\":\"fr-FR\"}]}<\/script>\n<!-- \/ Yoast SEO plugin. -->","yoast_head_json":{"title":"Lancement des travaux de construction du CPOG","description":"S\u2019engager ensemble, ce marqueur affich\u00e9 en en-t\u00eate de la Convention d\u2019Objectifs et de Gestion se traduit par 2 temps forts organis\u00e9s sur le mois de septembre","robots":{"index":"index","follow":"follow","max-snippet":"max-snippet:-1","max-image-preview":"max-image-preview:large","max-video-preview":"max-video-preview:-1"},"canonical":"https:\/\/caf-rapport-activite.fr\/caf16-2023\/temp-fort\/lancement-des-travaux-de-construction-du-cpog\/","og_locale":"fr_FR","og_type":"article","og_title":"Lancement des travaux de construction du CPOG","og_description":"S\u2019engager ensemble, ce marqueur affich\u00e9 en en-t\u00eate de la Convention d\u2019Objectifs et de Gestion se traduit par 2 temps forts organis\u00e9s sur le mois de septembre","og_url":"https:\/\/caf-rapport-activite.fr\/caf16-2023\/temp-fort\/lancement-des-travaux-de-construction-du-cpog\/","og_site_name":"Caf16 - 2023","article_modified_time":"2024-05-27T13:36:14+00:00","og_image":[{"width":2560,"height":1440,"url":"https:\/\/caf-rapport-activite.fr\/caf16-2023\/wp-content\/uploads\/sites\/14\/2024\/05\/COG2023-20271-edited-scaled.jpg","type":"image\/jpeg"}],"twitter_card":"summary_large_image","twitter_misc":{"Dur\u00e9e de lecture estim\u00e9e":"1 minute"},"schema":{"@context":"https:\/\/schema.org","@graph":[{"@type":"WebPage","@id":"https:\/\/caf-rapport-activite.fr\/caf16-2023\/temp-fort\/lancement-des-travaux-de-construction-du-cpog\/","url":"https:\/\/caf-rapport-activite.fr\/caf16-2023\/temp-fort\/lancement-des-travaux-de-construction-du-cpog\/","name":"Lancement des travaux de construction du CPOG","isPartOf":{"@id":"https:\/\/caf-rapport-activite.fr\/caf16-2023\/#website"},"datePublished":"2023-09-27T13:27:00+00:00","dateModified":"2024-05-27T13:36:14+00:00","description":"S\u2019engager ensemble, ce marqueur affich\u00e9 en en-t\u00eate de la Convention d\u2019Objectifs et de Gestion se traduit par 2 temps forts organis\u00e9s sur le mois de septembre","breadcrumb":{"@id":"https:\/\/caf-rapport-activite.fr\/caf16-2023\/temp-fort\/lancement-des-travaux-de-construction-du-cpog\/#breadcrumb"},"inLanguage":"fr-FR","potentialAction":[{"@type":"ReadAction","target":["https:\/\/caf-rapport-activite.fr\/caf16-2023\/temp-fort\/lancement-des-travaux-de-construction-du-cpog\/"]}]},{"@type":"BreadcrumbList","@id":"https:\/\/caf-rapport-activite.fr\/caf16-2023\/temp-fort\/lancement-des-travaux-de-construction-du-cpog\/#breadcrumb","itemListElement":[{"@type":"ListItem","position":1,"name":"Accueil","item":"https:\/\/caf-rapport-activite.fr\/caf16-2023\/"},{"@type":"ListItem","position":2,"name":"Temps forts","item":"https:\/\/caf-rapport-activite.fr\/caf16-2023\/temp-fort\/"},{"@type":"ListItem","position":3,"name":"Lancement des travaux de construction du CPOG"}]},{"@type":"WebSite","@id":"https:\/\/caf-rapport-activite.fr\/caf16-2023\/#website","url":"https:\/\/caf-rapport-activite.fr\/caf16-2023\/","name":"Caf16 - 2023","description":"","potentialAction":[{"@type":"SearchAction","target":{"@type":"EntryPoint","urlTemplate":"https:\/\/caf-rapport-activite.fr\/caf16-2023\/?s={search_term_string}"},"query-input":"required name=search_term_string"}],"inLanguage":"fr-FR"}]}},"_links":{"self":[{"href":"https:\/\/caf-rapport-activite.fr\/caf16-2023\/wp-json\/wp\/v2\/temp-fort\/1257"}],"collection":[{"href":"https:\/\/caf-rapport-activite.fr\/caf16-2023\/wp-json\/wp\/v2\/temp-fort"}],"about":[{"href":"https:\/\/caf-rapport-activite.fr\/caf16-2023\/wp-json\/wp\/v2\/types\/temp-fort"}],"wp:featuredmedia":[{"embeddable":true,"href":"https:\/\/caf-rapport-activite.fr\/caf16-2023\/wp-json\/wp\/v2\/media\/1176"}],"wp:attachment":[{"href":"https:\/\/caf-rapport-activite.fr\/caf16-2023\/wp-json\/wp\/v2\/media?parent=1257"}],"wp:term":[{"taxonomy":"activite","embeddable":true,"href":"https:\/\/caf-rapport-activite.fr\/caf16-2023\/wp-json\/wp\/v2\/activite?post=1257"}],"curies":[{"name":"wp","href":"https:\/\/api.w.org\/{rel}","templated":true}]}}

<div class="is-layout-flex wp-container-3 wp-block-columns">
<div class="is-layout-flow wp-block-column">
<figure class="wp-block-image size-large"><img decoding="async" loading="lazy" width="1024" height="768" src="https://caf-rapport-activite.fr/caf16-2023/wp-content/uploads/sites/14/2024/05/COG2023-20272-1024x768.jpg" alt="" class="wp-image-1175" srcset="https://caf-rapport-activite.fr/caf16-2023/wp-content/uploads/sites/14/2024/05/COG2023-20272-1024x768.jpg 1024w, https://caf-rapport-activite.fr/caf16-2023/wp-content/uploads/sites/14/2024/05/COG2023-20272-300x225.jpg 300w, https://caf-rapport-activite.fr/caf16-2023/wp-content/uploads/sites/14/2024/05/COG2023-20272-768x576.jpg 768w, https://caf-rapport-activite.fr/caf16-2023/wp-content/uploads/sites/14/2024/05/COG2023-20272-1536x1152.jpg 1536w, https://caf-rapport-activite.fr/caf16-2023/wp-content/uploads/sites/14/2024/05/COG2023-20272-2048x1536.jpg 2048w" sizes="(max-width: 1024px) 100vw, 1024px" /></figure>
</div>



<div class="is-layout-flow wp-block-column">
<figure class="wp-block-image size-large"><img decoding="async" loading="lazy" width="1024" height="768" src="https://caf-rapport-activite.fr/caf16-2023/wp-content/uploads/sites/14/2024/05/COG2023-20271-1024x768.jpg" alt="" class="wp-image-1174" srcset="https://caf-rapport-activite.fr/caf16-2023/wp-content/uploads/sites/14/2024/05/COG2023-20271-1024x768.jpg 1024w, https://caf-rapport-activite.fr/caf16-2023/wp-content/uploads/sites/14/2024/05/COG2023-20271-300x225.jpg 300w, https://caf-rapport-activite.fr/caf16-2023/wp-content/uploads/sites/14/2024/05/COG2023-20271-768x576.jpg 768w, https://caf-rapport-activite.fr/caf16-2023/wp-content/uploads/sites/14/2024/05/COG2023-20271-1536x1152.jpg 1536w, https://caf-rapport-activite.fr/caf16-2023/wp-content/uploads/sites/14/2024/05/COG2023-20271-2048x1536.jpg 2048w" sizes="(max-width: 1024px) 100vw, 1024px" /></figure>
</div>
</div>



<p>S’engager ensemble, ce marqueur affiché en en-tête de la Convention d’Objectifs et de Gestion se traduit par 2 temps forts organisés sur le mois de septembre dans le cadre de nos travaux de construction de la future feuille de route stratégique de la Caf de la Charente : </p>



<ul>
<li>Le 18 septembre, organisation d’un séminaire pour l’ensemble de la ligne managériale afin de partager les diagnostics et de réfléchir collectivement aux pistes d’action à travers 4 ateliers déclinés à partir de notre projet d’entreprise <br></li>



<li>Le 28 septembre, participation de 16 administrateurs à ces réflexions collectives à travers 2 ateliers autour de la territorialisation des politiques mais aussi de la qualité et de l’accès aux droits.</li>
</ul>

<p>S’engager ensemble, ce marqueur affiché en en-tête de la Convention d’Objectifs et de Gestion se traduit par 2 temps forts [&hellip;]</p>

<!-- This site is optimized with the Yoast SEO plugin v19.11 - https://yoast.com/wordpress/plugins/seo/ -->
<title>Lancement des travaux de construction du CPOG</title>
<meta name="description" content="S’engager ensemble, ce marqueur affiché en en-tête de la Convention d’Objectifs et de Gestion se traduit par 2 temps forts organisés sur le mois de septembre" />
<meta name="robots" content="index, follow, max-snippet:-1, max-image-preview:large, max-video-preview:-1" />
<link rel="canonical" href="https://caf-rapport-activite.fr/caf16-2023/temp-fort/lancement-des-travaux-de-construction-du-cpog/" />
<meta property="og:locale" content="fr_FR" />
<meta property="og:type" content="article" />
<meta property="og:title" content="Lancement des travaux de construction du CPOG" />
<meta property="og:description" content="S’engager ensemble, ce marqueur affiché en en-tête de la Convention d’Objectifs et de Gestion se traduit par 2 temps forts organisés sur le mois de septembre" />
<meta property="og:url" content="https://caf-rapport-activite.fr/caf16-2023/temp-fort/lancement-des-travaux-de-construction-du-cpog/" />
<meta property="og:site_name" content="Caf16 - 2023" />
<meta property="article:modified_time" content="2024-05-27T13:36:14+00:00" />
<meta property="og:image" content="https://caf-rapport-activite.fr/caf16-2023/wp-content/uploads/sites/14/2024/05/COG2023-20271-edited-scaled.jpg" />
	<meta property="og:image:width" content="2560" />
	<meta property="og:image:height" content="1440" />
	<meta property="og:image:type" content="image/jpeg" />
<meta name="twitter:card" content="summary_large_image" />
<meta name="twitter:label1" content="Durée de lecture estimée" />
	<meta name="twitter:data1" content="1 minute" />
<script type="application/ld+json" class="yoast-schema-graph">{"@context":"https://schema.org","@graph":[{"@type":"WebPage","@id":"https://caf-rapport-activite.fr/caf16-2023/temp-fort/lancement-des-travaux-de-construction-du-cpog/","url":"https://caf-rapport-activite.fr/caf16-2023/temp-fort/lancement-des-travaux-de-construction-du-cpog/","name":"Lancement des travaux de construction du CPOG","isPartOf":{"@id":"https://caf-rapport-activite.fr/caf16-2023/#website"},"datePublished":"2023-09-27T13:27:00+00:00","dateModified":"2024-05-27T13:36:14+00:00","description":"S’engager ensemble, ce marqueur affiché en en-tête de la Convention d’Objectifs et de Gestion se traduit par 2 temps forts organisés sur le mois de septembre","breadcrumb":{"@id":"https://caf-rapport-activite.fr/caf16-2023/temp-fort/lancement-des-travaux-de-construction-du-cpog/#breadcrumb"},"inLanguage":"fr-FR","potentialAction":[{"@type":"ReadAction","target":["https://caf-rapport-activite.fr/caf16-2023/temp-fort/lancement-des-travaux-de-construction-du-cpog/"]}]},{"@type":"BreadcrumbList","@id":"https://caf-rapport-activite.fr/caf16-2023/temp-fort/lancement-des-travaux-de-construction-du-cpog/#breadcrumb","itemListElement":[{"@type":"ListItem","position":1,"name":"Accueil","item":"https://caf-rapport-activite.fr/caf16-2023/"},{"@type":"ListItem","position":2,"name":"Temps forts","item":"https://caf-rapport-activite.fr/caf16-2023/temp-fort/"},{"@type":"ListItem","position":3,"name":"Lancement des travaux de construction du CPOG"}]},{"@type":"WebSite","@id":"https://caf-rapport-activite.fr/caf16-2023/#website","url":"https://caf-rapport-activite.fr/caf16-2023/","name":"Caf16 - 2023","description":"","potentialAction":[{"@type":"SearchAction","target":{"@type":"EntryPoint","urlTemplate":"https://caf-rapport-activite.fr/caf16-2023/?s={search_term_string}"},"query-input":"required name=search_term_string"}],"inLanguage":"fr-FR"}]}</script>
<!-- / Yoast SEO plugin. -->

S’engager ensemble, ce marqueur affiché en en-tête de la Convention d’Objectifs et de Gestion se traduit par 2 temps forts organisés sur le mois de septembre
