{"id":1118,"date":"2023-03-16T11:04:00","date_gmt":"2023-03-16T10:04:00","guid":{"rendered":"https:\/\/caf-rapport-activite.fr\/caf16-2023\/?post_type=temp-fort&#038;p=1118"},"modified":"2024-06-05T09:47:09","modified_gmt":"2024-06-05T07:47:09","slug":"semaine-nationale-de-la-petite-enfance","status":"publish","type":"temp-fort","link":"https:\/\/caf-rapport-activite.fr\/caf16-2023\/temp-fort\/semaine-nationale-de-la-petite-enfance\/","title":{"rendered":"La Semaine Nationale de la Petite Enfance"},"content":{"rendered":"\n<div class=\"wp-block-media-text alignwide is-stacked-on-mobile\" style=\"grid-template-columns:38% auto\"><figure class=\"wp-block-media-text__media\"><img decoding=\"async\" loading=\"lazy\" width=\"1024\" height=\"768\" src=\"https:\/\/caf-rapport-activite.fr\/caf16-2023\/wp-content\/uploads\/sites\/14\/2024\/05\/SemainePE5-1024x768.jpg\" alt=\"\" class=\"wp-image-1203 size-full\" srcset=\"https:\/\/caf-rapport-activite.fr\/caf16-2023\/wp-content\/uploads\/sites\/14\/2024\/05\/SemainePE5-1024x768.jpg 1024w, https:\/\/caf-rapport-activite.fr\/caf16-2023\/wp-content\/uploads\/sites\/14\/2024\/05\/SemainePE5-300x225.jpg 300w, https:\/\/caf-rapport-activite.fr\/caf16-2023\/wp-content\/uploads\/sites\/14\/2024\/05\/SemainePE5-768x576.jpg 768w, https:\/\/caf-rapport-activite.fr\/caf16-2023\/wp-content\/uploads\/sites\/14\/2024\/05\/SemainePE5-1536x1152.jpg 1536w, https:\/\/caf-rapport-activite.fr\/caf16-2023\/wp-content\/uploads\/sites\/14\/2024\/05\/SemainePE5-2048x1536.jpg 2048w\" sizes=\"(max-width: 1024px) 100vw, 1024px\" \/><\/figure><div class=\"wp-block-media-text__content\">\n<h3><strong>La 10\u00e8me \u00e9dition de la Semaine Nationale de la Petite Enfance s&rsquo;est tenue du 18 au 25 mars 2023.<\/strong><\/h3>\n\n\n\n<h4 id=\"l-objectif-de-cette-semaine-nationale-de-la-petite-enfance\">Ouverture de la semaine \u00e0 Famili&rsquo;Bulle le 18 mars.<a href=\"https:\/\/cafdoc.sharepoint.com\/sites\/intranet-org161-local\/SitePages\/Actualit%C3%A9s\/Retour-en-images-sur-la-matin%C3%A9e-du-18-mars.aspx#l-objectif-de-cette-semaine-nationale-de-la-petite-enfance\"><\/a><\/h4>\n\n\n\n<p>Parents et enfants sont venus nombreux et ont \u00e9t\u00e9 conquis par la magie des histoires cont\u00e9es par Violette Sicre de la Compagnie \u00ab\u00a0Contes de griottes\u00a0\u00bb.<\/p>\n\n\n\n<p>Les artistes en herbes ont ensuite pu faire parler leur cr\u00e9ativit\u00e9 avec la r\u00e9alisation d&rsquo;une fresque sur le th\u00e8me \u00ab\u00a0Pop Art\u00a0\u00bb qui a \u00e9t\u00e9 expos\u00e9e \u00e0 l&rsquo;occasion du Salon de la petite enfance organis\u00e9 \u00e0 Angoul\u00eame le 9 juin 2023.<\/p>\n<\/div><\/div>\n\n\n\n<div class=\"wp-block-media-text alignwide has-media-on-the-right is-stacked-on-mobile\" style=\"grid-template-columns:auto 40%\"><div class=\"wp-block-media-text__content\">\n<h4 id=\"l-objectif-de-cette-semaine-nationale-de-la-petite-enfance\">Le Salon de la Petite enfance en juin<a href=\"https:\/\/cafdoc.sharepoint.com\/sites\/intranet-org161-local\/SitePages\/Actualit%C3%A9s\/Retour-en-images-sur-la-matin%C3%A9e-du-18-mars.aspx#l-objectif-de-cette-semaine-nationale-de-la-petite-enfance\"><\/a><\/h4>\n\n\n\n<p>Vendredi 9 juin, la Caf de la Charente et ses partenaires du Comit\u00e9 D\u00e9partemental des Services aux Familles ont organis\u00e9 avec l\u2019association ECLA, le premier Salon de la Petite Enfance \u00e0 destination des professionnel.le.s du secteur, des enfants et de leur famille.<\/p>\n\n\n\n<p><strong>\u200b\u200b\u200b\u200b\u200b\u200b\u200bLe matin :<\/strong> une <strong>conf\u00e9rence sur la p\u00e9dagogie ECLA<\/strong> a permis d\u2019outiller l\u2019ensemble des professionnels de la petite enfance, de valoriser leur r\u00f4le capital et de les sensibiliser \u00e0 l\u2019importance de l\u2019exp\u00e9rimentation par les tout-petits.<\/p>\n\n\n\n<p><strong>L&rsquo;apr\u00e8s-midi :<\/strong> professionnels, enfants et parents ont pu tester les <strong>9 ateliers organis\u00e9s grandeur nature<\/strong> imagin\u00e9s par l\u2019association Ecla, l\u2019artoth\u00e8que d\u2019Angoul\u00eame, le Centre d\u00e9partemental de la lecture et la m\u00e9diath\u00e8que de GrandAngoul\u00eame.<\/p>\n<\/div><figure class=\"wp-block-media-text__media\"><img decoding=\"async\" loading=\"lazy\" width=\"1024\" height=\"768\" src=\"https:\/\/caf-rapport-activite.fr\/caf16-2023\/wp-content\/uploads\/sites\/14\/2024\/05\/SemainePE1-1024x768.png\" alt=\"\" class=\"wp-image-1201 size-full\" srcset=\"https:\/\/caf-rapport-activite.fr\/caf16-2023\/wp-content\/uploads\/sites\/14\/2024\/05\/SemainePE1-1024x768.png 1024w, https:\/\/caf-rapport-activite.fr\/caf16-2023\/wp-content\/uploads\/sites\/14\/2024\/05\/SemainePE1-300x225.png 300w, https:\/\/caf-rapport-activite.fr\/caf16-2023\/wp-content\/uploads\/sites\/14\/2024\/05\/SemainePE1-768x576.png 768w, https:\/\/caf-rapport-activite.fr\/caf16-2023\/wp-content\/uploads\/sites\/14\/2024\/05\/SemainePE1-1536x1152.png 1536w, https:\/\/caf-rapport-activite.fr\/caf16-2023\/wp-content\/uploads\/sites\/14\/2024\/05\/SemainePE1-2048x1536.png 2048w\" sizes=\"(max-width: 1024px) 100vw, 1024px\" \/><\/figure><\/div>\n","protected":false},"excerpt":{"rendered":"<p>La 10\u00e8me \u00e9dition de la Semaine Nationale de la Petite Enfance s&rsquo;est tenue du 18 au 25 mars 2023. Ouverture [&hellip;]<\/p>\n","protected":false},"featured_media":1192,"parent":0,"menu_order":23,"template":"","activite":[25],"yoast_head":"<!-- This site is optimized with the Yoast SEO plugin v19.11 - https:\/\/yoast.com\/wordpress\/plugins\/seo\/ -->\n<title>La Semaine Nationale de la Petite Enfance<\/title>\n<meta name=\"description\" content=\"La 10\u00e8me \u00e9dition de la Semaine Nationale de la Petite Enfance s&#039;est tenue du 18 au 25 mars 2023.\" \/>\n<meta name=\"robots\" content=\"index, follow, max-snippet:-1, max-image-preview:large, max-video-preview:-1\" \/>\n<link rel=\"canonical\" href=\"https:\/\/caf-rapport-activite.fr\/caf16-2023\/temp-fort\/semaine-nationale-de-la-petite-enfance\/\" \/>\n<meta property=\"og:locale\" content=\"fr_FR\" \/>\n<meta property=\"og:type\" content=\"article\" \/>\n<meta property=\"og:title\" content=\"La Semaine Nationale de la Petite Enfance\" \/>\n<meta property=\"og:description\" content=\"La 10\u00e8me \u00e9dition de la Semaine Nationale de la Petite Enfance s&#039;est tenue du 18 au 25 mars 2023.\" \/>\n<meta property=\"og:url\" content=\"https:\/\/caf-rapport-activite.fr\/caf16-2023\/temp-fort\/semaine-nationale-de-la-petite-enfance\/\" \/>\n<meta property=\"og:site_name\" content=\"Caf16 - 2023\" \/>\n<meta property=\"article:modified_time\" content=\"2024-06-05T07:47:09+00:00\" \/>\n<meta property=\"og:image\" content=\"https:\/\/caf-rapport-activite.fr\/caf16-2023\/wp-content\/uploads\/sites\/14\/2024\/05\/Visuel-1-300x157-1.png\" \/>\n\t<meta property=\"og:image:width\" content=\"300\" \/>\n\t<meta property=\"og:image:height\" content=\"157\" \/>\n\t<meta property=\"og:image:type\" content=\"image\/png\" \/>\n<meta name=\"twitter:card\" content=\"summary_large_image\" \/>\n<meta name=\"twitter:label1\" content=\"Dur\u00e9e de lecture estim\u00e9e\" \/>\n\t<meta name=\"twitter:data1\" content=\"2 minutes\" \/>\n<script type=\"application\/ld+json\" class=\"yoast-schema-graph\">{\"@context\":\"https:\/\/schema.org\",\"@graph\":[{\"@type\":\"WebPage\",\"@id\":\"https:\/\/caf-rapport-activite.fr\/caf16-2023\/temp-fort\/semaine-nationale-de-la-petite-enfance\/\",\"url\":\"https:\/\/caf-rapport-activite.fr\/caf16-2023\/temp-fort\/semaine-nationale-de-la-petite-enfance\/\",\"name\":\"La Semaine Nationale de la Petite Enfance\",\"isPartOf\":{\"@id\":\"https:\/\/caf-rapport-activite.fr\/caf16-2023\/#website\"},\"datePublished\":\"2023-03-16T10:04:00+00:00\",\"dateModified\":\"2024-06-05T07:47:09+00:00\",\"description\":\"La 10\u00e8me \u00e9dition de la Semaine Nationale de la Petite Enfance s'est tenue du 18 au 25 mars 2023.\",\"breadcrumb\":{\"@id\":\"https:\/\/caf-rapport-activite.fr\/caf16-2023\/temp-fort\/semaine-nationale-de-la-petite-enfance\/#breadcrumb\"},\"inLanguage\":\"fr-FR\",\"potentialAction\":[{\"@type\":\"ReadAction\",\"target\":[\"https:\/\/caf-rapport-activite.fr\/caf16-2023\/temp-fort\/semaine-nationale-de-la-petite-enfance\/\"]}]},{\"@type\":\"BreadcrumbList\",\"@id\":\"https:\/\/caf-rapport-activite.fr\/caf16-2023\/temp-fort\/semaine-nationale-de-la-petite-enfance\/#breadcrumb\",\"itemListElement\":[{\"@type\":\"ListItem\",\"position\":1,\"name\":\"Accueil\",\"item\":\"https:\/\/caf-rapport-activite.fr\/caf16-2023\/\"},{\"@type\":\"ListItem\",\"position\":2,\"name\":\"Temps forts\",\"item\":\"https:\/\/caf-rapport-activite.fr\/caf16-2023\/temp-fort\/\"},{\"@type\":\"ListItem\",\"position\":3,\"name\":\"La Semaine Nationale de la Petite Enfance\"}]},{\"@type\":\"WebSite\",\"@id\":\"https:\/\/caf-rapport-activite.fr\/caf16-2023\/#website\",\"url\":\"https:\/\/caf-rapport-activite.fr\/caf16-2023\/\",\"name\":\"Caf16 - 2023\",\"description\":\"\",\"potentialAction\":[{\"@type\":\"SearchAction\",\"target\":{\"@type\":\"EntryPoint\",\"urlTemplate\":\"https:\/\/caf-rapport-activite.fr\/caf16-2023\/?s={search_term_string}\"},\"query-input\":\"required name=search_term_string\"}],\"inLanguage\":\"fr-FR\"}]}<\/script>\n<!-- \/ Yoast SEO plugin. -->","yoast_head_json":{"title":"La Semaine Nationale de la Petite Enfance","description":"La 10\u00e8me \u00e9dition de la Semaine Nationale de la Petite Enfance s'est tenue du 18 au 25 mars 2023.","robots":{"index":"index","follow":"follow","max-snippet":"max-snippet:-1","max-image-preview":"max-image-preview:large","max-video-preview":"max-video-preview:-1"},"canonical":"https:\/\/caf-rapport-activite.fr\/caf16-2023\/temp-fort\/semaine-nationale-de-la-petite-enfance\/","og_locale":"fr_FR","og_type":"article","og_title":"La Semaine Nationale de la Petite Enfance","og_description":"La 10\u00e8me \u00e9dition de la Semaine Nationale de la Petite Enfance s'est tenue du 18 au 25 mars 2023.","og_url":"https:\/\/caf-rapport-activite.fr\/caf16-2023\/temp-fort\/semaine-nationale-de-la-petite-enfance\/","og_site_name":"Caf16 - 2023","article_modified_time":"2024-06-05T07:47:09+00:00","og_image":[{"width":300,"height":157,"url":"https:\/\/caf-rapport-activite.fr\/caf16-2023\/wp-content\/uploads\/sites\/14\/2024\/05\/Visuel-1-300x157-1.png","type":"image\/png"}],"twitter_card":"summary_large_image","twitter_misc":{"Dur\u00e9e de lecture estim\u00e9e":"2 minutes"},"schema":{"@context":"https:\/\/schema.org","@graph":[{"@type":"WebPage","@id":"https:\/\/caf-rapport-activite.fr\/caf16-2023\/temp-fort\/semaine-nationale-de-la-petite-enfance\/","url":"https:\/\/caf-rapport-activite.fr\/caf16-2023\/temp-fort\/semaine-nationale-de-la-petite-enfance\/","name":"La Semaine Nationale de la Petite Enfance","isPartOf":{"@id":"https:\/\/caf-rapport-activite.fr\/caf16-2023\/#website"},"datePublished":"2023-03-16T10:04:00+00:00","dateModified":"2024-06-05T07:47:09+00:00","description":"La 10\u00e8me \u00e9dition de la Semaine Nationale de la Petite Enfance s'est tenue du 18 au 25 mars 2023.","breadcrumb":{"@id":"https:\/\/caf-rapport-activite.fr\/caf16-2023\/temp-fort\/semaine-nationale-de-la-petite-enfance\/#breadcrumb"},"inLanguage":"fr-FR","potentialAction":[{"@type":"ReadAction","target":["https:\/\/caf-rapport-activite.fr\/caf16-2023\/temp-fort\/semaine-nationale-de-la-petite-enfance\/"]}]},{"@type":"BreadcrumbList","@id":"https:\/\/caf-rapport-activite.fr\/caf16-2023\/temp-fort\/semaine-nationale-de-la-petite-enfance\/#breadcrumb","itemListElement":[{"@type":"ListItem","position":1,"name":"Accueil","item":"https:\/\/caf-rapport-activite.fr\/caf16-2023\/"},{"@type":"ListItem","position":2,"name":"Temps forts","item":"https:\/\/caf-rapport-activite.fr\/caf16-2023\/temp-fort\/"},{"@type":"ListItem","position":3,"name":"La Semaine Nationale de la Petite Enfance"}]},{"@type":"WebSite","@id":"https:\/\/caf-rapport-activite.fr\/caf16-2023\/#website","url":"https:\/\/caf-rapport-activite.fr\/caf16-2023\/","name":"Caf16 - 2023","description":"","potentialAction":[{"@type":"SearchAction","target":{"@type":"EntryPoint","urlTemplate":"https:\/\/caf-rapport-activite.fr\/caf16-2023\/?s={search_term_string}"},"query-input":"required name=search_term_string"}],"inLanguage":"fr-FR"}]}},"_links":{"self":[{"href":"https:\/\/caf-rapport-activite.fr\/caf16-2023\/wp-json\/wp\/v2\/temp-fort\/1118"}],"collection":[{"href":"https:\/\/caf-rapport-activite.fr\/caf16-2023\/wp-json\/wp\/v2\/temp-fort"}],"about":[{"href":"https:\/\/caf-rapport-activite.fr\/caf16-2023\/wp-json\/wp\/v2\/types\/temp-fort"}],"wp:featuredmedia":[{"embeddable":true,"href":"https:\/\/caf-rapport-activite.fr\/caf16-2023\/wp-json\/wp\/v2\/media\/1192"}],"wp:attachment":[{"href":"https:\/\/caf-rapport-activite.fr\/caf16-2023\/wp-json\/wp\/v2\/media?parent=1118"}],"wp:term":[{"taxonomy":"activite","embeddable":true,"href":"https:\/\/caf-rapport-activite.fr\/caf16-2023\/wp-json\/wp\/v2\/activite?post=1118"}],"curies":[{"name":"wp","href":"https:\/\/api.w.org\/{rel}","templated":true}]}}

<div class="wp-block-media-text alignwide is-stacked-on-mobile" style="grid-template-columns:38% auto"><figure class="wp-block-media-text__media"><img decoding="async" loading="lazy" width="1024" height="768" src="https://caf-rapport-activite.fr/caf16-2023/wp-content/uploads/sites/14/2024/05/SemainePE5-1024x768.jpg" alt="" class="wp-image-1203 size-full" srcset="https://caf-rapport-activite.fr/caf16-2023/wp-content/uploads/sites/14/2024/05/SemainePE5-1024x768.jpg 1024w, https://caf-rapport-activite.fr/caf16-2023/wp-content/uploads/sites/14/2024/05/SemainePE5-300x225.jpg 300w, https://caf-rapport-activite.fr/caf16-2023/wp-content/uploads/sites/14/2024/05/SemainePE5-768x576.jpg 768w, https://caf-rapport-activite.fr/caf16-2023/wp-content/uploads/sites/14/2024/05/SemainePE5-1536x1152.jpg 1536w, https://caf-rapport-activite.fr/caf16-2023/wp-content/uploads/sites/14/2024/05/SemainePE5-2048x1536.jpg 2048w" sizes="(max-width: 1024px) 100vw, 1024px" /></figure><div class="wp-block-media-text__content">
<h3><strong>La 10ème édition de la Semaine Nationale de la Petite Enfance s&rsquo;est tenue du 18 au 25 mars 2023.</strong></h3>



<h4 id="l-objectif-de-cette-semaine-nationale-de-la-petite-enfance">Ouverture de la semaine à Famili&rsquo;Bulle le 18 mars.<a href="https://cafdoc.sharepoint.com/sites/intranet-org161-local/SitePages/Actualit%C3%A9s/Retour-en-images-sur-la-matin%C3%A9e-du-18-mars.aspx#l-objectif-de-cette-semaine-nationale-de-la-petite-enfance"></a></h4>



<p>Parents et enfants sont venus nombreux et ont été conquis par la magie des histoires contées par Violette Sicre de la Compagnie « Contes de griottes ».</p>



<p>Les artistes en herbes ont ensuite pu faire parler leur créativité avec la réalisation d&rsquo;une fresque sur le thème « Pop Art » qui a été exposée à l&rsquo;occasion du Salon de la petite enfance organisé à Angoulême le 9 juin 2023.</p>
</div></div>



<div class="wp-block-media-text alignwide has-media-on-the-right is-stacked-on-mobile" style="grid-template-columns:auto 40%"><div class="wp-block-media-text__content">
<h4 id="l-objectif-de-cette-semaine-nationale-de-la-petite-enfance">Le Salon de la Petite enfance en juin<a href="https://cafdoc.sharepoint.com/sites/intranet-org161-local/SitePages/Actualit%C3%A9s/Retour-en-images-sur-la-matin%C3%A9e-du-18-mars.aspx#l-objectif-de-cette-semaine-nationale-de-la-petite-enfance"></a></h4>



<p>Vendredi 9 juin, la Caf de la Charente et ses partenaires du Comité Départemental des Services aux Familles ont organisé avec l’association ECLA, le premier Salon de la Petite Enfance à destination des professionnel.le.s du secteur, des enfants et de leur famille.</p>



<p><strong>​​​​​​​Le matin :</strong> une <strong>conférence sur la pédagogie ECLA</strong> a permis d’outiller l’ensemble des professionnels de la petite enfance, de valoriser leur rôle capital et de les sensibiliser à l’importance de l’expérimentation par les tout-petits.</p>



<p><strong>L&rsquo;après-midi :</strong> professionnels, enfants et parents ont pu tester les <strong>9 ateliers organisés grandeur nature</strong> imaginés par l’association Ecla, l’artothèque d’Angoulême, le Centre départemental de la lecture et la médiathèque de GrandAngoulême.</p>
</div><figure class="wp-block-media-text__media"><img decoding="async" loading="lazy" width="1024" height="768" src="https://caf-rapport-activite.fr/caf16-2023/wp-content/uploads/sites/14/2024/05/SemainePE1-1024x768.png" alt="" class="wp-image-1201 size-full" srcset="https://caf-rapport-activite.fr/caf16-2023/wp-content/uploads/sites/14/2024/05/SemainePE1-1024x768.png 1024w, https://caf-rapport-activite.fr/caf16-2023/wp-content/uploads/sites/14/2024/05/SemainePE1-300x225.png 300w, https://caf-rapport-activite.fr/caf16-2023/wp-content/uploads/sites/14/2024/05/SemainePE1-768x576.png 768w, https://caf-rapport-activite.fr/caf16-2023/wp-content/uploads/sites/14/2024/05/SemainePE1-1536x1152.png 1536w, https://caf-rapport-activite.fr/caf16-2023/wp-content/uploads/sites/14/2024/05/SemainePE1-2048x1536.png 2048w" sizes="(max-width: 1024px) 100vw, 1024px" /></figure></div>

<p>La 10ème édition de la Semaine Nationale de la Petite Enfance s&rsquo;est tenue du 18 au 25 mars 2023. Ouverture [&hellip;]</p>

<!-- This site is optimized with the Yoast SEO plugin v19.11 - https://yoast.com/wordpress/plugins/seo/ -->
<title>La Semaine Nationale de la Petite Enfance</title>
<meta name="description" content="La 10ème édition de la Semaine Nationale de la Petite Enfance s&#039;est tenue du 18 au 25 mars 2023." />
<meta name="robots" content="index, follow, max-snippet:-1, max-image-preview:large, max-video-preview:-1" />
<link rel="canonical" href="https://caf-rapport-activite.fr/caf16-2023/temp-fort/semaine-nationale-de-la-petite-enfance/" />
<meta property="og:locale" content="fr_FR" />
<meta property="og:type" content="article" />
<meta property="og:title" content="La Semaine Nationale de la Petite Enfance" />
<meta property="og:description" content="La 10ème édition de la Semaine Nationale de la Petite Enfance s&#039;est tenue du 18 au 25 mars 2023." />
<meta property="og:url" content="https://caf-rapport-activite.fr/caf16-2023/temp-fort/semaine-nationale-de-la-petite-enfance/" />
<meta property="og:site_name" content="Caf16 - 2023" />
<meta property="article:modified_time" content="2024-06-05T07:47:09+00:00" />
<meta property="og:image" content="https://caf-rapport-activite.fr/caf16-2023/wp-content/uploads/sites/14/2024/05/Visuel-1-300x157-1.png" />
	<meta property="og:image:width" content="300" />
	<meta property="og:image:height" content="157" />
	<meta property="og:image:type" content="image/png" />
<meta name="twitter:card" content="summary_large_image" />
<meta name="twitter:label1" content="Durée de lecture estimée" />
	<meta name="twitter:data1" content="2 minutes" />
<script type="application/ld+json" class="yoast-schema-graph">{"@context":"https://schema.org","@graph":[{"@type":"WebPage","@id":"https://caf-rapport-activite.fr/caf16-2023/temp-fort/semaine-nationale-de-la-petite-enfance/","url":"https://caf-rapport-activite.fr/caf16-2023/temp-fort/semaine-nationale-de-la-petite-enfance/","name":"La Semaine Nationale de la Petite Enfance","isPartOf":{"@id":"https://caf-rapport-activite.fr/caf16-2023/#website"},"datePublished":"2023-03-16T10:04:00+00:00","dateModified":"2024-06-05T07:47:09+00:00","description":"La 10ème édition de la Semaine Nationale de la Petite Enfance s'est tenue du 18 au 25 mars 2023.","breadcrumb":{"@id":"https://caf-rapport-activite.fr/caf16-2023/temp-fort/semaine-nationale-de-la-petite-enfance/#breadcrumb"},"inLanguage":"fr-FR","potentialAction":[{"@type":"ReadAction","target":["https://caf-rapport-activite.fr/caf16-2023/temp-fort/semaine-nationale-de-la-petite-enfance/"]}]},{"@type":"BreadcrumbList","@id":"https://caf-rapport-activite.fr/caf16-2023/temp-fort/semaine-nationale-de-la-petite-enfance/#breadcrumb","itemListElement":[{"@type":"ListItem","position":1,"name":"Accueil","item":"https://caf-rapport-activite.fr/caf16-2023/"},{"@type":"ListItem","position":2,"name":"Temps forts","item":"https://caf-rapport-activite.fr/caf16-2023/temp-fort/"},{"@type":"ListItem","position":3,"name":"La Semaine Nationale de la Petite Enfance"}]},{"@type":"WebSite","@id":"https://caf-rapport-activite.fr/caf16-2023/#website","url":"https://caf-rapport-activite.fr/caf16-2023/","name":"Caf16 - 2023","description":"","potentialAction":[{"@type":"SearchAction","target":{"@type":"EntryPoint","urlTemplate":"https://caf-rapport-activite.fr/caf16-2023/?s={search_term_string}"},"query-input":"required name=search_term_string"}],"inLanguage":"fr-FR"}]}</script>
<!-- / Yoast SEO plugin. -->

La 10ème édition de la Semaine Nationale de la Petite Enfance s'est tenue du 18 au 25 mars 2023.
