{"id":1116,"date":"2023-02-16T10:53:00","date_gmt":"2023-02-16T09:53:00","guid":{"rendered":"https:\/\/caf-rapport-activite.fr\/caf16-2023\/?post_type=temp-fort&#038;p=1116"},"modified":"2024-05-27T11:13:36","modified_gmt":"2024-05-27T09:13:36","slug":"une-convention-de-partenariat-signee-avec-pole-emploi","status":"publish","type":"temp-fort","link":"https:\/\/caf-rapport-activite.fr\/caf16-2023\/temp-fort\/une-convention-de-partenariat-signee-avec-pole-emploi\/","title":{"rendered":"Une convention de partenariat sign\u00e9e avec P\u00f4le Emploi"},"content":{"rendered":"\n<p><strong>Les \u00e9quipes de P\u00f4le Emploi et de la Caf ont sign\u00e9 vendredi 24 f\u00e9vrier une convention partenariale et renforcent ainsi leur collaboration<\/strong>.\u00a0\u200b\u200b\u200b\u200b\u200b<\/p>\n\n\n\n<div class=\"is-layout-flex wp-container-3 wp-block-columns\">\n<div class=\"is-layout-flow wp-block-column\"><div class=\"wp-block-image\">\n<figure class=\"aligncenter size-large is-resized\"><img decoding=\"async\" loading=\"lazy\" src=\"https:\/\/caf-rapport-activite.fr\/caf16-2023\/wp-content\/uploads\/sites\/14\/2024\/05\/20230224-ConventionCafPE2-1024x576.jpg\" alt=\"\" class=\"wp-image-1172\" width=\"406\" height=\"228\" srcset=\"https:\/\/caf-rapport-activite.fr\/caf16-2023\/wp-content\/uploads\/sites\/14\/2024\/05\/20230224-ConventionCafPE2-1024x576.jpg 1024w, https:\/\/caf-rapport-activite.fr\/caf16-2023\/wp-content\/uploads\/sites\/14\/2024\/05\/20230224-ConventionCafPE2-300x169.jpg 300w, https:\/\/caf-rapport-activite.fr\/caf16-2023\/wp-content\/uploads\/sites\/14\/2024\/05\/20230224-ConventionCafPE2-768x432.jpg 768w, https:\/\/caf-rapport-activite.fr\/caf16-2023\/wp-content\/uploads\/sites\/14\/2024\/05\/20230224-ConventionCafPE2-1536x864.jpg 1536w, https:\/\/caf-rapport-activite.fr\/caf16-2023\/wp-content\/uploads\/sites\/14\/2024\/05\/20230224-ConventionCafPE2-2048x1152.jpg 2048w\" sizes=\"(max-width: 406px) 100vw, 406px\" \/><\/figure><\/div><\/div>\n\n\n\n<div class=\"is-layout-flow wp-block-column\"><div class=\"wp-block-image\">\n<figure class=\"aligncenter size-large is-resized\"><img decoding=\"async\" loading=\"lazy\" src=\"https:\/\/caf-rapport-activite.fr\/caf16-2023\/wp-content\/uploads\/sites\/14\/2024\/05\/20230224-ConventionCafPE1-1024x768.jpg\" alt=\"\" class=\"wp-image-1165\" width=\"294\" height=\"220\" srcset=\"https:\/\/caf-rapport-activite.fr\/caf16-2023\/wp-content\/uploads\/sites\/14\/2024\/05\/20230224-ConventionCafPE1-1024x768.jpg 1024w, https:\/\/caf-rapport-activite.fr\/caf16-2023\/wp-content\/uploads\/sites\/14\/2024\/05\/20230224-ConventionCafPE1-300x225.jpg 300w, https:\/\/caf-rapport-activite.fr\/caf16-2023\/wp-content\/uploads\/sites\/14\/2024\/05\/20230224-ConventionCafPE1-768x576.jpg 768w, https:\/\/caf-rapport-activite.fr\/caf16-2023\/wp-content\/uploads\/sites\/14\/2024\/05\/20230224-ConventionCafPE1-1536x1152.jpg 1536w, https:\/\/caf-rapport-activite.fr\/caf16-2023\/wp-content\/uploads\/sites\/14\/2024\/05\/20230224-ConventionCafPE1-2048x1536.jpg 2048w\" sizes=\"(max-width: 294px) 100vw, 294px\" \/><\/figure><\/div><\/div>\n<\/div>\n\n\n\n<div class=\"is-layout-flex wp-container-5 wp-block-columns\">\n<div class=\"is-layout-flow wp-block-column\" style=\"flex-basis:100%\">\n<p>Cette convention vise \u00e0&nbsp;<strong>d\u00e9livrer un meilleur service aux usagers<\/strong>&nbsp;avec pour objectifs principaux :&nbsp;<\/p>\n\n\n\n<ul>\n<li>garantir l&rsquo;acc\u00e8s aux droits des usagers<\/li>\n\n\n\n<li>participer aux dispositifs d&rsquo;insertion professionnelle<\/li>\n\n\n\n<li>renforcer une connaissance mutuelle de nos organismes et sur les \u00e9changes qui en d\u00e9coulent<\/li>\n\n\n\n<li>renforcer la lutte contre le non-recours aux droits et l&rsquo;accompagnement des usagers gr\u00e2ce \u00e0 la promotion d&rsquo;actions collaboratives et d&rsquo;initiatives en faveur de populations fragilis\u00e9es.<\/li>\n<\/ul>\n\n\n\n<p>Les&nbsp;<strong>publics vis\u00e9s<\/strong>&nbsp;sont notamment :&nbsp;<\/p>\n\n\n\n<ul>\n<li>les allocataires de la Caf, demandeurs d&#8217;emploi ou susceptibles de s&rsquo;inscrire dans une d\u00e9marche de&nbsp;recherche d&#8217;emploi,&nbsp;<\/li>\n\n\n\n<li>les demandeurs d&#8217;emploi en difficult\u00e9s d&rsquo;acc\u00e8s \u00e0 Ieurs droits ou aux services propos\u00e9s par la Caf.<\/li>\n<\/ul>\n\n\n\n<p>Pour atteindre ces objectifs, P\u00f4le Emploi et la Caf s&rsquo;appuieront sur :<\/p>\n\n\n\n<ul>\n<li>une organisation qui garantit le pilotage et l&rsquo;animation de la convention,<\/li>\n\n\n\n<li>l\u2019actualisation et l\u2019enrichissement de leurs connaissances au moyen de formations et informations des personnels,&nbsp;mise en r\u00e9seaux et connaissance de leurs partenaires respectifs, pr\u00e9sentation des offres de service et des&nbsp;outils num\u00e9riques.&nbsp;<\/li>\n<\/ul>\n<\/div>\n<\/div>\n","protected":false},"excerpt":{"rendered":"<p>Les \u00e9quipes de P\u00f4le Emploi et de la Caf ont sign\u00e9 vendredi 24 f\u00e9vrier une convention partenariale et renforcent ainsi [&hellip;]<\/p>\n","protected":false},"featured_media":1172,"parent":0,"menu_order":25,"template":"","activite":[24],"yoast_head":"<!-- This site is optimized with the Yoast SEO plugin v19.11 - https:\/\/yoast.com\/wordpress\/plugins\/seo\/ -->\n<title>Une convention de partenariat sign\u00e9e avec P\u00f4le Emploi<\/title>\n<meta name=\"description\" content=\"Les \u00e9quipes de P\u00f4le Emploi et de la Caf ont sign\u00e9 vendredi 24 f\u00e9vrier une convention partenariale et renforcent ainsi leur collaboration. \u200b\u200b\" \/>\n<meta name=\"robots\" content=\"index, follow, max-snippet:-1, max-image-preview:large, max-video-preview:-1\" \/>\n<link rel=\"canonical\" href=\"https:\/\/caf-rapport-activite.fr\/caf16-2023\/temp-fort\/une-convention-de-partenariat-signee-avec-pole-emploi\/\" \/>\n<meta property=\"og:locale\" content=\"fr_FR\" \/>\n<meta property=\"og:type\" content=\"article\" \/>\n<meta property=\"og:title\" content=\"Une convention de partenariat sign\u00e9e avec P\u00f4le Emploi\" \/>\n<meta property=\"og:description\" content=\"Les \u00e9quipes de P\u00f4le Emploi et de la Caf ont sign\u00e9 vendredi 24 f\u00e9vrier une convention partenariale et renforcent ainsi leur collaboration. \u200b\u200b\" \/>\n<meta property=\"og:url\" content=\"https:\/\/caf-rapport-activite.fr\/caf16-2023\/temp-fort\/une-convention-de-partenariat-signee-avec-pole-emploi\/\" \/>\n<meta property=\"og:site_name\" content=\"Caf16 - 2023\" \/>\n<meta property=\"article:modified_time\" content=\"2024-05-27T09:13:36+00:00\" \/>\n<meta property=\"og:image\" content=\"https:\/\/caf-rapport-activite.fr\/caf16-2023\/wp-content\/uploads\/sites\/14\/2024\/05\/20230224-ConventionCafPE2.jpg\" \/>\n\t<meta property=\"og:image:width\" content=\"3024\" \/>\n\t<meta property=\"og:image:height\" content=\"1701\" \/>\n\t<meta property=\"og:image:type\" content=\"image\/jpeg\" \/>\n<meta name=\"twitter:card\" content=\"summary_large_image\" \/>\n<meta name=\"twitter:label1\" content=\"Dur\u00e9e de lecture estim\u00e9e\" \/>\n\t<meta name=\"twitter:data1\" content=\"2 minutes\" \/>\n<script type=\"application\/ld+json\" class=\"yoast-schema-graph\">{\"@context\":\"https:\/\/schema.org\",\"@graph\":[{\"@type\":\"WebPage\",\"@id\":\"https:\/\/caf-rapport-activite.fr\/caf16-2023\/temp-fort\/une-convention-de-partenariat-signee-avec-pole-emploi\/\",\"url\":\"https:\/\/caf-rapport-activite.fr\/caf16-2023\/temp-fort\/une-convention-de-partenariat-signee-avec-pole-emploi\/\",\"name\":\"Une convention de partenariat sign\u00e9e avec P\u00f4le Emploi\",\"isPartOf\":{\"@id\":\"https:\/\/caf-rapport-activite.fr\/caf16-2023\/#website\"},\"datePublished\":\"2023-02-16T09:53:00+00:00\",\"dateModified\":\"2024-05-27T09:13:36+00:00\",\"description\":\"Les \u00e9quipes de P\u00f4le Emploi et de la Caf ont sign\u00e9 vendredi 24 f\u00e9vrier une convention partenariale et renforcent ainsi leur collaboration. \u200b\u200b\",\"breadcrumb\":{\"@id\":\"https:\/\/caf-rapport-activite.fr\/caf16-2023\/temp-fort\/une-convention-de-partenariat-signee-avec-pole-emploi\/#breadcrumb\"},\"inLanguage\":\"fr-FR\",\"potentialAction\":[{\"@type\":\"ReadAction\",\"target\":[\"https:\/\/caf-rapport-activite.fr\/caf16-2023\/temp-fort\/une-convention-de-partenariat-signee-avec-pole-emploi\/\"]}]},{\"@type\":\"BreadcrumbList\",\"@id\":\"https:\/\/caf-rapport-activite.fr\/caf16-2023\/temp-fort\/une-convention-de-partenariat-signee-avec-pole-emploi\/#breadcrumb\",\"itemListElement\":[{\"@type\":\"ListItem\",\"position\":1,\"name\":\"Accueil\",\"item\":\"https:\/\/caf-rapport-activite.fr\/caf16-2023\/\"},{\"@type\":\"ListItem\",\"position\":2,\"name\":\"Temps forts\",\"item\":\"https:\/\/caf-rapport-activite.fr\/caf16-2023\/temp-fort\/\"},{\"@type\":\"ListItem\",\"position\":3,\"name\":\"Une convention de partenariat sign\u00e9e avec P\u00f4le Emploi\"}]},{\"@type\":\"WebSite\",\"@id\":\"https:\/\/caf-rapport-activite.fr\/caf16-2023\/#website\",\"url\":\"https:\/\/caf-rapport-activite.fr\/caf16-2023\/\",\"name\":\"Caf16 - 2023\",\"description\":\"\",\"potentialAction\":[{\"@type\":\"SearchAction\",\"target\":{\"@type\":\"EntryPoint\",\"urlTemplate\":\"https:\/\/caf-rapport-activite.fr\/caf16-2023\/?s={search_term_string}\"},\"query-input\":\"required name=search_term_string\"}],\"inLanguage\":\"fr-FR\"}]}<\/script>\n<!-- \/ Yoast SEO plugin. -->","yoast_head_json":{"title":"Une convention de partenariat sign\u00e9e avec P\u00f4le Emploi","description":"Les \u00e9quipes de P\u00f4le Emploi et de la Caf ont sign\u00e9 vendredi 24 f\u00e9vrier une convention partenariale et renforcent ainsi leur collaboration. \u200b\u200b","robots":{"index":"index","follow":"follow","max-snippet":"max-snippet:-1","max-image-preview":"max-image-preview:large","max-video-preview":"max-video-preview:-1"},"canonical":"https:\/\/caf-rapport-activite.fr\/caf16-2023\/temp-fort\/une-convention-de-partenariat-signee-avec-pole-emploi\/","og_locale":"fr_FR","og_type":"article","og_title":"Une convention de partenariat sign\u00e9e avec P\u00f4le Emploi","og_description":"Les \u00e9quipes de P\u00f4le Emploi et de la Caf ont sign\u00e9 vendredi 24 f\u00e9vrier une convention partenariale et renforcent ainsi leur collaboration. \u200b\u200b","og_url":"https:\/\/caf-rapport-activite.fr\/caf16-2023\/temp-fort\/une-convention-de-partenariat-signee-avec-pole-emploi\/","og_site_name":"Caf16 - 2023","article_modified_time":"2024-05-27T09:13:36+00:00","og_image":[{"width":3024,"height":1701,"url":"https:\/\/caf-rapport-activite.fr\/caf16-2023\/wp-content\/uploads\/sites\/14\/2024\/05\/20230224-ConventionCafPE2.jpg","type":"image\/jpeg"}],"twitter_card":"summary_large_image","twitter_misc":{"Dur\u00e9e de lecture estim\u00e9e":"2 minutes"},"schema":{"@context":"https:\/\/schema.org","@graph":[{"@type":"WebPage","@id":"https:\/\/caf-rapport-activite.fr\/caf16-2023\/temp-fort\/une-convention-de-partenariat-signee-avec-pole-emploi\/","url":"https:\/\/caf-rapport-activite.fr\/caf16-2023\/temp-fort\/une-convention-de-partenariat-signee-avec-pole-emploi\/","name":"Une convention de partenariat sign\u00e9e avec P\u00f4le Emploi","isPartOf":{"@id":"https:\/\/caf-rapport-activite.fr\/caf16-2023\/#website"},"datePublished":"2023-02-16T09:53:00+00:00","dateModified":"2024-05-27T09:13:36+00:00","description":"Les \u00e9quipes de P\u00f4le Emploi et de la Caf ont sign\u00e9 vendredi 24 f\u00e9vrier une convention partenariale et renforcent ainsi leur collaboration. \u200b\u200b","breadcrumb":{"@id":"https:\/\/caf-rapport-activite.fr\/caf16-2023\/temp-fort\/une-convention-de-partenariat-signee-avec-pole-emploi\/#breadcrumb"},"inLanguage":"fr-FR","potentialAction":[{"@type":"ReadAction","target":["https:\/\/caf-rapport-activite.fr\/caf16-2023\/temp-fort\/une-convention-de-partenariat-signee-avec-pole-emploi\/"]}]},{"@type":"BreadcrumbList","@id":"https:\/\/caf-rapport-activite.fr\/caf16-2023\/temp-fort\/une-convention-de-partenariat-signee-avec-pole-emploi\/#breadcrumb","itemListElement":[{"@type":"ListItem","position":1,"name":"Accueil","item":"https:\/\/caf-rapport-activite.fr\/caf16-2023\/"},{"@type":"ListItem","position":2,"name":"Temps forts","item":"https:\/\/caf-rapport-activite.fr\/caf16-2023\/temp-fort\/"},{"@type":"ListItem","position":3,"name":"Une convention de partenariat sign\u00e9e avec P\u00f4le Emploi"}]},{"@type":"WebSite","@id":"https:\/\/caf-rapport-activite.fr\/caf16-2023\/#website","url":"https:\/\/caf-rapport-activite.fr\/caf16-2023\/","name":"Caf16 - 2023","description":"","potentialAction":[{"@type":"SearchAction","target":{"@type":"EntryPoint","urlTemplate":"https:\/\/caf-rapport-activite.fr\/caf16-2023\/?s={search_term_string}"},"query-input":"required name=search_term_string"}],"inLanguage":"fr-FR"}]}},"_links":{"self":[{"href":"https:\/\/caf-rapport-activite.fr\/caf16-2023\/wp-json\/wp\/v2\/temp-fort\/1116"}],"collection":[{"href":"https:\/\/caf-rapport-activite.fr\/caf16-2023\/wp-json\/wp\/v2\/temp-fort"}],"about":[{"href":"https:\/\/caf-rapport-activite.fr\/caf16-2023\/wp-json\/wp\/v2\/types\/temp-fort"}],"wp:featuredmedia":[{"embeddable":true,"href":"https:\/\/caf-rapport-activite.fr\/caf16-2023\/wp-json\/wp\/v2\/media\/1172"}],"wp:attachment":[{"href":"https:\/\/caf-rapport-activite.fr\/caf16-2023\/wp-json\/wp\/v2\/media?parent=1116"}],"wp:term":[{"taxonomy":"activite","embeddable":true,"href":"https:\/\/caf-rapport-activite.fr\/caf16-2023\/wp-json\/wp\/v2\/activite?post=1116"}],"curies":[{"name":"wp","href":"https:\/\/api.w.org\/{rel}","templated":true}]}}

Une convention de partenariat signée avec Pôle Emploi

<p><strong>Les équipes de Pôle Emploi et de la Caf ont signé vendredi 24 février une convention partenariale et renforcent ainsi leur collaboration</strong>. ​​​​​</p>



<div class="is-layout-flex wp-container-3 wp-block-columns">
<div class="is-layout-flow wp-block-column"><div class="wp-block-image">
<figure class="aligncenter size-large is-resized"><img decoding="async" loading="lazy" src="https://caf-rapport-activite.fr/caf16-2023/wp-content/uploads/sites/14/2024/05/20230224-ConventionCafPE2-1024x576.jpg" alt="" class="wp-image-1172" width="406" height="228" srcset="https://caf-rapport-activite.fr/caf16-2023/wp-content/uploads/sites/14/2024/05/20230224-ConventionCafPE2-1024x576.jpg 1024w, https://caf-rapport-activite.fr/caf16-2023/wp-content/uploads/sites/14/2024/05/20230224-ConventionCafPE2-300x169.jpg 300w, https://caf-rapport-activite.fr/caf16-2023/wp-content/uploads/sites/14/2024/05/20230224-ConventionCafPE2-768x432.jpg 768w, https://caf-rapport-activite.fr/caf16-2023/wp-content/uploads/sites/14/2024/05/20230224-ConventionCafPE2-1536x864.jpg 1536w, https://caf-rapport-activite.fr/caf16-2023/wp-content/uploads/sites/14/2024/05/20230224-ConventionCafPE2-2048x1152.jpg 2048w" sizes="(max-width: 406px) 100vw, 406px" /></figure></div></div>



<div class="is-layout-flow wp-block-column"><div class="wp-block-image">
<figure class="aligncenter size-large is-resized"><img decoding="async" loading="lazy" src="https://caf-rapport-activite.fr/caf16-2023/wp-content/uploads/sites/14/2024/05/20230224-ConventionCafPE1-1024x768.jpg" alt="" class="wp-image-1165" width="294" height="220" srcset="https://caf-rapport-activite.fr/caf16-2023/wp-content/uploads/sites/14/2024/05/20230224-ConventionCafPE1-1024x768.jpg 1024w, https://caf-rapport-activite.fr/caf16-2023/wp-content/uploads/sites/14/2024/05/20230224-ConventionCafPE1-300x225.jpg 300w, https://caf-rapport-activite.fr/caf16-2023/wp-content/uploads/sites/14/2024/05/20230224-ConventionCafPE1-768x576.jpg 768w, https://caf-rapport-activite.fr/caf16-2023/wp-content/uploads/sites/14/2024/05/20230224-ConventionCafPE1-1536x1152.jpg 1536w, https://caf-rapport-activite.fr/caf16-2023/wp-content/uploads/sites/14/2024/05/20230224-ConventionCafPE1-2048x1536.jpg 2048w" sizes="(max-width: 294px) 100vw, 294px" /></figure></div></div>
</div>



<div class="is-layout-flex wp-container-5 wp-block-columns">
<div class="is-layout-flow wp-block-column" style="flex-basis:100%">
<p>Cette convention vise à&nbsp;<strong>délivrer un meilleur service aux usagers</strong>&nbsp;avec pour objectifs principaux :&nbsp;</p>



<ul>
<li>garantir l&rsquo;accès aux droits des usagers</li>



<li>participer aux dispositifs d&rsquo;insertion professionnelle</li>



<li>renforcer une connaissance mutuelle de nos organismes et sur les échanges qui en découlent</li>



<li>renforcer la lutte contre le non-recours aux droits et l&rsquo;accompagnement des usagers grâce à la promotion d&rsquo;actions collaboratives et d&rsquo;initiatives en faveur de populations fragilisées.</li>
</ul>



<p>Les&nbsp;<strong>publics visés</strong>&nbsp;sont notamment :&nbsp;</p>



<ul>
<li>les allocataires de la Caf, demandeurs d&#8217;emploi ou susceptibles de s&rsquo;inscrire dans une démarche de&nbsp;recherche d&#8217;emploi,&nbsp;</li>



<li>les demandeurs d&#8217;emploi en difficultés d&rsquo;accès à Ieurs droits ou aux services proposés par la Caf.</li>
</ul>



<p>Pour atteindre ces objectifs, Pôle Emploi et la Caf s&rsquo;appuieront sur :</p>



<ul>
<li>une organisation qui garantit le pilotage et l&rsquo;animation de la convention,</li>



<li>l’actualisation et l’enrichissement de leurs connaissances au moyen de formations et informations des personnels,&nbsp;mise en réseaux et connaissance de leurs partenaires respectifs, présentation des offres de service et des&nbsp;outils numériques.&nbsp;</li>
</ul>
</div>
</div>

<p>Les équipes de Pôle Emploi et de la Caf ont signé vendredi 24 février une convention partenariale et renforcent ainsi [&hellip;]</p>

<!-- This site is optimized with the Yoast SEO plugin v19.11 - https://yoast.com/wordpress/plugins/seo/ -->
<title>Une convention de partenariat signée avec Pôle Emploi</title>
<meta name="description" content="Les équipes de Pôle Emploi et de la Caf ont signé vendredi 24 février une convention partenariale et renforcent ainsi leur collaboration. ​​" />
<meta name="robots" content="index, follow, max-snippet:-1, max-image-preview:large, max-video-preview:-1" />
<link rel="canonical" href="https://caf-rapport-activite.fr/caf16-2023/temp-fort/une-convention-de-partenariat-signee-avec-pole-emploi/" />
<meta property="og:locale" content="fr_FR" />
<meta property="og:type" content="article" />
<meta property="og:title" content="Une convention de partenariat signée avec Pôle Emploi" />
<meta property="og:description" content="Les équipes de Pôle Emploi et de la Caf ont signé vendredi 24 février une convention partenariale et renforcent ainsi leur collaboration. ​​" />
<meta property="og:url" content="https://caf-rapport-activite.fr/caf16-2023/temp-fort/une-convention-de-partenariat-signee-avec-pole-emploi/" />
<meta property="og:site_name" content="Caf16 - 2023" />
<meta property="article:modified_time" content="2024-05-27T09:13:36+00:00" />
<meta property="og:image" content="https://caf-rapport-activite.fr/caf16-2023/wp-content/uploads/sites/14/2024/05/20230224-ConventionCafPE2.jpg" />
	<meta property="og:image:width" content="3024" />
	<meta property="og:image:height" content="1701" />
	<meta property="og:image:type" content="image/jpeg" />
<meta name="twitter:card" content="summary_large_image" />
<meta name="twitter:label1" content="Durée de lecture estimée" />
	<meta name="twitter:data1" content="2 minutes" />
<script type="application/ld+json" class="yoast-schema-graph">{"@context":"https://schema.org","@graph":[{"@type":"WebPage","@id":"https://caf-rapport-activite.fr/caf16-2023/temp-fort/une-convention-de-partenariat-signee-avec-pole-emploi/","url":"https://caf-rapport-activite.fr/caf16-2023/temp-fort/une-convention-de-partenariat-signee-avec-pole-emploi/","name":"Une convention de partenariat signée avec Pôle Emploi","isPartOf":{"@id":"https://caf-rapport-activite.fr/caf16-2023/#website"},"datePublished":"2023-02-16T09:53:00+00:00","dateModified":"2024-05-27T09:13:36+00:00","description":"Les équipes de Pôle Emploi et de la Caf ont signé vendredi 24 février une convention partenariale et renforcent ainsi leur collaboration. ​​","breadcrumb":{"@id":"https://caf-rapport-activite.fr/caf16-2023/temp-fort/une-convention-de-partenariat-signee-avec-pole-emploi/#breadcrumb"},"inLanguage":"fr-FR","potentialAction":[{"@type":"ReadAction","target":["https://caf-rapport-activite.fr/caf16-2023/temp-fort/une-convention-de-partenariat-signee-avec-pole-emploi/"]}]},{"@type":"BreadcrumbList","@id":"https://caf-rapport-activite.fr/caf16-2023/temp-fort/une-convention-de-partenariat-signee-avec-pole-emploi/#breadcrumb","itemListElement":[{"@type":"ListItem","position":1,"name":"Accueil","item":"https://caf-rapport-activite.fr/caf16-2023/"},{"@type":"ListItem","position":2,"name":"Temps forts","item":"https://caf-rapport-activite.fr/caf16-2023/temp-fort/"},{"@type":"ListItem","position":3,"name":"Une convention de partenariat signée avec Pôle Emploi"}]},{"@type":"WebSite","@id":"https://caf-rapport-activite.fr/caf16-2023/#website","url":"https://caf-rapport-activite.fr/caf16-2023/","name":"Caf16 - 2023","description":"","potentialAction":[{"@type":"SearchAction","target":{"@type":"EntryPoint","urlTemplate":"https://caf-rapport-activite.fr/caf16-2023/?s={search_term_string}"},"query-input":"required name=search_term_string"}],"inLanguage":"fr-FR"}]}</script>
<!-- / Yoast SEO plugin. -->

Les équipes de Pôle Emploi et de la Caf ont signé vendredi 24 février une convention partenariale et renforcent ainsi leur collaboration. ​​
