{"id":1113,"date":"2023-09-16T10:47:00","date_gmt":"2023-09-16T08:47:00","guid":{"rendered":"https:\/\/caf-rapport-activite.fr\/caf16-2023\/?post_type=temp-fort&#038;p=1113"},"modified":"2024-05-27T15:48:13","modified_gmt":"2024-05-27T13:48:13","slug":"collecte-de-produits-dhygiene-et-dentretien-pour-des-etudiants-charentais","status":"publish","type":"temp-fort","link":"https:\/\/caf-rapport-activite.fr\/caf16-2023\/temp-fort\/collecte-de-produits-dhygiene-et-dentretien-pour-des-etudiants-charentais\/","title":{"rendered":"Collectes solidaires au profit des \u00e9tudiants charentais"},"content":{"rendered":"\n<p> Afin de poursuivre la dynamique partenariale engag\u00e9e avec le SCCUC aux c\u00f4t\u00e9s de la CPAM, deux nouvelles collectes ont \u00e9t\u00e9 organis\u00e9es en 2023, au profit des \u00e9tudiants charentais.<\/p>\n\n\n\n<div class=\"wp-block-media-text alignwide has-media-on-the-right is-stacked-on-mobile\" style=\"grid-template-columns:auto 32%\"><div class=\"wp-block-media-text__content\">\n<h3>Une collecte de produits d&rsquo;hygi\u00e8ne et d&rsquo;entretien en janvier<\/h3>\n\n\n\n<p><strong>L\u2019\u00e9picerie solidaire du SCCUC<\/strong>, est une \u00e9picerie associative qui permet aux 160 \u00e9tudiants b\u00e9n\u00e9ficiaires de venir acheter des produits alimentaires, des produits d&rsquo;hygi\u00e8ne et d&rsquo;entretien \u00e0 10 % de leur prix. C\u2019est pour ces derniers, plus rares sur les \u00e9tals de l\u2019\u00e9picerie, qu\u2019une collecte a ainsi \u00e9t\u00e9 mise en place.\u00a0<strong>150 articles<\/strong>\u00a0(brosses \u00e0 dents, dentifrices, savons, gels douches, shampoing, lessives\u2026)\u00a0<strong>ont \u00e9t\u00e9 r\u00e9colt\u00e9s\u00a0du 15 d\u00e9cembre 2022 au 15 janvier 2023<\/strong>.\u00a0<\/p>\n<\/div><figure class=\"wp-block-media-text__media\"><img decoding=\"async\" loading=\"lazy\" width=\"400\" height=\"266\" src=\"https:\/\/caf-rapport-activite.fr\/caf16-2023\/wp-content\/uploads\/sites\/14\/2024\/05\/Collecteetudiant.png2_.png\" alt=\"\" class=\"wp-image-1161 size-full\" srcset=\"https:\/\/caf-rapport-activite.fr\/caf16-2023\/wp-content\/uploads\/sites\/14\/2024\/05\/Collecteetudiant.png2_.png 400w, https:\/\/caf-rapport-activite.fr\/caf16-2023\/wp-content\/uploads\/sites\/14\/2024\/05\/Collecteetudiant.png2_-300x200.png 300w\" sizes=\"(max-width: 400px) 100vw, 400px\" \/><\/figure><\/div>\n\n\n\n<div class=\"wp-block-media-text alignwide is-stacked-on-mobile\" style=\"grid-template-columns:32% auto\"><figure class=\"wp-block-media-text__media\"><img decoding=\"async\" loading=\"lazy\" width=\"1024\" height=\"1024\" src=\"https:\/\/caf-rapport-activite.fr\/caf16-2023\/wp-content\/uploads\/sites\/14\/2024\/05\/Collecte-etudiante2-1024x1024.jpg\" alt=\"\" class=\"wp-image-1218 size-full\" srcset=\"https:\/\/caf-rapport-activite.fr\/caf16-2023\/wp-content\/uploads\/sites\/14\/2024\/05\/Collecte-etudiante2-1024x1024.jpg 1024w, https:\/\/caf-rapport-activite.fr\/caf16-2023\/wp-content\/uploads\/sites\/14\/2024\/05\/Collecte-etudiante2-300x300.jpg 300w, https:\/\/caf-rapport-activite.fr\/caf16-2023\/wp-content\/uploads\/sites\/14\/2024\/05\/Collecte-etudiante2-150x150.jpg 150w, https:\/\/caf-rapport-activite.fr\/caf16-2023\/wp-content\/uploads\/sites\/14\/2024\/05\/Collecte-etudiante2-768x768.jpg 768w, https:\/\/caf-rapport-activite.fr\/caf16-2023\/wp-content\/uploads\/sites\/14\/2024\/05\/Collecte-etudiante2.jpg 1200w\" sizes=\"(max-width: 1024px) 100vw, 1024px\" \/><\/figure><div class=\"wp-block-media-text__content\">\n<h3>Une collecte d&rsquo;ustensiles de cuisine en septembre<\/h3>\n\n\n\n<p>Plus de 100 d\u2019ustensiles de cuisine (casseroles, po\u00eales, cocottes, passoires, louches et cuill\u00e8res en tout genre\u2026) ont \u00e9t\u00e9 remis au <a href=\"https:\/\/www.sccuc.fr\/\" target=\"_blank\" rel=\"noreferrer noopener\">SCCUC<\/a> le 8 septembre 2023 gr\u00e2ce \u00e0 la g\u00e9n\u00e9rosit\u00e9 et \u00e0 l&rsquo;engagement de nos agents.<\/p>\n<\/div><\/div>\n\n\n\n<p><\/p>\n\n\n\n<div class=\"is-content-justification-center is-layout-flex wp-container-1 wp-block-buttons\"><\/div>\n","protected":false},"excerpt":{"rendered":"<p>Afin de poursuivre la dynamique partenariale engag\u00e9e avec le SCCUC aux c\u00f4t\u00e9s de la CPAM, deux nouvelles collectes ont \u00e9t\u00e9 [&hellip;]<\/p>\n","protected":false},"featured_media":1161,"parent":0,"menu_order":27,"template":"","activite":[],"yoast_head":"<!-- This site is optimized with the Yoast SEO plugin v19.11 - https:\/\/yoast.com\/wordpress\/plugins\/seo\/ -->\n<title>Collectes solidaires au profit des \u00e9tudiants charentais<\/title>\n<meta name=\"description\" content=\"Afin de poursuivre la dynamique partenariale engag\u00e9e avec le SCCUC aux c\u00f4t\u00e9s de la CPAM, deux nouvelles collectes ont \u00e9t\u00e9 organis\u00e9es en 2023, au profit des \u00e9tudiants charentais.\" \/>\n<meta name=\"robots\" content=\"index, follow, max-snippet:-1, max-image-preview:large, max-video-preview:-1\" \/>\n<link rel=\"canonical\" href=\"https:\/\/caf-rapport-activite.fr\/caf16-2023\/temp-fort\/collecte-de-produits-dhygiene-et-dentretien-pour-des-etudiants-charentais\/\" \/>\n<meta property=\"og:locale\" content=\"fr_FR\" \/>\n<meta property=\"og:type\" content=\"article\" \/>\n<meta property=\"og:title\" content=\"Collectes solidaires au profit des \u00e9tudiants charentais\" \/>\n<meta property=\"og:description\" content=\"Afin de poursuivre la dynamique partenariale engag\u00e9e avec le SCCUC aux c\u00f4t\u00e9s de la CPAM, deux nouvelles collectes ont \u00e9t\u00e9 organis\u00e9es en 2023, au profit des \u00e9tudiants charentais.\" \/>\n<meta property=\"og:url\" content=\"https:\/\/caf-rapport-activite.fr\/caf16-2023\/temp-fort\/collecte-de-produits-dhygiene-et-dentretien-pour-des-etudiants-charentais\/\" \/>\n<meta property=\"og:site_name\" content=\"Caf16 - 2023\" \/>\n<meta property=\"article:modified_time\" content=\"2024-05-27T13:48:13+00:00\" \/>\n<meta property=\"og:image\" content=\"https:\/\/caf-rapport-activite.fr\/caf16-2023\/wp-content\/uploads\/sites\/14\/2024\/05\/Collecteetudiant.png2_.png\" \/>\n\t<meta property=\"og:image:width\" content=\"400\" \/>\n\t<meta property=\"og:image:height\" content=\"266\" \/>\n\t<meta property=\"og:image:type\" content=\"image\/png\" \/>\n<meta name=\"twitter:card\" content=\"summary_large_image\" \/>\n<meta name=\"twitter:label1\" content=\"Dur\u00e9e de lecture estim\u00e9e\" \/>\n\t<meta name=\"twitter:data1\" content=\"2 minutes\" \/>\n<script type=\"application\/ld+json\" class=\"yoast-schema-graph\">{\"@context\":\"https:\/\/schema.org\",\"@graph\":[{\"@type\":\"WebPage\",\"@id\":\"https:\/\/caf-rapport-activite.fr\/caf16-2023\/temp-fort\/collecte-de-produits-dhygiene-et-dentretien-pour-des-etudiants-charentais\/\",\"url\":\"https:\/\/caf-rapport-activite.fr\/caf16-2023\/temp-fort\/collecte-de-produits-dhygiene-et-dentretien-pour-des-etudiants-charentais\/\",\"name\":\"Collectes solidaires au profit des \u00e9tudiants charentais\",\"isPartOf\":{\"@id\":\"https:\/\/caf-rapport-activite.fr\/caf16-2023\/#website\"},\"datePublished\":\"2023-09-16T08:47:00+00:00\",\"dateModified\":\"2024-05-27T13:48:13+00:00\",\"description\":\"Afin de poursuivre la dynamique partenariale engag\u00e9e avec le SCCUC aux c\u00f4t\u00e9s de la CPAM, deux nouvelles collectes ont \u00e9t\u00e9 organis\u00e9es en 2023, au profit des \u00e9tudiants charentais.\",\"breadcrumb\":{\"@id\":\"https:\/\/caf-rapport-activite.fr\/caf16-2023\/temp-fort\/collecte-de-produits-dhygiene-et-dentretien-pour-des-etudiants-charentais\/#breadcrumb\"},\"inLanguage\":\"fr-FR\",\"potentialAction\":[{\"@type\":\"ReadAction\",\"target\":[\"https:\/\/caf-rapport-activite.fr\/caf16-2023\/temp-fort\/collecte-de-produits-dhygiene-et-dentretien-pour-des-etudiants-charentais\/\"]}]},{\"@type\":\"BreadcrumbList\",\"@id\":\"https:\/\/caf-rapport-activite.fr\/caf16-2023\/temp-fort\/collecte-de-produits-dhygiene-et-dentretien-pour-des-etudiants-charentais\/#breadcrumb\",\"itemListElement\":[{\"@type\":\"ListItem\",\"position\":1,\"name\":\"Accueil\",\"item\":\"https:\/\/caf-rapport-activite.fr\/caf16-2023\/\"},{\"@type\":\"ListItem\",\"position\":2,\"name\":\"Temps forts\",\"item\":\"https:\/\/caf-rapport-activite.fr\/caf16-2023\/temp-fort\/\"},{\"@type\":\"ListItem\",\"position\":3,\"name\":\"Collectes solidaires au profit des \u00e9tudiants charentais\"}]},{\"@type\":\"WebSite\",\"@id\":\"https:\/\/caf-rapport-activite.fr\/caf16-2023\/#website\",\"url\":\"https:\/\/caf-rapport-activite.fr\/caf16-2023\/\",\"name\":\"Caf16 - 2023\",\"description\":\"\",\"potentialAction\":[{\"@type\":\"SearchAction\",\"target\":{\"@type\":\"EntryPoint\",\"urlTemplate\":\"https:\/\/caf-rapport-activite.fr\/caf16-2023\/?s={search_term_string}\"},\"query-input\":\"required name=search_term_string\"}],\"inLanguage\":\"fr-FR\"}]}<\/script>\n<!-- \/ Yoast SEO plugin. -->","yoast_head_json":{"title":"Collectes solidaires au profit des \u00e9tudiants charentais","description":"Afin de poursuivre la dynamique partenariale engag\u00e9e avec le SCCUC aux c\u00f4t\u00e9s de la CPAM, deux nouvelles collectes ont \u00e9t\u00e9 organis\u00e9es en 2023, au profit des \u00e9tudiants charentais.","robots":{"index":"index","follow":"follow","max-snippet":"max-snippet:-1","max-image-preview":"max-image-preview:large","max-video-preview":"max-video-preview:-1"},"canonical":"https:\/\/caf-rapport-activite.fr\/caf16-2023\/temp-fort\/collecte-de-produits-dhygiene-et-dentretien-pour-des-etudiants-charentais\/","og_locale":"fr_FR","og_type":"article","og_title":"Collectes solidaires au profit des \u00e9tudiants charentais","og_description":"Afin de poursuivre la dynamique partenariale engag\u00e9e avec le SCCUC aux c\u00f4t\u00e9s de la CPAM, deux nouvelles collectes ont \u00e9t\u00e9 organis\u00e9es en 2023, au profit des \u00e9tudiants charentais.","og_url":"https:\/\/caf-rapport-activite.fr\/caf16-2023\/temp-fort\/collecte-de-produits-dhygiene-et-dentretien-pour-des-etudiants-charentais\/","og_site_name":"Caf16 - 2023","article_modified_time":"2024-05-27T13:48:13+00:00","og_image":[{"width":400,"height":266,"url":"https:\/\/caf-rapport-activite.fr\/caf16-2023\/wp-content\/uploads\/sites\/14\/2024\/05\/Collecteetudiant.png2_.png","type":"image\/png"}],"twitter_card":"summary_large_image","twitter_misc":{"Dur\u00e9e de lecture estim\u00e9e":"2 minutes"},"schema":{"@context":"https:\/\/schema.org","@graph":[{"@type":"WebPage","@id":"https:\/\/caf-rapport-activite.fr\/caf16-2023\/temp-fort\/collecte-de-produits-dhygiene-et-dentretien-pour-des-etudiants-charentais\/","url":"https:\/\/caf-rapport-activite.fr\/caf16-2023\/temp-fort\/collecte-de-produits-dhygiene-et-dentretien-pour-des-etudiants-charentais\/","name":"Collectes solidaires au profit des \u00e9tudiants charentais","isPartOf":{"@id":"https:\/\/caf-rapport-activite.fr\/caf16-2023\/#website"},"datePublished":"2023-09-16T08:47:00+00:00","dateModified":"2024-05-27T13:48:13+00:00","description":"Afin de poursuivre la dynamique partenariale engag\u00e9e avec le SCCUC aux c\u00f4t\u00e9s de la CPAM, deux nouvelles collectes ont \u00e9t\u00e9 organis\u00e9es en 2023, au profit des \u00e9tudiants charentais.","breadcrumb":{"@id":"https:\/\/caf-rapport-activite.fr\/caf16-2023\/temp-fort\/collecte-de-produits-dhygiene-et-dentretien-pour-des-etudiants-charentais\/#breadcrumb"},"inLanguage":"fr-FR","potentialAction":[{"@type":"ReadAction","target":["https:\/\/caf-rapport-activite.fr\/caf16-2023\/temp-fort\/collecte-de-produits-dhygiene-et-dentretien-pour-des-etudiants-charentais\/"]}]},{"@type":"BreadcrumbList","@id":"https:\/\/caf-rapport-activite.fr\/caf16-2023\/temp-fort\/collecte-de-produits-dhygiene-et-dentretien-pour-des-etudiants-charentais\/#breadcrumb","itemListElement":[{"@type":"ListItem","position":1,"name":"Accueil","item":"https:\/\/caf-rapport-activite.fr\/caf16-2023\/"},{"@type":"ListItem","position":2,"name":"Temps forts","item":"https:\/\/caf-rapport-activite.fr\/caf16-2023\/temp-fort\/"},{"@type":"ListItem","position":3,"name":"Collectes solidaires au profit des \u00e9tudiants charentais"}]},{"@type":"WebSite","@id":"https:\/\/caf-rapport-activite.fr\/caf16-2023\/#website","url":"https:\/\/caf-rapport-activite.fr\/caf16-2023\/","name":"Caf16 - 2023","description":"","potentialAction":[{"@type":"SearchAction","target":{"@type":"EntryPoint","urlTemplate":"https:\/\/caf-rapport-activite.fr\/caf16-2023\/?s={search_term_string}"},"query-input":"required name=search_term_string"}],"inLanguage":"fr-FR"}]}},"_links":{"self":[{"href":"https:\/\/caf-rapport-activite.fr\/caf16-2023\/wp-json\/wp\/v2\/temp-fort\/1113"}],"collection":[{"href":"https:\/\/caf-rapport-activite.fr\/caf16-2023\/wp-json\/wp\/v2\/temp-fort"}],"about":[{"href":"https:\/\/caf-rapport-activite.fr\/caf16-2023\/wp-json\/wp\/v2\/types\/temp-fort"}],"wp:featuredmedia":[{"embeddable":true,"href":"https:\/\/caf-rapport-activite.fr\/caf16-2023\/wp-json\/wp\/v2\/media\/1161"}],"wp:attachment":[{"href":"https:\/\/caf-rapport-activite.fr\/caf16-2023\/wp-json\/wp\/v2\/media?parent=1113"}],"wp:term":[{"taxonomy":"activite","embeddable":true,"href":"https:\/\/caf-rapport-activite.fr\/caf16-2023\/wp-json\/wp\/v2\/activite?post=1113"}],"curies":[{"name":"wp","href":"https:\/\/api.w.org\/{rel}","templated":true}]}}

Collectes solidaires au profit des étudiants charentais

<p> Afin de poursuivre la dynamique partenariale engagée avec le SCCUC aux côtés de la CPAM, deux nouvelles collectes ont été organisées en 2023, au profit des étudiants charentais.</p>



<div class="wp-block-media-text alignwide has-media-on-the-right is-stacked-on-mobile" style="grid-template-columns:auto 32%"><div class="wp-block-media-text__content">
<h3>Une collecte de produits d&rsquo;hygiène et d&rsquo;entretien en janvier</h3>



<p><strong>L’épicerie solidaire du SCCUC</strong>, est une épicerie associative qui permet aux 160 étudiants bénéficiaires de venir acheter des produits alimentaires, des produits d&rsquo;hygiène et d&rsquo;entretien à 10 % de leur prix. C’est pour ces derniers, plus rares sur les étals de l’épicerie, qu’une collecte a ainsi été mise en place. <strong>150 articles</strong> (brosses à dents, dentifrices, savons, gels douches, shampoing, lessives…) <strong>ont été récoltés du 15 décembre 2022 au 15 janvier 2023</strong>. </p>
</div><figure class="wp-block-media-text__media"><img decoding="async" loading="lazy" width="400" height="266" src="https://caf-rapport-activite.fr/caf16-2023/wp-content/uploads/sites/14/2024/05/Collecteetudiant.png2_.png" alt="" class="wp-image-1161 size-full" srcset="https://caf-rapport-activite.fr/caf16-2023/wp-content/uploads/sites/14/2024/05/Collecteetudiant.png2_.png 400w, https://caf-rapport-activite.fr/caf16-2023/wp-content/uploads/sites/14/2024/05/Collecteetudiant.png2_-300x200.png 300w" sizes="(max-width: 400px) 100vw, 400px" /></figure></div>



<div class="wp-block-media-text alignwide is-stacked-on-mobile" style="grid-template-columns:32% auto"><figure class="wp-block-media-text__media"><img decoding="async" loading="lazy" width="1024" height="1024" src="https://caf-rapport-activite.fr/caf16-2023/wp-content/uploads/sites/14/2024/05/Collecte-etudiante2-1024x1024.jpg" alt="" class="wp-image-1218 size-full" srcset="https://caf-rapport-activite.fr/caf16-2023/wp-content/uploads/sites/14/2024/05/Collecte-etudiante2-1024x1024.jpg 1024w, https://caf-rapport-activite.fr/caf16-2023/wp-content/uploads/sites/14/2024/05/Collecte-etudiante2-300x300.jpg 300w, https://caf-rapport-activite.fr/caf16-2023/wp-content/uploads/sites/14/2024/05/Collecte-etudiante2-150x150.jpg 150w, https://caf-rapport-activite.fr/caf16-2023/wp-content/uploads/sites/14/2024/05/Collecte-etudiante2-768x768.jpg 768w, https://caf-rapport-activite.fr/caf16-2023/wp-content/uploads/sites/14/2024/05/Collecte-etudiante2.jpg 1200w" sizes="(max-width: 1024px) 100vw, 1024px" /></figure><div class="wp-block-media-text__content">
<h3>Une collecte d&rsquo;ustensiles de cuisine en septembre</h3>



<p>Plus de 100 d’ustensiles de cuisine (casseroles, poêles, cocottes, passoires, louches et cuillères en tout genre…) ont été remis au <a href="https://www.sccuc.fr/" target="_blank" rel="noreferrer noopener">SCCUC</a> le 8 septembre 2023 grâce à la générosité et à l&rsquo;engagement de nos agents.</p>
</div></div>



<p></p>



<div class="is-content-justification-center is-layout-flex wp-container-1 wp-block-buttons"></div>

<p>Afin de poursuivre la dynamique partenariale engagée avec le SCCUC aux côtés de la CPAM, deux nouvelles collectes ont été [&hellip;]</p>

<!-- This site is optimized with the Yoast SEO plugin v19.11 - https://yoast.com/wordpress/plugins/seo/ -->
<title>Collectes solidaires au profit des étudiants charentais</title>
<meta name="description" content="Afin de poursuivre la dynamique partenariale engagée avec le SCCUC aux côtés de la CPAM, deux nouvelles collectes ont été organisées en 2023, au profit des étudiants charentais." />
<meta name="robots" content="index, follow, max-snippet:-1, max-image-preview:large, max-video-preview:-1" />
<link rel="canonical" href="https://caf-rapport-activite.fr/caf16-2023/temp-fort/collecte-de-produits-dhygiene-et-dentretien-pour-des-etudiants-charentais/" />
<meta property="og:locale" content="fr_FR" />
<meta property="og:type" content="article" />
<meta property="og:title" content="Collectes solidaires au profit des étudiants charentais" />
<meta property="og:description" content="Afin de poursuivre la dynamique partenariale engagée avec le SCCUC aux côtés de la CPAM, deux nouvelles collectes ont été organisées en 2023, au profit des étudiants charentais." />
<meta property="og:url" content="https://caf-rapport-activite.fr/caf16-2023/temp-fort/collecte-de-produits-dhygiene-et-dentretien-pour-des-etudiants-charentais/" />
<meta property="og:site_name" content="Caf16 - 2023" />
<meta property="article:modified_time" content="2024-05-27T13:48:13+00:00" />
<meta property="og:image" content="https://caf-rapport-activite.fr/caf16-2023/wp-content/uploads/sites/14/2024/05/Collecteetudiant.png2_.png" />
	<meta property="og:image:width" content="400" />
	<meta property="og:image:height" content="266" />
	<meta property="og:image:type" content="image/png" />
<meta name="twitter:card" content="summary_large_image" />
<meta name="twitter:label1" content="Durée de lecture estimée" />
	<meta name="twitter:data1" content="2 minutes" />
<script type="application/ld+json" class="yoast-schema-graph">{"@context":"https://schema.org","@graph":[{"@type":"WebPage","@id":"https://caf-rapport-activite.fr/caf16-2023/temp-fort/collecte-de-produits-dhygiene-et-dentretien-pour-des-etudiants-charentais/","url":"https://caf-rapport-activite.fr/caf16-2023/temp-fort/collecte-de-produits-dhygiene-et-dentretien-pour-des-etudiants-charentais/","name":"Collectes solidaires au profit des étudiants charentais","isPartOf":{"@id":"https://caf-rapport-activite.fr/caf16-2023/#website"},"datePublished":"2023-09-16T08:47:00+00:00","dateModified":"2024-05-27T13:48:13+00:00","description":"Afin de poursuivre la dynamique partenariale engagée avec le SCCUC aux côtés de la CPAM, deux nouvelles collectes ont été organisées en 2023, au profit des étudiants charentais.","breadcrumb":{"@id":"https://caf-rapport-activite.fr/caf16-2023/temp-fort/collecte-de-produits-dhygiene-et-dentretien-pour-des-etudiants-charentais/#breadcrumb"},"inLanguage":"fr-FR","potentialAction":[{"@type":"ReadAction","target":["https://caf-rapport-activite.fr/caf16-2023/temp-fort/collecte-de-produits-dhygiene-et-dentretien-pour-des-etudiants-charentais/"]}]},{"@type":"BreadcrumbList","@id":"https://caf-rapport-activite.fr/caf16-2023/temp-fort/collecte-de-produits-dhygiene-et-dentretien-pour-des-etudiants-charentais/#breadcrumb","itemListElement":[{"@type":"ListItem","position":1,"name":"Accueil","item":"https://caf-rapport-activite.fr/caf16-2023/"},{"@type":"ListItem","position":2,"name":"Temps forts","item":"https://caf-rapport-activite.fr/caf16-2023/temp-fort/"},{"@type":"ListItem","position":3,"name":"Collectes solidaires au profit des étudiants charentais"}]},{"@type":"WebSite","@id":"https://caf-rapport-activite.fr/caf16-2023/#website","url":"https://caf-rapport-activite.fr/caf16-2023/","name":"Caf16 - 2023","description":"","potentialAction":[{"@type":"SearchAction","target":{"@type":"EntryPoint","urlTemplate":"https://caf-rapport-activite.fr/caf16-2023/?s={search_term_string}"},"query-input":"required name=search_term_string"}],"inLanguage":"fr-FR"}]}</script>
<!-- / Yoast SEO plugin. -->

Afin de poursuivre la dynamique partenariale engagée avec le SCCUC aux côtés de la CPAM, deux nouvelles collectes ont été organisées en 2023, au profit des étudiants charentais.
