{"id":1104,"date":"2023-01-16T10:30:00","date_gmt":"2023-01-16T09:30:00","guid":{"rendered":"https:\/\/caf-rapport-activite.fr\/caf16-2023\/?post_type=temp-fort&#038;p=1104"},"modified":"2024-05-27T10:43:34","modified_gmt":"2024-05-27T08:43:34","slug":"lancement-de-votre-nouvelle-application-covoiturage","status":"publish","type":"temp-fort","link":"https:\/\/caf-rapport-activite.fr\/caf16-2023\/temp-fort\/lancement-de-votre-nouvelle-application-covoiturage\/","title":{"rendered":"Une plateforme de covoiturage pour les collaborateurs"},"content":{"rendered":"\n<div class=\"is-layout-flex wp-container-2 wp-block-columns\">\n<div class=\"is-layout-flow wp-block-column\">\n<p>Agir au quotidien, c&rsquo;est \u00e9galement&nbsp;\u00ab\u00a0Contribuer \u00e0 une transformation durable de nos organisations\u00a0\u00bb, l&rsquo;un des 4 chantiers majeurs engag\u00e9 en 2023 par la Caf de la Charente.&nbsp;<\/p>\n\n\n\n<p>Parmi les pistes d&rsquo;actions envisag\u00e9es : <strong>d\u00e9velopper le co-voiturage<\/strong> en r\u00e9ponse notamment \u00e0 la&nbsp;quarantaine de collaborateurs ayant exprim\u00e9 leur int\u00e9r\u00eat pour cette solution de transport lors de l&rsquo;enqu\u00eate interne lanc\u00e9e en juin.<\/p>\n\n\n\n<div class=\"wp-block-media-text alignwide is-stacked-on-mobile\" style=\"grid-template-columns:32% auto\"><figure class=\"wp-block-media-text__media\"><img decoding=\"async\" loading=\"lazy\" width=\"1024\" height=\"602\" src=\"https:\/\/caf-rapport-activite.fr\/caf16-2023\/wp-content\/uploads\/sites\/14\/2024\/05\/2023.TempsForts-Covoiturage-1024x602.png\" alt=\"\" class=\"wp-image-1105 size-full\" srcset=\"https:\/\/caf-rapport-activite.fr\/caf16-2023\/wp-content\/uploads\/sites\/14\/2024\/05\/2023.TempsForts-Covoiturage-1024x602.png 1024w, https:\/\/caf-rapport-activite.fr\/caf16-2023\/wp-content\/uploads\/sites\/14\/2024\/05\/2023.TempsForts-Covoiturage-300x177.png 300w, https:\/\/caf-rapport-activite.fr\/caf16-2023\/wp-content\/uploads\/sites\/14\/2024\/05\/2023.TempsForts-Covoiturage-768x452.png 768w, https:\/\/caf-rapport-activite.fr\/caf16-2023\/wp-content\/uploads\/sites\/14\/2024\/05\/2023.TempsForts-Covoiturage-1536x904.png 1536w, https:\/\/caf-rapport-activite.fr\/caf16-2023\/wp-content\/uploads\/sites\/14\/2024\/05\/2023.TempsForts-Covoiturage.png 1664w\" sizes=\"(max-width: 1024px) 100vw, 1024px\" \/><\/figure><div class=\"wp-block-media-text__content\">\n<p>Pour r\u00e9pondre \u00e0 cette attente (et pourquoi pas en susciter de nouvelles), la Caf de la Charente a mis a disposition de l&rsquo;ensemble des collaborateurs une plateforme facilitant la  mise en relation de conducteurs.<\/p>\n<\/div><\/div>\n<\/div>\n<\/div>\n\n\n\n<p>L&rsquo;objectif ? Simplifier leurs d\u00e9placements tout en favorisant une approche \u00e0 la fois sociale et \u00e9cologique.<\/p>\n","protected":false},"excerpt":{"rendered":"<p>Agir au quotidien, c&rsquo;est \u00e9galement&nbsp;\u00ab\u00a0Contribuer \u00e0 une transformation durable de nos organisations\u00a0\u00bb, l&rsquo;un des 4 chantiers majeurs engag\u00e9 en 2023 [&hellip;]<\/p>\n","protected":false},"featured_media":1105,"parent":0,"menu_order":28,"template":"","activite":[],"yoast_head":"<!-- This site is optimized with the Yoast SEO plugin v19.11 - https:\/\/yoast.com\/wordpress\/plugins\/seo\/ -->\n<title>Une plateforme de covoiturage pour les collaborateurs<\/title>\n<meta name=\"description\" content=\"Agir au quotidien, c&#039;est &quot;Contribuer \u00e0 une transformation durable de nos organisations&quot;, l&#039;un des 4 chantiers majeurs engag\u00e9 en 2023\" \/>\n<meta name=\"robots\" content=\"index, follow, max-snippet:-1, max-image-preview:large, max-video-preview:-1\" \/>\n<link rel=\"canonical\" href=\"https:\/\/caf-rapport-activite.fr\/caf16-2023\/temp-fort\/lancement-de-votre-nouvelle-application-covoiturage\/\" \/>\n<meta property=\"og:locale\" content=\"fr_FR\" \/>\n<meta property=\"og:type\" content=\"article\" \/>\n<meta property=\"og:title\" content=\"Une plateforme de covoiturage pour les collaborateurs\" \/>\n<meta property=\"og:description\" content=\"Agir au quotidien, c&#039;est &quot;Contribuer \u00e0 une transformation durable de nos organisations&quot;, l&#039;un des 4 chantiers majeurs engag\u00e9 en 2023\" \/>\n<meta property=\"og:url\" content=\"https:\/\/caf-rapport-activite.fr\/caf16-2023\/temp-fort\/lancement-de-votre-nouvelle-application-covoiturage\/\" \/>\n<meta property=\"og:site_name\" content=\"Caf16 - 2023\" \/>\n<meta property=\"article:modified_time\" content=\"2024-05-27T08:43:34+00:00\" \/>\n<meta property=\"og:image\" content=\"https:\/\/caf-rapport-activite.fr\/caf16-2023\/wp-content\/uploads\/sites\/14\/2024\/05\/2023.TempsForts-Covoiturage.png\" \/>\n\t<meta property=\"og:image:width\" content=\"1664\" \/>\n\t<meta property=\"og:image:height\" content=\"979\" \/>\n\t<meta property=\"og:image:type\" content=\"image\/png\" \/>\n<meta name=\"twitter:card\" content=\"summary_large_image\" \/>\n<meta name=\"twitter:label1\" content=\"Dur\u00e9e de lecture estim\u00e9e\" \/>\n\t<meta name=\"twitter:data1\" content=\"1 minute\" \/>\n<script type=\"application\/ld+json\" class=\"yoast-schema-graph\">{\"@context\":\"https:\/\/schema.org\",\"@graph\":[{\"@type\":\"WebPage\",\"@id\":\"https:\/\/caf-rapport-activite.fr\/caf16-2023\/temp-fort\/lancement-de-votre-nouvelle-application-covoiturage\/\",\"url\":\"https:\/\/caf-rapport-activite.fr\/caf16-2023\/temp-fort\/lancement-de-votre-nouvelle-application-covoiturage\/\",\"name\":\"Une plateforme de covoiturage pour les collaborateurs\",\"isPartOf\":{\"@id\":\"https:\/\/caf-rapport-activite.fr\/caf16-2023\/#website\"},\"datePublished\":\"2023-01-16T09:30:00+00:00\",\"dateModified\":\"2024-05-27T08:43:34+00:00\",\"description\":\"Agir au quotidien, c'est \\\"Contribuer \u00e0 une transformation durable de nos organisations\\\", l'un des 4 chantiers majeurs engag\u00e9 en 2023\",\"breadcrumb\":{\"@id\":\"https:\/\/caf-rapport-activite.fr\/caf16-2023\/temp-fort\/lancement-de-votre-nouvelle-application-covoiturage\/#breadcrumb\"},\"inLanguage\":\"fr-FR\",\"potentialAction\":[{\"@type\":\"ReadAction\",\"target\":[\"https:\/\/caf-rapport-activite.fr\/caf16-2023\/temp-fort\/lancement-de-votre-nouvelle-application-covoiturage\/\"]}]},{\"@type\":\"BreadcrumbList\",\"@id\":\"https:\/\/caf-rapport-activite.fr\/caf16-2023\/temp-fort\/lancement-de-votre-nouvelle-application-covoiturage\/#breadcrumb\",\"itemListElement\":[{\"@type\":\"ListItem\",\"position\":1,\"name\":\"Accueil\",\"item\":\"https:\/\/caf-rapport-activite.fr\/caf16-2023\/\"},{\"@type\":\"ListItem\",\"position\":2,\"name\":\"Temps forts\",\"item\":\"https:\/\/caf-rapport-activite.fr\/caf16-2023\/temp-fort\/\"},{\"@type\":\"ListItem\",\"position\":3,\"name\":\"Une plateforme de covoiturage pour les collaborateurs\"}]},{\"@type\":\"WebSite\",\"@id\":\"https:\/\/caf-rapport-activite.fr\/caf16-2023\/#website\",\"url\":\"https:\/\/caf-rapport-activite.fr\/caf16-2023\/\",\"name\":\"Caf16 - 2023\",\"description\":\"\",\"potentialAction\":[{\"@type\":\"SearchAction\",\"target\":{\"@type\":\"EntryPoint\",\"urlTemplate\":\"https:\/\/caf-rapport-activite.fr\/caf16-2023\/?s={search_term_string}\"},\"query-input\":\"required name=search_term_string\"}],\"inLanguage\":\"fr-FR\"}]}<\/script>\n<!-- \/ Yoast SEO plugin. -->","yoast_head_json":{"title":"Une plateforme de covoiturage pour les collaborateurs","description":"Agir au quotidien, c'est \"Contribuer \u00e0 une transformation durable de nos organisations\", l'un des 4 chantiers majeurs engag\u00e9 en 2023","robots":{"index":"index","follow":"follow","max-snippet":"max-snippet:-1","max-image-preview":"max-image-preview:large","max-video-preview":"max-video-preview:-1"},"canonical":"https:\/\/caf-rapport-activite.fr\/caf16-2023\/temp-fort\/lancement-de-votre-nouvelle-application-covoiturage\/","og_locale":"fr_FR","og_type":"article","og_title":"Une plateforme de covoiturage pour les collaborateurs","og_description":"Agir au quotidien, c'est \"Contribuer \u00e0 une transformation durable de nos organisations\", l'un des 4 chantiers majeurs engag\u00e9 en 2023","og_url":"https:\/\/caf-rapport-activite.fr\/caf16-2023\/temp-fort\/lancement-de-votre-nouvelle-application-covoiturage\/","og_site_name":"Caf16 - 2023","article_modified_time":"2024-05-27T08:43:34+00:00","og_image":[{"width":1664,"height":979,"url":"https:\/\/caf-rapport-activite.fr\/caf16-2023\/wp-content\/uploads\/sites\/14\/2024\/05\/2023.TempsForts-Covoiturage.png","type":"image\/png"}],"twitter_card":"summary_large_image","twitter_misc":{"Dur\u00e9e de lecture estim\u00e9e":"1 minute"},"schema":{"@context":"https:\/\/schema.org","@graph":[{"@type":"WebPage","@id":"https:\/\/caf-rapport-activite.fr\/caf16-2023\/temp-fort\/lancement-de-votre-nouvelle-application-covoiturage\/","url":"https:\/\/caf-rapport-activite.fr\/caf16-2023\/temp-fort\/lancement-de-votre-nouvelle-application-covoiturage\/","name":"Une plateforme de covoiturage pour les collaborateurs","isPartOf":{"@id":"https:\/\/caf-rapport-activite.fr\/caf16-2023\/#website"},"datePublished":"2023-01-16T09:30:00+00:00","dateModified":"2024-05-27T08:43:34+00:00","description":"Agir au quotidien, c'est \"Contribuer \u00e0 une transformation durable de nos organisations\", l'un des 4 chantiers majeurs engag\u00e9 en 2023","breadcrumb":{"@id":"https:\/\/caf-rapport-activite.fr\/caf16-2023\/temp-fort\/lancement-de-votre-nouvelle-application-covoiturage\/#breadcrumb"},"inLanguage":"fr-FR","potentialAction":[{"@type":"ReadAction","target":["https:\/\/caf-rapport-activite.fr\/caf16-2023\/temp-fort\/lancement-de-votre-nouvelle-application-covoiturage\/"]}]},{"@type":"BreadcrumbList","@id":"https:\/\/caf-rapport-activite.fr\/caf16-2023\/temp-fort\/lancement-de-votre-nouvelle-application-covoiturage\/#breadcrumb","itemListElement":[{"@type":"ListItem","position":1,"name":"Accueil","item":"https:\/\/caf-rapport-activite.fr\/caf16-2023\/"},{"@type":"ListItem","position":2,"name":"Temps forts","item":"https:\/\/caf-rapport-activite.fr\/caf16-2023\/temp-fort\/"},{"@type":"ListItem","position":3,"name":"Une plateforme de covoiturage pour les collaborateurs"}]},{"@type":"WebSite","@id":"https:\/\/caf-rapport-activite.fr\/caf16-2023\/#website","url":"https:\/\/caf-rapport-activite.fr\/caf16-2023\/","name":"Caf16 - 2023","description":"","potentialAction":[{"@type":"SearchAction","target":{"@type":"EntryPoint","urlTemplate":"https:\/\/caf-rapport-activite.fr\/caf16-2023\/?s={search_term_string}"},"query-input":"required name=search_term_string"}],"inLanguage":"fr-FR"}]}},"_links":{"self":[{"href":"https:\/\/caf-rapport-activite.fr\/caf16-2023\/wp-json\/wp\/v2\/temp-fort\/1104"}],"collection":[{"href":"https:\/\/caf-rapport-activite.fr\/caf16-2023\/wp-json\/wp\/v2\/temp-fort"}],"about":[{"href":"https:\/\/caf-rapport-activite.fr\/caf16-2023\/wp-json\/wp\/v2\/types\/temp-fort"}],"wp:featuredmedia":[{"embeddable":true,"href":"https:\/\/caf-rapport-activite.fr\/caf16-2023\/wp-json\/wp\/v2\/media\/1105"}],"wp:attachment":[{"href":"https:\/\/caf-rapport-activite.fr\/caf16-2023\/wp-json\/wp\/v2\/media?parent=1104"}],"wp:term":[{"taxonomy":"activite","embeddable":true,"href":"https:\/\/caf-rapport-activite.fr\/caf16-2023\/wp-json\/wp\/v2\/activite?post=1104"}],"curies":[{"name":"wp","href":"https:\/\/api.w.org\/{rel}","templated":true}]}}

<div class="is-layout-flex wp-container-2 wp-block-columns">
<div class="is-layout-flow wp-block-column">
<p>Agir au quotidien, c&rsquo;est également&nbsp;« Contribuer à une transformation durable de nos organisations », l&rsquo;un des 4 chantiers majeurs engagé en 2023 par la Caf de la Charente.&nbsp;</p>



<p>Parmi les pistes d&rsquo;actions envisagées : <strong>développer le co-voiturage</strong> en réponse notamment à la&nbsp;quarantaine de collaborateurs ayant exprimé leur intérêt pour cette solution de transport lors de l&rsquo;enquête interne lancée en juin.</p>



<div class="wp-block-media-text alignwide is-stacked-on-mobile" style="grid-template-columns:32% auto"><figure class="wp-block-media-text__media"><img decoding="async" loading="lazy" width="1024" height="602" src="https://caf-rapport-activite.fr/caf16-2023/wp-content/uploads/sites/14/2024/05/2023.TempsForts-Covoiturage-1024x602.png" alt="" class="wp-image-1105 size-full" srcset="https://caf-rapport-activite.fr/caf16-2023/wp-content/uploads/sites/14/2024/05/2023.TempsForts-Covoiturage-1024x602.png 1024w, https://caf-rapport-activite.fr/caf16-2023/wp-content/uploads/sites/14/2024/05/2023.TempsForts-Covoiturage-300x177.png 300w, https://caf-rapport-activite.fr/caf16-2023/wp-content/uploads/sites/14/2024/05/2023.TempsForts-Covoiturage-768x452.png 768w, https://caf-rapport-activite.fr/caf16-2023/wp-content/uploads/sites/14/2024/05/2023.TempsForts-Covoiturage-1536x904.png 1536w, https://caf-rapport-activite.fr/caf16-2023/wp-content/uploads/sites/14/2024/05/2023.TempsForts-Covoiturage.png 1664w" sizes="(max-width: 1024px) 100vw, 1024px" /></figure><div class="wp-block-media-text__content">
<p>Pour répondre à cette attente (et pourquoi pas en susciter de nouvelles), la Caf de la Charente a mis a disposition de l&rsquo;ensemble des collaborateurs une plateforme facilitant la  mise en relation de conducteurs.</p>
</div></div>
</div>
</div>



<p>L&rsquo;objectif ? Simplifier leurs déplacements tout en favorisant une approche à la fois sociale et écologique.</p>

<p>Agir au quotidien, c&rsquo;est également&nbsp;« Contribuer à une transformation durable de nos organisations », l&rsquo;un des 4 chantiers majeurs engagé en 2023 [&hellip;]</p>

<!-- This site is optimized with the Yoast SEO plugin v19.11 - https://yoast.com/wordpress/plugins/seo/ -->
<title>Une plateforme de covoiturage pour les collaborateurs</title>
<meta name="description" content="Agir au quotidien, c&#039;est &quot;Contribuer à une transformation durable de nos organisations&quot;, l&#039;un des 4 chantiers majeurs engagé en 2023" />
<meta name="robots" content="index, follow, max-snippet:-1, max-image-preview:large, max-video-preview:-1" />
<link rel="canonical" href="https://caf-rapport-activite.fr/caf16-2023/temp-fort/lancement-de-votre-nouvelle-application-covoiturage/" />
<meta property="og:locale" content="fr_FR" />
<meta property="og:type" content="article" />
<meta property="og:title" content="Une plateforme de covoiturage pour les collaborateurs" />
<meta property="og:description" content="Agir au quotidien, c&#039;est &quot;Contribuer à une transformation durable de nos organisations&quot;, l&#039;un des 4 chantiers majeurs engagé en 2023" />
<meta property="og:url" content="https://caf-rapport-activite.fr/caf16-2023/temp-fort/lancement-de-votre-nouvelle-application-covoiturage/" />
<meta property="og:site_name" content="Caf16 - 2023" />
<meta property="article:modified_time" content="2024-05-27T08:43:34+00:00" />
<meta property="og:image" content="https://caf-rapport-activite.fr/caf16-2023/wp-content/uploads/sites/14/2024/05/2023.TempsForts-Covoiturage.png" />
	<meta property="og:image:width" content="1664" />
	<meta property="og:image:height" content="979" />
	<meta property="og:image:type" content="image/png" />
<meta name="twitter:card" content="summary_large_image" />
<meta name="twitter:label1" content="Durée de lecture estimée" />
	<meta name="twitter:data1" content="1 minute" />
<script type="application/ld+json" class="yoast-schema-graph">{"@context":"https://schema.org","@graph":[{"@type":"WebPage","@id":"https://caf-rapport-activite.fr/caf16-2023/temp-fort/lancement-de-votre-nouvelle-application-covoiturage/","url":"https://caf-rapport-activite.fr/caf16-2023/temp-fort/lancement-de-votre-nouvelle-application-covoiturage/","name":"Une plateforme de covoiturage pour les collaborateurs","isPartOf":{"@id":"https://caf-rapport-activite.fr/caf16-2023/#website"},"datePublished":"2023-01-16T09:30:00+00:00","dateModified":"2024-05-27T08:43:34+00:00","description":"Agir au quotidien, c'est \"Contribuer à une transformation durable de nos organisations\", l'un des 4 chantiers majeurs engagé en 2023","breadcrumb":{"@id":"https://caf-rapport-activite.fr/caf16-2023/temp-fort/lancement-de-votre-nouvelle-application-covoiturage/#breadcrumb"},"inLanguage":"fr-FR","potentialAction":[{"@type":"ReadAction","target":["https://caf-rapport-activite.fr/caf16-2023/temp-fort/lancement-de-votre-nouvelle-application-covoiturage/"]}]},{"@type":"BreadcrumbList","@id":"https://caf-rapport-activite.fr/caf16-2023/temp-fort/lancement-de-votre-nouvelle-application-covoiturage/#breadcrumb","itemListElement":[{"@type":"ListItem","position":1,"name":"Accueil","item":"https://caf-rapport-activite.fr/caf16-2023/"},{"@type":"ListItem","position":2,"name":"Temps forts","item":"https://caf-rapport-activite.fr/caf16-2023/temp-fort/"},{"@type":"ListItem","position":3,"name":"Une plateforme de covoiturage pour les collaborateurs"}]},{"@type":"WebSite","@id":"https://caf-rapport-activite.fr/caf16-2023/#website","url":"https://caf-rapport-activite.fr/caf16-2023/","name":"Caf16 - 2023","description":"","potentialAction":[{"@type":"SearchAction","target":{"@type":"EntryPoint","urlTemplate":"https://caf-rapport-activite.fr/caf16-2023/?s={search_term_string}"},"query-input":"required name=search_term_string"}],"inLanguage":"fr-FR"}]}</script>
<!-- / Yoast SEO plugin. -->

Agir au quotidien, c'est "Contribuer à une transformation durable de nos organisations", l'un des 4 chantiers majeurs engagé en 2023
